{"id":6310,"date":"2024-04-03T12:38:13","date_gmt":"2024-04-03T10:38:13","guid":{"rendered":"http:\/\/bedrock.local\/born-to-lift\/sustentabilidade\/"},"modified":"2025-02-03T18:17:14","modified_gmt":"2025-02-03T17:17:14","slug":"sustentabilidade","status":"publish","type":"page","link":"https:\/\/www.omis.net\/pt-pt\/born-to-lift\/sustentabilidade\/","title":{"rendered":"Sustentabilidade"},"content":{"rendered":"","protected":false},"excerpt":{"rendered":"","protected":false},"author":2,"featured_media":0,"parent":5942,"menu_order":0,"comment_status":"closed","ping_status":"closed","template":"templates\/template-sostenibilita.php","meta":{"_acf_changed":false,"footnotes":""},"class_list":["post-6310","page","type-page","status-publish","hentry"],"acf":{"seo_title":"Sustentabilidade: Recursos, ideias e energia em dire\u00e7\u00e3o a um futuro melhor. | OMIS ","seo_description":"A OMIS est\u00e1 comprometida com a sustentabilidade e a seguran\u00e7a, respeitando o meio ambiente e o bem-estar das pessoas. Nossa cultura promove a \u00e9tica, a diversidade e a inclus\u00e3o, tornando o manuseio de materiais pesados mais seguro e sustent\u00e1vel e reduzindo o impacto ecol\u00f3gico de nossas atividades. "},"yoast_head":"<!-- This site is optimized with the Yoast SEO plugin v23.9 - https:\/\/yoast.com\/wordpress\/plugins\/seo\/ -->\n<title>Sustentabilidade: Recursos, ideias e energia em dire\u00e7\u00e3o a um futuro melhor. | OMIS<\/title>\n<meta name=\"description\" content=\"A OMIS est\u00e1 comprometida com a sustentabilidade e a seguran\u00e7a, respeitando o meio ambiente e o bem-estar das pessoas. Nossa cultura promove a \u00e9tica, a diversidade e a inclus\u00e3o, tornando o manuseio de materiais pesados mais seguro e sustent\u00e1vel e reduzindo o impacto ecol\u00f3gico de nossas atividades.\" \/>\n<meta name=\"robots\" content=\"index, follow, max-snippet:-1, max-image-preview:large, max-video-preview:-1\" \/>\n<meta property=\"og:locale\" content=\"pt_PT\" \/>\n<meta property=\"og:type\" content=\"article\" \/>\n<meta property=\"og:title\" content=\"Sustentabilidade: Recursos, ideias e energia em dire\u00e7\u00e3o a um futuro melhor. | OMIS\" \/>\n<meta property=\"og:description\" content=\"A OMIS est\u00e1 comprometida com a sustentabilidade e a seguran\u00e7a, respeitando o meio ambiente e o bem-estar das pessoas. Nossa cultura promove a \u00e9tica, a diversidade e a inclus\u00e3o, tornando o manuseio de materiais pesados mais seguro e sustent\u00e1vel e reduzindo o impacto ecol\u00f3gico de nossas atividades.\" \/>\n<meta property=\"og:url\" content=\"https:\/\/www.omis.net\/pt-pt\/born-to-lift\/sustentabilidade\/\" \/>\n<meta property=\"og:site_name\" content=\"Omis Spa\" \/>\n<meta property=\"article:publisher\" content=\"https:\/\/www.facebook.com\/omisgroup\" \/>\n<meta property=\"article:modified_time\" content=\"2025-02-03T17:17:14+00:00\" \/>\n<meta name=\"twitter:card\" content=\"summary_large_image\" \/>\n<script type=\"application\/ld+json\" class=\"yoast-schema-graph\">{\"@context\":\"https:\/\/schema.org\",\"@graph\":[{\"@type\":\"WebPage\",\"@id\":\"https:\/\/www.omis.net\/pt-pt\/born-to-lift\/sustentabilidade\/\",\"url\":\"https:\/\/www.omis.net\/pt-pt\/born-to-lift\/sustentabilidade\/\",\"name\":\"Sustentabilidade: Recursos, ideias e energia em dire\u00e7\u00e3o a um futuro melhor. | OMIS\",\"isPartOf\":{\"@id\":\"https:\/\/www.omis.net\/it-it\/#website\"},\"datePublished\":\"2024-04-03T10:38:13+00:00\",\"dateModified\":\"2025-02-03T17:17:14+00:00\",\"description\":\"A OMIS est\u00e1 comprometida com a sustentabilidade e a seguran\u00e7a, respeitando o meio ambiente e o bem-estar das pessoas. Nossa cultura promove a \u00e9tica, a diversidade e a inclus\u00e3o, tornando o manuseio de materiais pesados mais seguro e sustent\u00e1vel e reduzindo o impacto ecol\u00f3gico de nossas atividades.\",\"breadcrumb\":{\"@id\":\"https:\/\/www.omis.net\/pt-pt\/born-to-lift\/sustentabilidade\/#breadcrumb\"},\"inLanguage\":\"pt-pt\",\"potentialAction\":[{\"@type\":\"ReadAction\",\"target\":[\"https:\/\/www.omis.net\/pt-pt\/born-to-lift\/sustentabilidade\/\"]}]},{\"@type\":\"BreadcrumbList\",\"@id\":\"https:\/\/www.omis.net\/pt-pt\/born-to-lift\/sustentabilidade\/#breadcrumb\",\"itemListElement\":[{\"@type\":\"ListItem\",\"position\":1,\"name\":\"Home\",\"item\":\"https:\/\/www.omis.net\/pt-pt\/pagina-inicial\/\"},{\"@type\":\"ListItem\",\"position\":2,\"name\":\"Born to lift\",\"item\":\"https:\/\/www.omis.net\/pt-pt\/born-to-lift\/\"},{\"@type\":\"ListItem\",\"position\":3,\"name\":\"Sustentabilidade\"}]},{\"@type\":\"WebSite\",\"@id\":\"https:\/\/www.omis.net\/it-it\/#website\",\"url\":\"https:\/\/www.omis.net\/it-it\/\",\"name\":\"Omis Spa\",\"description\":\"Movimentazione e sollevamento\",\"publisher\":{\"@id\":\"https:\/\/www.omis.net\/it-it\/#organization\"},\"potentialAction\":[{\"@type\":\"SearchAction\",\"target\":{\"@type\":\"EntryPoint\",\"urlTemplate\":\"https:\/\/www.omis.net\/it-it\/?s={search_term_string}\"},\"query-input\":{\"@type\":\"PropertyValueSpecification\",\"valueRequired\":true,\"valueName\":\"search_term_string\"}}],\"inLanguage\":\"pt-pt\"},{\"@type\":\"Organization\",\"@id\":\"https:\/\/www.omis.net\/it-it\/#organization\",\"name\":\"Omis Spa\",\"url\":\"https:\/\/www.omis.net\/it-it\/\",\"logo\":{\"@type\":\"ImageObject\",\"inLanguage\":\"pt-pt\",\"@id\":\"https:\/\/www.omis.net\/it-it\/#\/schema\/logo\/image\/\",\"url\":\"https:\/\/media.omis.net\/media\/2024\/08\/logo.jpg\",\"contentUrl\":\"https:\/\/media.omis.net\/media\/2024\/08\/logo.jpg\",\"width\":300,\"height\":300,\"caption\":\"Omis Spa\"},\"image\":{\"@id\":\"https:\/\/www.omis.net\/it-it\/#\/schema\/logo\/image\/\"},\"sameAs\":[\"https:\/\/www.facebook.com\/omisgroup\",\"https:\/\/www.linkedin.com\/company\/omis-group\",\"https:\/\/www.youtube.com\/channel\/UCS4L59XDk3kKBI9MnjuxWDw\",\"https:\/\/www.instagram.com\/omisgroup\"]}]}<\/script>\n<!-- \/ Yoast SEO plugin. -->","yoast_head_json":{"title":"Sustentabilidade: Recursos, ideias e energia em dire\u00e7\u00e3o a um futuro melhor. | OMIS","description":"A OMIS est\u00e1 comprometida com a sustentabilidade e a seguran\u00e7a, respeitando o meio ambiente e o bem-estar das pessoas. Nossa cultura promove a \u00e9tica, a diversidade e a inclus\u00e3o, tornando o manuseio de materiais pesados mais seguro e sustent\u00e1vel e reduzindo o impacto ecol\u00f3gico de nossas atividades.","robots":{"index":"index","follow":"follow","max-snippet":"max-snippet:-1","max-image-preview":"max-image-preview:large","max-video-preview":"max-video-preview:-1"},"og_locale":"pt_PT","og_type":"article","og_title":"Sustentabilidade: Recursos, ideias e energia em dire\u00e7\u00e3o a um futuro melhor. | OMIS","og_description":"A OMIS est\u00e1 comprometida com a sustentabilidade e a seguran\u00e7a, respeitando o meio ambiente e o bem-estar das pessoas. Nossa cultura promove a \u00e9tica, a diversidade e a inclus\u00e3o, tornando o manuseio de materiais pesados mais seguro e sustent\u00e1vel e reduzindo o impacto ecol\u00f3gico de nossas atividades.","og_url":"https:\/\/www.omis.net\/pt-pt\/born-to-lift\/sustentabilidade\/","og_site_name":"Omis Spa","article_publisher":"https:\/\/www.facebook.com\/omisgroup","article_modified_time":"2025-02-03T17:17:14+00:00","twitter_card":"summary_large_image","schema":{"@context":"https:\/\/schema.org","@graph":[{"@type":"WebPage","@id":"https:\/\/www.omis.net\/pt-pt\/born-to-lift\/sustentabilidade\/","url":"https:\/\/www.omis.net\/pt-pt\/born-to-lift\/sustentabilidade\/","name":"Sustentabilidade: Recursos, ideias e energia em dire\u00e7\u00e3o a um futuro melhor. | OMIS","isPartOf":{"@id":"https:\/\/www.omis.net\/it-it\/#website"},"datePublished":"2024-04-03T10:38:13+00:00","dateModified":"2025-02-03T17:17:14+00:00","description":"A OMIS est\u00e1 comprometida com a sustentabilidade e a seguran\u00e7a, respeitando o meio ambiente e o bem-estar das pessoas. Nossa cultura promove a \u00e9tica, a diversidade e a inclus\u00e3o, tornando o manuseio de materiais pesados mais seguro e sustent\u00e1vel e reduzindo o impacto ecol\u00f3gico de nossas atividades.","breadcrumb":{"@id":"https:\/\/www.omis.net\/pt-pt\/born-to-lift\/sustentabilidade\/#breadcrumb"},"inLanguage":"pt-pt","potentialAction":[{"@type":"ReadAction","target":["https:\/\/www.omis.net\/pt-pt\/born-to-lift\/sustentabilidade\/"]}]},{"@type":"BreadcrumbList","@id":"https:\/\/www.omis.net\/pt-pt\/born-to-lift\/sustentabilidade\/#breadcrumb","itemListElement":[{"@type":"ListItem","position":1,"name":"Home","item":"https:\/\/www.omis.net\/pt-pt\/pagina-inicial\/"},{"@type":"ListItem","position":2,"name":"Born to lift","item":"https:\/\/www.omis.net\/pt-pt\/born-to-lift\/"},{"@type":"ListItem","position":3,"name":"Sustentabilidade"}]},{"@type":"WebSite","@id":"https:\/\/www.omis.net\/it-it\/#website","url":"https:\/\/www.omis.net\/it-it\/","name":"Omis Spa","description":"Movimentazione e sollevamento","publisher":{"@id":"https:\/\/www.omis.net\/it-it\/#organization"},"potentialAction":[{"@type":"SearchAction","target":{"@type":"EntryPoint","urlTemplate":"https:\/\/www.omis.net\/it-it\/?s={search_term_string}"},"query-input":{"@type":"PropertyValueSpecification","valueRequired":true,"valueName":"search_term_string"}}],"inLanguage":"pt-pt"},{"@type":"Organization","@id":"https:\/\/www.omis.net\/it-it\/#organization","name":"Omis Spa","url":"https:\/\/www.omis.net\/it-it\/","logo":{"@type":"ImageObject","inLanguage":"pt-pt","@id":"https:\/\/www.omis.net\/it-it\/#\/schema\/logo\/image\/","url":"https:\/\/media.omis.net\/media\/2024\/08\/logo.jpg","contentUrl":"https:\/\/media.omis.net\/media\/2024\/08\/logo.jpg","width":300,"height":300,"caption":"Omis Spa"},"image":{"@id":"https:\/\/www.omis.net\/it-it\/#\/schema\/logo\/image\/"},"sameAs":["https:\/\/www.facebook.com\/omisgroup","https:\/\/www.linkedin.com\/company\/omis-group","https:\/\/www.youtube.com\/channel\/UCS4L59XDk3kKBI9MnjuxWDw","https:\/\/www.instagram.com\/omisgroup"]}]}},"_links":{"self":[{"href":"https:\/\/www.omis.net\/pt-pt\/wp-json\/wp\/v2\/pages\/6310"}],"collection":[{"href":"https:\/\/www.omis.net\/pt-pt\/wp-json\/wp\/v2\/pages"}],"about":[{"href":"https:\/\/www.omis.net\/pt-pt\/wp-json\/wp\/v2\/types\/page"}],"author":[{"embeddable":true,"href":"https:\/\/www.omis.net\/pt-pt\/wp-json\/wp\/v2\/users\/2"}],"replies":[{"embeddable":true,"href":"https:\/\/www.omis.net\/pt-pt\/wp-json\/wp\/v2\/comments?post=6310"}],"version-history":[{"count":4,"href":"https:\/\/www.omis.net\/pt-pt\/wp-json\/wp\/v2\/pages\/6310\/revisions"}],"predecessor-version":[{"id":17177,"href":"https:\/\/www.omis.net\/pt-pt\/wp-json\/wp\/v2\/pages\/6310\/revisions\/17177"}],"up":[{"embeddable":true,"href":"https:\/\/www.omis.net\/pt-pt\/wp-json\/wp\/v2\/pages\/5942"}],"wp:attachment":[{"href":"https:\/\/www.omis.net\/pt-pt\/wp-json\/wp\/v2\/media?parent=6310"}],"curies":[{"name":"wp","href":"https:\/\/api.w.org\/{rel}","templated":true}]}}

Sustentabilidade: Recursos, ideias e energia em direção a um futuro melhor. | OMIS

A OMIS está comprometida com a sustentabilidade e a segurança, respeitando o meio ambiente e o bem-estar das pessoas. Nossa cultura promove a ética, a diversidade e a inclusão, tornando o manuseio de materiais pesados mais seguro e sustentável e reduzindo o impacto ecológico de nossas atividades.

<!-- This site is optimized with the Yoast SEO plugin v23.9 - https://yoast.com/wordpress/plugins/seo/ -->
<title>Sustentabilidade: Recursos, ideias e energia em direção a um futuro melhor. | OMIS</title>
<meta name="description" content="A OMIS está comprometida com a sustentabilidade e a segurança, respeitando o meio ambiente e o bem-estar das pessoas. Nossa cultura promove a ética, a diversidade e a inclusão, tornando o manuseio de materiais pesados mais seguro e sustentável e reduzindo o impacto ecológico de nossas atividades." />
<meta name="robots" content="index, follow, max-snippet:-1, max-image-preview:large, max-video-preview:-1" />
<meta property="og:locale" content="pt_PT" />
<meta property="og:type" content="article" />
<meta property="og:title" content="Sustentabilidade: Recursos, ideias e energia em direção a um futuro melhor. | OMIS" />
<meta property="og:description" content="A OMIS está comprometida com a sustentabilidade e a segurança, respeitando o meio ambiente e o bem-estar das pessoas. Nossa cultura promove a ética, a diversidade e a inclusão, tornando o manuseio de materiais pesados mais seguro e sustentável e reduzindo o impacto ecológico de nossas atividades." />
<meta property="og:url" content="https://www.omis.net/pt-pt/born-to-lift/sustentabilidade/" />
<meta property="og:site_name" content="Omis Spa" />
<meta property="article:publisher" content="https://www.facebook.com/omisgroup" />
<meta property="article:modified_time" content="2025-02-03T17:17:14+00:00" />
<meta name="twitter:card" content="summary_large_image" />
<script type="application/ld+json" class="yoast-schema-graph">{"@context":"https://schema.org","@graph":[{"@type":"WebPage","@id":"https://www.omis.net/pt-pt/born-to-lift/sustentabilidade/","url":"https://www.omis.net/pt-pt/born-to-lift/sustentabilidade/","name":"Sustentabilidade: Recursos, ideias e energia em direção a um futuro melhor. | OMIS","isPartOf":{"@id":"https://www.omis.net/it-it/#website"},"datePublished":"2024-04-03T10:38:13+00:00","dateModified":"2025-02-03T17:17:14+00:00","description":"A OMIS está comprometida com a sustentabilidade e a segurança, respeitando o meio ambiente e o bem-estar das pessoas. Nossa cultura promove a ética, a diversidade e a inclusão, tornando o manuseio de materiais pesados mais seguro e sustentável e reduzindo o impacto ecológico de nossas atividades.","breadcrumb":{"@id":"https://www.omis.net/pt-pt/born-to-lift/sustentabilidade/#breadcrumb"},"inLanguage":"pt-pt","potentialAction":[{"@type":"ReadAction","target":["https://www.omis.net/pt-pt/born-to-lift/sustentabilidade/"]}]},{"@type":"BreadcrumbList","@id":"https://www.omis.net/pt-pt/born-to-lift/sustentabilidade/#breadcrumb","itemListElement":[{"@type":"ListItem","position":1,"name":"Home","item":"https://www.omis.net/pt-pt/pagina-inicial/"},{"@type":"ListItem","position":2,"name":"Born to lift","item":"https://www.omis.net/pt-pt/born-to-lift/"},{"@type":"ListItem","position":3,"name":"Sustentabilidade"}]},{"@type":"WebSite","@id":"https://www.omis.net/it-it/#website","url":"https://www.omis.net/it-it/","name":"Omis Spa","description":"Movimentazione e sollevamento","publisher":{"@id":"https://www.omis.net/it-it/#organization"},"potentialAction":[{"@type":"SearchAction","target":{"@type":"EntryPoint","urlTemplate":"https://www.omis.net/it-it/?s={search_term_string}"},"query-input":{"@type":"PropertyValueSpecification","valueRequired":true,"valueName":"search_term_string"}}],"inLanguage":"pt-pt"},{"@type":"Organization","@id":"https://www.omis.net/it-it/#organization","name":"Omis Spa","url":"https://www.omis.net/it-it/","logo":{"@type":"ImageObject","inLanguage":"pt-pt","@id":"https://www.omis.net/it-it/#/schema/logo/image/","url":"https://media.omis.net/media/2024/08/logo.jpg","contentUrl":"https://media.omis.net/media/2024/08/logo.jpg","width":300,"height":300,"caption":"Omis Spa"},"image":{"@id":"https://www.omis.net/it-it/#/schema/logo/image/"},"sameAs":["https://www.facebook.com/omisgroup","https://www.linkedin.com/company/omis-group","https://www.youtube.com/channel/UCS4L59XDk3kKBI9MnjuxWDw","https://www.instagram.com/omisgroup"]}]}</script>
<!-- / Yoast SEO plugin. -->
