{"id":5211,"date":"2024-11-04T09:07:50","date_gmt":"2024-11-04T08:07:50","guid":{"rendered":"http:\/\/bedrock.local\/faq\/qual-e-a-diferenca-entre-um-braco-giratorio-com-plataforma-ou-com-coluna\/"},"modified":"2024-11-04T15:57:46","modified_gmt":"2024-11-04T14:57:46","slug":"qual-e-a-diferenca-entre-um-braco-giratorio-com-plataforma-ou-com-coluna","status":"publish","type":"faq","link":"https:\/\/www.omis.net\/pt-pt\/faq\/qual-e-a-diferenca-entre-um-braco-giratorio-com-plataforma-ou-com-coluna\/","title":{"rendered":"Qual \u00e9 a diferen\u00e7a entre um bra\u00e7o girat\u00f3rio com plataforma ou com coluna?"},"content":{"rendered":"<p>A diferen\u00e7a est\u00e1 no m\u00e9todo de fixa\u00e7\u00e3o. Os guindastes de plataforma s\u00e3o ancorados por meio de um suporte fixado em um pilar do galp\u00e3o, enquanto os guindastes de coluna s\u00e3o fixados no piso por meio de uma coluna com uma placa de base.<\/p>","protected":false},"excerpt":{"rendered":"<p>A diferen\u00e7a est\u00e1 no m\u00e9todo de fixa\u00e7\u00e3o. Os guindastes de plataforma s\u00e3o ancorados por meio de um suporte fixado em um pilar do galp\u00e3o, enquanto os guindastes de coluna s\u00e3o fixados no piso por meio de uma coluna com uma placa de base.<\/p>\n","protected":false},"featured_media":0,"parent":0,"template":"","argomento-faq":[633],"class_list":["post-5211","faq","type-faq","status-publish","hentry","argomento-faq-braco-giratorio"],"acf":{"import_csv_id":"100","seo_title":"Qual \u00e9 a diferen\u00e7a entre um bra\u00e7o girat\u00f3rio com plataforma ou com coluna? | OMIS","seo_description":"Os guindastes de plataforma s\u00e3o ancorados nos pilares do galp\u00e3o, enquanto os guindastes de coluna s\u00e3o fixados no piso com uma placa de base. Saiba mais."},"yoast_head":"<!-- This site is optimized with the Yoast SEO plugin v23.9 - https:\/\/yoast.com\/wordpress\/plugins\/seo\/ -->\n<title>Qual \u00e9 a diferen\u00e7a entre um bra\u00e7o girat\u00f3rio com plataforma ou com coluna? | OMIS<\/title>\n<meta name=\"description\" content=\"Os guindastes de plataforma s\u00e3o ancorados nos pilares do galp\u00e3o, enquanto os guindastes de coluna s\u00e3o fixados no piso com uma placa de base. Saiba mais.\" \/>\n<meta name=\"robots\" content=\"index, follow, max-snippet:-1, max-image-preview:large, max-video-preview:-1\" \/>\n<meta property=\"og:locale\" content=\"pt_PT\" \/>\n<meta property=\"og:type\" content=\"article\" \/>\n<meta property=\"og:title\" content=\"Qual \u00e9 a diferen\u00e7a entre um bra\u00e7o girat\u00f3rio com plataforma ou com coluna? | OMIS\" \/>\n<meta property=\"og:description\" content=\"Os guindastes de plataforma s\u00e3o ancorados nos pilares do galp\u00e3o, enquanto os guindastes de coluna s\u00e3o fixados no piso com uma placa de base. Saiba mais.\" \/>\n<meta property=\"og:url\" content=\"https:\/\/www.omis.net\/pt-pt\/faq\/qual-e-a-diferenca-entre-um-braco-giratorio-com-plataforma-ou-com-coluna\/\" \/>\n<meta property=\"og:site_name\" content=\"Omis Spa\" \/>\n<meta property=\"article:publisher\" content=\"https:\/\/www.facebook.com\/omisgroup\" \/>\n<meta property=\"article:modified_time\" content=\"2024-11-04T14:57:46+00:00\" \/>\n<meta name=\"twitter:card\" content=\"summary_large_image\" \/>\n<script type=\"application\/ld+json\" class=\"yoast-schema-graph\">{\"@context\":\"https:\/\/schema.org\",\"@graph\":[{\"@type\":[\"WebPage\",\"FAQPage\"],\"@id\":\"https:\/\/www.omis.net\/pt-pt\/faq\/qual-e-a-diferenca-entre-um-braco-giratorio-com-plataforma-ou-com-coluna\/\",\"url\":\"https:\/\/www.omis.net\/pt-pt\/faq\/qual-e-a-diferenca-entre-um-braco-giratorio-com-plataforma-ou-com-coluna\/\",\"name\":\"Qual \u00e9 a diferen\u00e7a entre um bra\u00e7o girat\u00f3rio com plataforma ou com coluna? | OMIS\",\"isPartOf\":{\"@id\":\"https:\/\/www.omis.net\/it-it\/#website\"},\"datePublished\":\"2024-11-04T08:07:50+00:00\",\"dateModified\":\"2024-11-04T14:57:46+00:00\",\"description\":\"Os guindastes de plataforma s\u00e3o ancorados nos pilares do galp\u00e3o, enquanto os guindastes de coluna s\u00e3o fixados no piso com uma placa de base. Saiba mais.\",\"breadcrumb\":{\"@id\":\"https:\/\/www.omis.net\/pt-pt\/faq\/qual-e-a-diferenca-entre-um-braco-giratorio-com-plataforma-ou-com-coluna\/#breadcrumb\"},\"inLanguage\":\"pt-pt\",\"potentialAction\":[{\"@type\":\"ReadAction\",\"target\":[\"https:\/\/www.omis.net\/pt-pt\/faq\/qual-e-a-diferenca-entre-um-braco-giratorio-com-plataforma-ou-com-coluna\/\"]}]},{\"@type\":\"BreadcrumbList\",\"@id\":\"https:\/\/www.omis.net\/pt-pt\/faq\/qual-e-a-diferenca-entre-um-braco-giratorio-com-plataforma-ou-com-coluna\/#breadcrumb\",\"itemListElement\":[{\"@type\":\"ListItem\",\"position\":1,\"name\":\"Home\",\"item\":\"https:\/\/www.omis.net\/pt-pt\/pagina-inicial\/\"},{\"@type\":\"ListItem\",\"position\":2,\"name\":\"Qual \u00e9 a diferen\u00e7a entre um bra\u00e7o girat\u00f3rio com plataforma ou com coluna?\"}]},{\"@type\":\"WebSite\",\"@id\":\"https:\/\/www.omis.net\/it-it\/#website\",\"url\":\"https:\/\/www.omis.net\/it-it\/\",\"name\":\"Omis Spa\",\"description\":\"Movimentazione e sollevamento\",\"publisher\":{\"@id\":\"https:\/\/www.omis.net\/it-it\/#organization\"},\"potentialAction\":[{\"@type\":\"SearchAction\",\"target\":{\"@type\":\"EntryPoint\",\"urlTemplate\":\"https:\/\/www.omis.net\/it-it\/?s={search_term_string}\"},\"query-input\":{\"@type\":\"PropertyValueSpecification\",\"valueRequired\":true,\"valueName\":\"search_term_string\"}}],\"inLanguage\":\"pt-pt\"},{\"@type\":\"Organization\",\"@id\":\"https:\/\/www.omis.net\/it-it\/#organization\",\"name\":\"Omis Spa\",\"url\":\"https:\/\/www.omis.net\/it-it\/\",\"logo\":{\"@type\":\"ImageObject\",\"inLanguage\":\"pt-pt\",\"@id\":\"https:\/\/www.omis.net\/it-it\/#\/schema\/logo\/image\/\",\"url\":\"https:\/\/media.omis.net\/media\/2024\/08\/logo.jpg\",\"contentUrl\":\"https:\/\/media.omis.net\/media\/2024\/08\/logo.jpg\",\"width\":300,\"height\":300,\"caption\":\"Omis Spa\"},\"image\":{\"@id\":\"https:\/\/www.omis.net\/it-it\/#\/schema\/logo\/image\/\"},\"sameAs\":[\"https:\/\/www.facebook.com\/omisgroup\",\"https:\/\/www.linkedin.com\/company\/omis-group\",\"https:\/\/www.youtube.com\/channel\/UCS4L59XDk3kKBI9MnjuxWDw\",\"https:\/\/www.instagram.com\/omisgroup\"]}]}<\/script>\n<!-- \/ Yoast SEO plugin. -->","yoast_head_json":{"title":"Qual \u00e9 a diferen\u00e7a entre um bra\u00e7o girat\u00f3rio com plataforma ou com coluna? | OMIS","description":"Os guindastes de plataforma s\u00e3o ancorados nos pilares do galp\u00e3o, enquanto os guindastes de coluna s\u00e3o fixados no piso com uma placa de base. Saiba mais.","robots":{"index":"index","follow":"follow","max-snippet":"max-snippet:-1","max-image-preview":"max-image-preview:large","max-video-preview":"max-video-preview:-1"},"og_locale":"pt_PT","og_type":"article","og_title":"Qual \u00e9 a diferen\u00e7a entre um bra\u00e7o girat\u00f3rio com plataforma ou com coluna? | OMIS","og_description":"Os guindastes de plataforma s\u00e3o ancorados nos pilares do galp\u00e3o, enquanto os guindastes de coluna s\u00e3o fixados no piso com uma placa de base. Saiba mais.","og_url":"https:\/\/www.omis.net\/pt-pt\/faq\/qual-e-a-diferenca-entre-um-braco-giratorio-com-plataforma-ou-com-coluna\/","og_site_name":"Omis Spa","article_publisher":"https:\/\/www.facebook.com\/omisgroup","article_modified_time":"2024-11-04T14:57:46+00:00","twitter_card":"summary_large_image","schema":{"@context":"https:\/\/schema.org","@graph":[{"@type":["WebPage","FAQPage"],"@id":"https:\/\/www.omis.net\/pt-pt\/faq\/qual-e-a-diferenca-entre-um-braco-giratorio-com-plataforma-ou-com-coluna\/","url":"https:\/\/www.omis.net\/pt-pt\/faq\/qual-e-a-diferenca-entre-um-braco-giratorio-com-plataforma-ou-com-coluna\/","name":"Qual \u00e9 a diferen\u00e7a entre um bra\u00e7o girat\u00f3rio com plataforma ou com coluna? | OMIS","isPartOf":{"@id":"https:\/\/www.omis.net\/it-it\/#website"},"datePublished":"2024-11-04T08:07:50+00:00","dateModified":"2024-11-04T14:57:46+00:00","description":"Os guindastes de plataforma s\u00e3o ancorados nos pilares do galp\u00e3o, enquanto os guindastes de coluna s\u00e3o fixados no piso com uma placa de base. Saiba mais.","breadcrumb":{"@id":"https:\/\/www.omis.net\/pt-pt\/faq\/qual-e-a-diferenca-entre-um-braco-giratorio-com-plataforma-ou-com-coluna\/#breadcrumb"},"inLanguage":"pt-pt","potentialAction":[{"@type":"ReadAction","target":["https:\/\/www.omis.net\/pt-pt\/faq\/qual-e-a-diferenca-entre-um-braco-giratorio-com-plataforma-ou-com-coluna\/"]}]},{"@type":"BreadcrumbList","@id":"https:\/\/www.omis.net\/pt-pt\/faq\/qual-e-a-diferenca-entre-um-braco-giratorio-com-plataforma-ou-com-coluna\/#breadcrumb","itemListElement":[{"@type":"ListItem","position":1,"name":"Home","item":"https:\/\/www.omis.net\/pt-pt\/pagina-inicial\/"},{"@type":"ListItem","position":2,"name":"Qual \u00e9 a diferen\u00e7a entre um bra\u00e7o girat\u00f3rio com plataforma ou com coluna?"}]},{"@type":"WebSite","@id":"https:\/\/www.omis.net\/it-it\/#website","url":"https:\/\/www.omis.net\/it-it\/","name":"Omis Spa","description":"Movimentazione e sollevamento","publisher":{"@id":"https:\/\/www.omis.net\/it-it\/#organization"},"potentialAction":[{"@type":"SearchAction","target":{"@type":"EntryPoint","urlTemplate":"https:\/\/www.omis.net\/it-it\/?s={search_term_string}"},"query-input":{"@type":"PropertyValueSpecification","valueRequired":true,"valueName":"search_term_string"}}],"inLanguage":"pt-pt"},{"@type":"Organization","@id":"https:\/\/www.omis.net\/it-it\/#organization","name":"Omis Spa","url":"https:\/\/www.omis.net\/it-it\/","logo":{"@type":"ImageObject","inLanguage":"pt-pt","@id":"https:\/\/www.omis.net\/it-it\/#\/schema\/logo\/image\/","url":"https:\/\/media.omis.net\/media\/2024\/08\/logo.jpg","contentUrl":"https:\/\/media.omis.net\/media\/2024\/08\/logo.jpg","width":300,"height":300,"caption":"Omis Spa"},"image":{"@id":"https:\/\/www.omis.net\/it-it\/#\/schema\/logo\/image\/"},"sameAs":["https:\/\/www.facebook.com\/omisgroup","https:\/\/www.linkedin.com\/company\/omis-group","https:\/\/www.youtube.com\/channel\/UCS4L59XDk3kKBI9MnjuxWDw","https:\/\/www.instagram.com\/omisgroup"]}]}},"_links":{"self":[{"href":"https:\/\/www.omis.net\/pt-pt\/wp-json\/wp\/v2\/faq\/5211"}],"collection":[{"href":"https:\/\/www.omis.net\/pt-pt\/wp-json\/wp\/v2\/faq"}],"about":[{"href":"https:\/\/www.omis.net\/pt-pt\/wp-json\/wp\/v2\/types\/faq"}],"wp:attachment":[{"href":"https:\/\/www.omis.net\/pt-pt\/wp-json\/wp\/v2\/media?parent=5211"}],"wp:term":[{"taxonomy":"argomento-faq","embeddable":true,"href":"https:\/\/www.omis.net\/pt-pt\/wp-json\/wp\/v2\/argomento-faq?post=5211"}],"curies":[{"name":"wp","href":"https:\/\/api.w.org\/{rel}","templated":true}]}}

Qual é a diferença entre um braço giratório com plataforma ou com coluna?

<p>A diferença está no método de fixação. Os guindastes de plataforma são ancorados por meio de um suporte fixado em um pilar do galpão, enquanto os guindastes de coluna são fixados no piso por meio de uma coluna com uma placa de base.</p>

Qual é a diferença entre um braço giratório com plataforma ou com coluna? | OMIS

Os guindastes de plataforma são ancorados nos pilares do galpão, enquanto os guindastes de coluna são fixados no piso com uma placa de base. Saiba mais.

<!-- This site is optimized with the Yoast SEO plugin v23.9 - https://yoast.com/wordpress/plugins/seo/ -->
<title>Qual é a diferença entre um braço giratório com plataforma ou com coluna? | OMIS</title>
<meta name="description" content="Os guindastes de plataforma são ancorados nos pilares do galpão, enquanto os guindastes de coluna são fixados no piso com uma placa de base. Saiba mais." />
<meta name="robots" content="index, follow, max-snippet:-1, max-image-preview:large, max-video-preview:-1" />
<meta property="og:locale" content="pt_PT" />
<meta property="og:type" content="article" />
<meta property="og:title" content="Qual é a diferença entre um braço giratório com plataforma ou com coluna? | OMIS" />
<meta property="og:description" content="Os guindastes de plataforma são ancorados nos pilares do galpão, enquanto os guindastes de coluna são fixados no piso com uma placa de base. Saiba mais." />
<meta property="og:url" content="https://www.omis.net/pt-pt/faq/qual-e-a-diferenca-entre-um-braco-giratorio-com-plataforma-ou-com-coluna/" />
<meta property="og:site_name" content="Omis Spa" />
<meta property="article:publisher" content="https://www.facebook.com/omisgroup" />
<meta property="article:modified_time" content="2024-11-04T14:57:46+00:00" />
<meta name="twitter:card" content="summary_large_image" />
<script type="application/ld+json" class="yoast-schema-graph">{"@context":"https://schema.org","@graph":[{"@type":["WebPage","FAQPage"],"@id":"https://www.omis.net/pt-pt/faq/qual-e-a-diferenca-entre-um-braco-giratorio-com-plataforma-ou-com-coluna/","url":"https://www.omis.net/pt-pt/faq/qual-e-a-diferenca-entre-um-braco-giratorio-com-plataforma-ou-com-coluna/","name":"Qual é a diferença entre um braço giratório com plataforma ou com coluna? | OMIS","isPartOf":{"@id":"https://www.omis.net/it-it/#website"},"datePublished":"2024-11-04T08:07:50+00:00","dateModified":"2024-11-04T14:57:46+00:00","description":"Os guindastes de plataforma são ancorados nos pilares do galpão, enquanto os guindastes de coluna são fixados no piso com uma placa de base. Saiba mais.","breadcrumb":{"@id":"https://www.omis.net/pt-pt/faq/qual-e-a-diferenca-entre-um-braco-giratorio-com-plataforma-ou-com-coluna/#breadcrumb"},"inLanguage":"pt-pt","potentialAction":[{"@type":"ReadAction","target":["https://www.omis.net/pt-pt/faq/qual-e-a-diferenca-entre-um-braco-giratorio-com-plataforma-ou-com-coluna/"]}]},{"@type":"BreadcrumbList","@id":"https://www.omis.net/pt-pt/faq/qual-e-a-diferenca-entre-um-braco-giratorio-com-plataforma-ou-com-coluna/#breadcrumb","itemListElement":[{"@type":"ListItem","position":1,"name":"Home","item":"https://www.omis.net/pt-pt/pagina-inicial/"},{"@type":"ListItem","position":2,"name":"Qual é a diferença entre um braço giratório com plataforma ou com coluna?"}]},{"@type":"WebSite","@id":"https://www.omis.net/it-it/#website","url":"https://www.omis.net/it-it/","name":"Omis Spa","description":"Movimentazione e sollevamento","publisher":{"@id":"https://www.omis.net/it-it/#organization"},"potentialAction":[{"@type":"SearchAction","target":{"@type":"EntryPoint","urlTemplate":"https://www.omis.net/it-it/?s={search_term_string}"},"query-input":{"@type":"PropertyValueSpecification","valueRequired":true,"valueName":"search_term_string"}}],"inLanguage":"pt-pt"},{"@type":"Organization","@id":"https://www.omis.net/it-it/#organization","name":"Omis Spa","url":"https://www.omis.net/it-it/","logo":{"@type":"ImageObject","inLanguage":"pt-pt","@id":"https://www.omis.net/it-it/#/schema/logo/image/","url":"https://media.omis.net/media/2024/08/logo.jpg","contentUrl":"https://media.omis.net/media/2024/08/logo.jpg","width":300,"height":300,"caption":"Omis Spa"},"image":{"@id":"https://www.omis.net/it-it/#/schema/logo/image/"},"sameAs":["https://www.facebook.com/omisgroup","https://www.linkedin.com/company/omis-group","https://www.youtube.com/channel/UCS4L59XDk3kKBI9MnjuxWDw","https://www.instagram.com/omisgroup"]}]}</script>
<!-- / Yoast SEO plugin. -->
