{"id":5155,"date":"2024-11-04T09:00:40","date_gmt":"2024-11-04T08:00:40","guid":{"rendered":"http:\/\/bedrock.local\/faq\/a-omis-produz-quadros-de-distribuicao-internamente-ou-os-adquire-de-fornecedores-externos\/"},"modified":"2024-11-04T15:49:30","modified_gmt":"2024-11-04T14:49:30","slug":"a-omis-produz-quadros-de-distribuicao-internamente-ou-os-adquire-de-fornecedores-externos","status":"publish","type":"faq","link":"https:\/\/www.omis.net\/pt-pt\/faq\/a-omis-produz-quadros-de-distribuicao-internamente-ou-os-adquire-de-fornecedores-externos\/","title":{"rendered":"A OMIS produz quadros de distribui\u00e7\u00e3o internamente ou os adquire de fornecedores externos?"},"content":{"rendered":"<p>A OMIS gerencia o processo de projeto e produ\u00e7\u00e3o de quadros de distribui\u00e7\u00e3o internamente, sem subcontrata\u00e7\u00e3o de terceiros. Isso torna poss\u00edvel oferecer uma ampla gama de pain\u00e9is de distribui\u00e7\u00e3o, em todos os tamanhos e para todos os usos, para aplica\u00e7\u00f5es padr\u00e3o e especiais. A decis\u00e3o de manter todo o processo internamente ressalta o compromisso de garantir o controle direto sobre a qualidade do produto acabado.<\/p>","protected":false},"excerpt":{"rendered":"<p>A OMIS gerencia o processo de projeto e produ\u00e7\u00e3o de quadros de distribui\u00e7\u00e3o internamente, sem subcontrata\u00e7\u00e3o de terceiros. Isso torna poss\u00edvel oferecer uma ampla gama de pain\u00e9is de distribui\u00e7\u00e3o, em todos os tamanhos e para todos os usos, para aplica\u00e7\u00f5es padr\u00e3o e especiais. A decis\u00e3o de manter todo o processo internamente ressalta o compromisso de [&hellip;]<\/p>\n","protected":false},"featured_media":0,"parent":0,"template":"","argomento-faq":[616],"class_list":["post-5155","faq","type-faq","status-publish","hentry","argomento-faq-instalacoes-e-quadros-de-distribuicao"],"acf":{"import_csv_id":"44","seo_title":"Voc\u00eas produzem os quadros de distribui\u00e7\u00e3o internamente ou os compram externamente? | OMIS","seo_description":"A OMIS gerencia o projeto e a produ\u00e7\u00e3o dos quadros de distribui\u00e7\u00e3o internamente. Isso possibilita a oferta de uma ampla variedade, em todos os tamanhos e para todos os usos, para aplica\u00e7\u00f5es padr\u00e3o e especiais. Saiba mais."},"yoast_head":"<!-- This site is optimized with the Yoast SEO plugin v23.9 - https:\/\/yoast.com\/wordpress\/plugins\/seo\/ -->\n<title>Voc\u00eas produzem os quadros de distribui\u00e7\u00e3o internamente ou os compram externamente? | OMIS<\/title>\n<meta name=\"description\" content=\"A OMIS gerencia o projeto e a produ\u00e7\u00e3o dos quadros de distribui\u00e7\u00e3o internamente. Isso possibilita a oferta de uma ampla variedade, em todos os tamanhos e para todos os usos, para aplica\u00e7\u00f5es padr\u00e3o e especiais. Saiba mais.\" \/>\n<meta name=\"robots\" content=\"index, follow, max-snippet:-1, max-image-preview:large, max-video-preview:-1\" \/>\n<meta property=\"og:locale\" content=\"pt_PT\" \/>\n<meta property=\"og:type\" content=\"article\" \/>\n<meta property=\"og:title\" content=\"Voc\u00eas produzem os quadros de distribui\u00e7\u00e3o internamente ou os compram externamente? | OMIS\" \/>\n<meta property=\"og:description\" content=\"A OMIS gerencia o projeto e a produ\u00e7\u00e3o dos quadros de distribui\u00e7\u00e3o internamente. Isso possibilita a oferta de uma ampla variedade, em todos os tamanhos e para todos os usos, para aplica\u00e7\u00f5es padr\u00e3o e especiais. Saiba mais.\" \/>\n<meta property=\"og:url\" content=\"https:\/\/www.omis.net\/pt-pt\/faq\/a-omis-produz-quadros-de-distribuicao-internamente-ou-os-adquire-de-fornecedores-externos\/\" \/>\n<meta property=\"og:site_name\" content=\"Omis Spa\" \/>\n<meta property=\"article:publisher\" content=\"https:\/\/www.facebook.com\/omisgroup\" \/>\n<meta property=\"article:modified_time\" content=\"2024-11-04T14:49:30+00:00\" \/>\n<meta name=\"twitter:card\" content=\"summary_large_image\" \/>\n<script type=\"application\/ld+json\" class=\"yoast-schema-graph\">{\"@context\":\"https:\/\/schema.org\",\"@graph\":[{\"@type\":[\"WebPage\",\"FAQPage\"],\"@id\":\"https:\/\/www.omis.net\/pt-pt\/faq\/a-omis-produz-quadros-de-distribuicao-internamente-ou-os-adquire-de-fornecedores-externos\/\",\"url\":\"https:\/\/www.omis.net\/pt-pt\/faq\/a-omis-produz-quadros-de-distribuicao-internamente-ou-os-adquire-de-fornecedores-externos\/\",\"name\":\"Voc\u00eas produzem os quadros de distribui\u00e7\u00e3o internamente ou os compram externamente? | OMIS\",\"isPartOf\":{\"@id\":\"https:\/\/www.omis.net\/it-it\/#website\"},\"datePublished\":\"2024-11-04T08:00:40+00:00\",\"dateModified\":\"2024-11-04T14:49:30+00:00\",\"description\":\"A OMIS gerencia o projeto e a produ\u00e7\u00e3o dos quadros de distribui\u00e7\u00e3o internamente. Isso possibilita a oferta de uma ampla variedade, em todos os tamanhos e para todos os usos, para aplica\u00e7\u00f5es padr\u00e3o e especiais. Saiba mais.\",\"breadcrumb\":{\"@id\":\"https:\/\/www.omis.net\/pt-pt\/faq\/a-omis-produz-quadros-de-distribuicao-internamente-ou-os-adquire-de-fornecedores-externos\/#breadcrumb\"},\"inLanguage\":\"pt-pt\",\"potentialAction\":[{\"@type\":\"ReadAction\",\"target\":[\"https:\/\/www.omis.net\/pt-pt\/faq\/a-omis-produz-quadros-de-distribuicao-internamente-ou-os-adquire-de-fornecedores-externos\/\"]}]},{\"@type\":\"BreadcrumbList\",\"@id\":\"https:\/\/www.omis.net\/pt-pt\/faq\/a-omis-produz-quadros-de-distribuicao-internamente-ou-os-adquire-de-fornecedores-externos\/#breadcrumb\",\"itemListElement\":[{\"@type\":\"ListItem\",\"position\":1,\"name\":\"Home\",\"item\":\"https:\/\/www.omis.net\/pt-pt\/pagina-inicial\/\"},{\"@type\":\"ListItem\",\"position\":2,\"name\":\"A OMIS produz quadros de distribui\u00e7\u00e3o internamente ou os adquire de fornecedores externos?\"}]},{\"@type\":\"WebSite\",\"@id\":\"https:\/\/www.omis.net\/it-it\/#website\",\"url\":\"https:\/\/www.omis.net\/it-it\/\",\"name\":\"Omis Spa\",\"description\":\"Movimentazione e sollevamento\",\"publisher\":{\"@id\":\"https:\/\/www.omis.net\/it-it\/#organization\"},\"potentialAction\":[{\"@type\":\"SearchAction\",\"target\":{\"@type\":\"EntryPoint\",\"urlTemplate\":\"https:\/\/www.omis.net\/it-it\/?s={search_term_string}\"},\"query-input\":{\"@type\":\"PropertyValueSpecification\",\"valueRequired\":true,\"valueName\":\"search_term_string\"}}],\"inLanguage\":\"pt-pt\"},{\"@type\":\"Organization\",\"@id\":\"https:\/\/www.omis.net\/it-it\/#organization\",\"name\":\"Omis Spa\",\"url\":\"https:\/\/www.omis.net\/it-it\/\",\"logo\":{\"@type\":\"ImageObject\",\"inLanguage\":\"pt-pt\",\"@id\":\"https:\/\/www.omis.net\/it-it\/#\/schema\/logo\/image\/\",\"url\":\"https:\/\/media.omis.net\/media\/2024\/08\/logo.jpg\",\"contentUrl\":\"https:\/\/media.omis.net\/media\/2024\/08\/logo.jpg\",\"width\":300,\"height\":300,\"caption\":\"Omis Spa\"},\"image\":{\"@id\":\"https:\/\/www.omis.net\/it-it\/#\/schema\/logo\/image\/\"},\"sameAs\":[\"https:\/\/www.facebook.com\/omisgroup\",\"https:\/\/www.linkedin.com\/company\/omis-group\",\"https:\/\/www.youtube.com\/channel\/UCS4L59XDk3kKBI9MnjuxWDw\",\"https:\/\/www.instagram.com\/omisgroup\"]}]}<\/script>\n<!-- \/ Yoast SEO plugin. -->","yoast_head_json":{"title":"Voc\u00eas produzem os quadros de distribui\u00e7\u00e3o internamente ou os compram externamente? | OMIS","description":"A OMIS gerencia o projeto e a produ\u00e7\u00e3o dos quadros de distribui\u00e7\u00e3o internamente. Isso possibilita a oferta de uma ampla variedade, em todos os tamanhos e para todos os usos, para aplica\u00e7\u00f5es padr\u00e3o e especiais. Saiba mais.","robots":{"index":"index","follow":"follow","max-snippet":"max-snippet:-1","max-image-preview":"max-image-preview:large","max-video-preview":"max-video-preview:-1"},"og_locale":"pt_PT","og_type":"article","og_title":"Voc\u00eas produzem os quadros de distribui\u00e7\u00e3o internamente ou os compram externamente? | OMIS","og_description":"A OMIS gerencia o projeto e a produ\u00e7\u00e3o dos quadros de distribui\u00e7\u00e3o internamente. Isso possibilita a oferta de uma ampla variedade, em todos os tamanhos e para todos os usos, para aplica\u00e7\u00f5es padr\u00e3o e especiais. Saiba mais.","og_url":"https:\/\/www.omis.net\/pt-pt\/faq\/a-omis-produz-quadros-de-distribuicao-internamente-ou-os-adquire-de-fornecedores-externos\/","og_site_name":"Omis Spa","article_publisher":"https:\/\/www.facebook.com\/omisgroup","article_modified_time":"2024-11-04T14:49:30+00:00","twitter_card":"summary_large_image","schema":{"@context":"https:\/\/schema.org","@graph":[{"@type":["WebPage","FAQPage"],"@id":"https:\/\/www.omis.net\/pt-pt\/faq\/a-omis-produz-quadros-de-distribuicao-internamente-ou-os-adquire-de-fornecedores-externos\/","url":"https:\/\/www.omis.net\/pt-pt\/faq\/a-omis-produz-quadros-de-distribuicao-internamente-ou-os-adquire-de-fornecedores-externos\/","name":"Voc\u00eas produzem os quadros de distribui\u00e7\u00e3o internamente ou os compram externamente? | OMIS","isPartOf":{"@id":"https:\/\/www.omis.net\/it-it\/#website"},"datePublished":"2024-11-04T08:00:40+00:00","dateModified":"2024-11-04T14:49:30+00:00","description":"A OMIS gerencia o projeto e a produ\u00e7\u00e3o dos quadros de distribui\u00e7\u00e3o internamente. Isso possibilita a oferta de uma ampla variedade, em todos os tamanhos e para todos os usos, para aplica\u00e7\u00f5es padr\u00e3o e especiais. Saiba mais.","breadcrumb":{"@id":"https:\/\/www.omis.net\/pt-pt\/faq\/a-omis-produz-quadros-de-distribuicao-internamente-ou-os-adquire-de-fornecedores-externos\/#breadcrumb"},"inLanguage":"pt-pt","potentialAction":[{"@type":"ReadAction","target":["https:\/\/www.omis.net\/pt-pt\/faq\/a-omis-produz-quadros-de-distribuicao-internamente-ou-os-adquire-de-fornecedores-externos\/"]}]},{"@type":"BreadcrumbList","@id":"https:\/\/www.omis.net\/pt-pt\/faq\/a-omis-produz-quadros-de-distribuicao-internamente-ou-os-adquire-de-fornecedores-externos\/#breadcrumb","itemListElement":[{"@type":"ListItem","position":1,"name":"Home","item":"https:\/\/www.omis.net\/pt-pt\/pagina-inicial\/"},{"@type":"ListItem","position":2,"name":"A OMIS produz quadros de distribui\u00e7\u00e3o internamente ou os adquire de fornecedores externos?"}]},{"@type":"WebSite","@id":"https:\/\/www.omis.net\/it-it\/#website","url":"https:\/\/www.omis.net\/it-it\/","name":"Omis Spa","description":"Movimentazione e sollevamento","publisher":{"@id":"https:\/\/www.omis.net\/it-it\/#organization"},"potentialAction":[{"@type":"SearchAction","target":{"@type":"EntryPoint","urlTemplate":"https:\/\/www.omis.net\/it-it\/?s={search_term_string}"},"query-input":{"@type":"PropertyValueSpecification","valueRequired":true,"valueName":"search_term_string"}}],"inLanguage":"pt-pt"},{"@type":"Organization","@id":"https:\/\/www.omis.net\/it-it\/#organization","name":"Omis Spa","url":"https:\/\/www.omis.net\/it-it\/","logo":{"@type":"ImageObject","inLanguage":"pt-pt","@id":"https:\/\/www.omis.net\/it-it\/#\/schema\/logo\/image\/","url":"https:\/\/media.omis.net\/media\/2024\/08\/logo.jpg","contentUrl":"https:\/\/media.omis.net\/media\/2024\/08\/logo.jpg","width":300,"height":300,"caption":"Omis Spa"},"image":{"@id":"https:\/\/www.omis.net\/it-it\/#\/schema\/logo\/image\/"},"sameAs":["https:\/\/www.facebook.com\/omisgroup","https:\/\/www.linkedin.com\/company\/omis-group","https:\/\/www.youtube.com\/channel\/UCS4L59XDk3kKBI9MnjuxWDw","https:\/\/www.instagram.com\/omisgroup"]}]}},"_links":{"self":[{"href":"https:\/\/www.omis.net\/pt-pt\/wp-json\/wp\/v2\/faq\/5155"}],"collection":[{"href":"https:\/\/www.omis.net\/pt-pt\/wp-json\/wp\/v2\/faq"}],"about":[{"href":"https:\/\/www.omis.net\/pt-pt\/wp-json\/wp\/v2\/types\/faq"}],"wp:attachment":[{"href":"https:\/\/www.omis.net\/pt-pt\/wp-json\/wp\/v2\/media?parent=5155"}],"wp:term":[{"taxonomy":"argomento-faq","embeddable":true,"href":"https:\/\/www.omis.net\/pt-pt\/wp-json\/wp\/v2\/argomento-faq?post=5155"}],"curies":[{"name":"wp","href":"https:\/\/api.w.org\/{rel}","templated":true}]}}

A OMIS produz quadros de distribuição internamente ou os adquire de fornecedores externos?

<p>A OMIS gerencia o processo de projeto e produção de quadros de distribuição internamente, sem subcontratação de terceiros. Isso torna possível oferecer uma ampla gama de painéis de distribuição, em todos os tamanhos e para todos os usos, para aplicações padrão e especiais. A decisão de manter todo o processo internamente ressalta o compromisso de garantir o controle direto sobre a qualidade do produto acabado.</p>

<p>A OMIS gerencia o processo de projeto e produção de quadros de distribuição internamente, sem subcontratação de terceiros. Isso torna possível oferecer uma ampla gama de painéis de distribuição, em todos os tamanhos e para todos os usos, para aplicações padrão e especiais. A decisão de manter todo o processo internamente ressalta o compromisso de [&hellip;]</p>

Vocês produzem os quadros de distribuição internamente ou os compram externamente? | OMIS

A OMIS gerencia o projeto e a produção dos quadros de distribuição internamente. Isso possibilita a oferta de uma ampla variedade, em todos os tamanhos e para todos os usos, para aplicações padrão e especiais. Saiba mais.

<!-- This site is optimized with the Yoast SEO plugin v23.9 - https://yoast.com/wordpress/plugins/seo/ -->
<title>Vocês produzem os quadros de distribuição internamente ou os compram externamente? | OMIS</title>
<meta name="description" content="A OMIS gerencia o projeto e a produção dos quadros de distribuição internamente. Isso possibilita a oferta de uma ampla variedade, em todos os tamanhos e para todos os usos, para aplicações padrão e especiais. Saiba mais." />
<meta name="robots" content="index, follow, max-snippet:-1, max-image-preview:large, max-video-preview:-1" />
<meta property="og:locale" content="pt_PT" />
<meta property="og:type" content="article" />
<meta property="og:title" content="Vocês produzem os quadros de distribuição internamente ou os compram externamente? | OMIS" />
<meta property="og:description" content="A OMIS gerencia o projeto e a produção dos quadros de distribuição internamente. Isso possibilita a oferta de uma ampla variedade, em todos os tamanhos e para todos os usos, para aplicações padrão e especiais. Saiba mais." />
<meta property="og:url" content="https://www.omis.net/pt-pt/faq/a-omis-produz-quadros-de-distribuicao-internamente-ou-os-adquire-de-fornecedores-externos/" />
<meta property="og:site_name" content="Omis Spa" />
<meta property="article:publisher" content="https://www.facebook.com/omisgroup" />
<meta property="article:modified_time" content="2024-11-04T14:49:30+00:00" />
<meta name="twitter:card" content="summary_large_image" />
<script type="application/ld+json" class="yoast-schema-graph">{"@context":"https://schema.org","@graph":[{"@type":["WebPage","FAQPage"],"@id":"https://www.omis.net/pt-pt/faq/a-omis-produz-quadros-de-distribuicao-internamente-ou-os-adquire-de-fornecedores-externos/","url":"https://www.omis.net/pt-pt/faq/a-omis-produz-quadros-de-distribuicao-internamente-ou-os-adquire-de-fornecedores-externos/","name":"Vocês produzem os quadros de distribuição internamente ou os compram externamente? | OMIS","isPartOf":{"@id":"https://www.omis.net/it-it/#website"},"datePublished":"2024-11-04T08:00:40+00:00","dateModified":"2024-11-04T14:49:30+00:00","description":"A OMIS gerencia o projeto e a produção dos quadros de distribuição internamente. Isso possibilita a oferta de uma ampla variedade, em todos os tamanhos e para todos os usos, para aplicações padrão e especiais. Saiba mais.","breadcrumb":{"@id":"https://www.omis.net/pt-pt/faq/a-omis-produz-quadros-de-distribuicao-internamente-ou-os-adquire-de-fornecedores-externos/#breadcrumb"},"inLanguage":"pt-pt","potentialAction":[{"@type":"ReadAction","target":["https://www.omis.net/pt-pt/faq/a-omis-produz-quadros-de-distribuicao-internamente-ou-os-adquire-de-fornecedores-externos/"]}]},{"@type":"BreadcrumbList","@id":"https://www.omis.net/pt-pt/faq/a-omis-produz-quadros-de-distribuicao-internamente-ou-os-adquire-de-fornecedores-externos/#breadcrumb","itemListElement":[{"@type":"ListItem","position":1,"name":"Home","item":"https://www.omis.net/pt-pt/pagina-inicial/"},{"@type":"ListItem","position":2,"name":"A OMIS produz quadros de distribuição internamente ou os adquire de fornecedores externos?"}]},{"@type":"WebSite","@id":"https://www.omis.net/it-it/#website","url":"https://www.omis.net/it-it/","name":"Omis Spa","description":"Movimentazione e sollevamento","publisher":{"@id":"https://www.omis.net/it-it/#organization"},"potentialAction":[{"@type":"SearchAction","target":{"@type":"EntryPoint","urlTemplate":"https://www.omis.net/it-it/?s={search_term_string}"},"query-input":{"@type":"PropertyValueSpecification","valueRequired":true,"valueName":"search_term_string"}}],"inLanguage":"pt-pt"},{"@type":"Organization","@id":"https://www.omis.net/it-it/#organization","name":"Omis Spa","url":"https://www.omis.net/it-it/","logo":{"@type":"ImageObject","inLanguage":"pt-pt","@id":"https://www.omis.net/it-it/#/schema/logo/image/","url":"https://media.omis.net/media/2024/08/logo.jpg","contentUrl":"https://media.omis.net/media/2024/08/logo.jpg","width":300,"height":300,"caption":"Omis Spa"},"image":{"@id":"https://www.omis.net/it-it/#/schema/logo/image/"},"sameAs":["https://www.facebook.com/omisgroup","https://www.linkedin.com/company/omis-group","https://www.youtube.com/channel/UCS4L59XDk3kKBI9MnjuxWDw","https://www.instagram.com/omisgroup"]}]}</script>
<!-- / Yoast SEO plugin. -->
