{"id":6295,"date":"2024-04-18T08:48:22","date_gmt":"2024-04-18T06:48:22","guid":{"rendered":"http:\/\/bedrock.local\/born-to-lift\/omis-brasile\/"},"modified":"2025-05-13T12:21:20","modified_gmt":"2025-05-13T10:21:20","slug":"omis-brasile","status":"publish","type":"page","link":"https:\/\/www.omis.net\/fr-fr\/born-to-lift\/omis-brasile\/","title":{"rendered":"OMIS Brasile"},"content":{"rendered":"","protected":false},"excerpt":{"rendered":"","protected":false},"author":2,"featured_media":0,"parent":5827,"menu_order":0,"comment_status":"closed","ping_status":"closed","template":"templates\/template-sedi-produttive.php","meta":{"_acf_changed":false,"footnotes":""},"class_list":["post-6295","page","type-page","status-publish","hentry"],"acf":{"seo_title":"OMIS Brasil. Production et distribution en Am\u00e9rique du Sud | OMIS ","seo_description":"OMIS Brasil con\u00e7oit et r\u00e9alise des installations de levage de 125 kg \u00e0 100 tonnes, avec des normes \u00e9lev\u00e9es, pour l'ensemble du continent. Notre filiale \u00e9trang\u00e8re, situ\u00e9e au c\u0153ur de l'Am\u00e9rique du Sud, r\u00e9pond aux demandes locales et vise \u00e0 renforcer notre pr\u00e9sence sur le march\u00e9 sud-am\u00e9ricain en mettant l'accent sur le respect de l'environnement. "},"yoast_head":"<!-- This site is optimized with the Yoast SEO plugin v23.9 - https:\/\/yoast.com\/wordpress\/plugins\/seo\/ -->\n<title>OMIS Brasil. Production et distribution en Am\u00e9rique du Sud | OMIS<\/title>\n<meta name=\"description\" content=\"OMIS Brasil con\u00e7oit et r\u00e9alise des installations de levage de 125 kg \u00e0 100 tonnes, avec des normes \u00e9lev\u00e9es, pour l&#039;ensemble du continent. Notre filiale \u00e9trang\u00e8re, situ\u00e9e au c\u0153ur de l&#039;Am\u00e9rique du Sud, r\u00e9pond aux demandes locales et vise \u00e0 renforcer notre pr\u00e9sence sur le march\u00e9 sud-am\u00e9ricain en mettant l&#039;accent sur le respect de l&#039;environnement.\" \/>\n<meta name=\"robots\" content=\"index, follow, max-snippet:-1, max-image-preview:large, max-video-preview:-1\" \/>\n<meta property=\"og:locale\" content=\"fr_FR\" \/>\n<meta property=\"og:type\" content=\"article\" \/>\n<meta property=\"og:title\" content=\"OMIS Brasil. Production et distribution en Am\u00e9rique du Sud | OMIS\" \/>\n<meta property=\"og:description\" content=\"OMIS Brasil con\u00e7oit et r\u00e9alise des installations de levage de 125 kg \u00e0 100 tonnes, avec des normes \u00e9lev\u00e9es, pour l&#039;ensemble du continent. Notre filiale \u00e9trang\u00e8re, situ\u00e9e au c\u0153ur de l&#039;Am\u00e9rique du Sud, r\u00e9pond aux demandes locales et vise \u00e0 renforcer notre pr\u00e9sence sur le march\u00e9 sud-am\u00e9ricain en mettant l&#039;accent sur le respect de l&#039;environnement.\" \/>\n<meta property=\"og:url\" content=\"https:\/\/www.omis.net\/fr-fr\/born-to-lift\/omis-brasile\/\" \/>\n<meta property=\"og:site_name\" content=\"Omis Spa\" \/>\n<meta property=\"article:publisher\" content=\"https:\/\/www.facebook.com\/omisgroup\" \/>\n<meta property=\"article:modified_time\" content=\"2025-05-13T10:21:20+00:00\" \/>\n<meta name=\"twitter:card\" content=\"summary_large_image\" \/>\n<script type=\"application\/ld+json\" class=\"yoast-schema-graph\">{\"@context\":\"https:\/\/schema.org\",\"@graph\":[{\"@type\":\"WebPage\",\"@id\":\"https:\/\/www.omis.net\/fr-fr\/born-to-lift\/omis-brasile\/\",\"url\":\"https:\/\/www.omis.net\/fr-fr\/born-to-lift\/omis-brasile\/\",\"name\":\"OMIS Brasil. Production et distribution en Am\u00e9rique du Sud | OMIS\",\"isPartOf\":{\"@id\":\"https:\/\/www.omis.net\/it-it\/#website\"},\"datePublished\":\"2024-04-18T06:48:22+00:00\",\"dateModified\":\"2025-05-13T10:21:20+00:00\",\"description\":\"OMIS Brasil con\u00e7oit et r\u00e9alise des installations de levage de 125 kg \u00e0 100 tonnes, avec des normes \u00e9lev\u00e9es, pour l'ensemble du continent. Notre filiale \u00e9trang\u00e8re, situ\u00e9e au c\u0153ur de l'Am\u00e9rique du Sud, r\u00e9pond aux demandes locales et vise \u00e0 renforcer notre pr\u00e9sence sur le march\u00e9 sud-am\u00e9ricain en mettant l'accent sur le respect de l'environnement.\",\"breadcrumb\":{\"@id\":\"https:\/\/www.omis.net\/fr-fr\/born-to-lift\/omis-brasile\/#breadcrumb\"},\"inLanguage\":\"fr-fr\",\"potentialAction\":[{\"@type\":\"ReadAction\",\"target\":[\"https:\/\/www.omis.net\/fr-fr\/born-to-lift\/omis-brasile\/\"]}]},{\"@type\":\"BreadcrumbList\",\"@id\":\"https:\/\/www.omis.net\/fr-fr\/born-to-lift\/omis-brasile\/#breadcrumb\",\"itemListElement\":[{\"@type\":\"ListItem\",\"position\":1,\"name\":\"Home\",\"item\":\"https:\/\/www.omis.net\/fr-fr\/\"},{\"@type\":\"ListItem\",\"position\":2,\"name\":\"Born to lift\",\"item\":\"https:\/\/www.omis.net\/fr-fr\/born-to-lift\/\"},{\"@type\":\"ListItem\",\"position\":3,\"name\":\"OMIS Brasile\"}]},{\"@type\":\"WebSite\",\"@id\":\"https:\/\/www.omis.net\/it-it\/#website\",\"url\":\"https:\/\/www.omis.net\/it-it\/\",\"name\":\"Omis Spa\",\"description\":\"Movimentazione e sollevamento\",\"publisher\":{\"@id\":\"https:\/\/www.omis.net\/it-it\/#organization\"},\"potentialAction\":[{\"@type\":\"SearchAction\",\"target\":{\"@type\":\"EntryPoint\",\"urlTemplate\":\"https:\/\/www.omis.net\/it-it\/?s={search_term_string}\"},\"query-input\":{\"@type\":\"PropertyValueSpecification\",\"valueRequired\":true,\"valueName\":\"search_term_string\"}}],\"inLanguage\":\"fr-fr\"},{\"@type\":\"Organization\",\"@id\":\"https:\/\/www.omis.net\/it-it\/#organization\",\"name\":\"Omis Spa\",\"url\":\"https:\/\/www.omis.net\/it-it\/\",\"logo\":{\"@type\":\"ImageObject\",\"inLanguage\":\"fr-fr\",\"@id\":\"https:\/\/www.omis.net\/it-it\/#\/schema\/logo\/image\/\",\"url\":\"https:\/\/media.omis.net\/media\/2024\/08\/logo.jpg\",\"contentUrl\":\"https:\/\/media.omis.net\/media\/2024\/08\/logo.jpg\",\"width\":300,\"height\":300,\"caption\":\"Omis Spa\"},\"image\":{\"@id\":\"https:\/\/www.omis.net\/it-it\/#\/schema\/logo\/image\/\"},\"sameAs\":[\"https:\/\/www.facebook.com\/omisgroup\",\"https:\/\/www.linkedin.com\/company\/omis-group\",\"https:\/\/www.youtube.com\/channel\/UCS4L59XDk3kKBI9MnjuxWDw\",\"https:\/\/www.instagram.com\/omisgroup\"]}]}<\/script>\n<!-- \/ Yoast SEO plugin. -->","yoast_head_json":{"title":"OMIS Brasil. Production et distribution en Am\u00e9rique du Sud | OMIS","description":"OMIS Brasil con\u00e7oit et r\u00e9alise des installations de levage de 125 kg \u00e0 100 tonnes, avec des normes \u00e9lev\u00e9es, pour l'ensemble du continent. Notre filiale \u00e9trang\u00e8re, situ\u00e9e au c\u0153ur de l'Am\u00e9rique du Sud, r\u00e9pond aux demandes locales et vise \u00e0 renforcer notre pr\u00e9sence sur le march\u00e9 sud-am\u00e9ricain en mettant l'accent sur le respect de l'environnement.","robots":{"index":"index","follow":"follow","max-snippet":"max-snippet:-1","max-image-preview":"max-image-preview:large","max-video-preview":"max-video-preview:-1"},"og_locale":"fr_FR","og_type":"article","og_title":"OMIS Brasil. Production et distribution en Am\u00e9rique du Sud | OMIS","og_description":"OMIS Brasil con\u00e7oit et r\u00e9alise des installations de levage de 125 kg \u00e0 100 tonnes, avec des normes \u00e9lev\u00e9es, pour l'ensemble du continent. Notre filiale \u00e9trang\u00e8re, situ\u00e9e au c\u0153ur de l'Am\u00e9rique du Sud, r\u00e9pond aux demandes locales et vise \u00e0 renforcer notre pr\u00e9sence sur le march\u00e9 sud-am\u00e9ricain en mettant l'accent sur le respect de l'environnement.","og_url":"https:\/\/www.omis.net\/fr-fr\/born-to-lift\/omis-brasile\/","og_site_name":"Omis Spa","article_publisher":"https:\/\/www.facebook.com\/omisgroup","article_modified_time":"2025-05-13T10:21:20+00:00","twitter_card":"summary_large_image","schema":{"@context":"https:\/\/schema.org","@graph":[{"@type":"WebPage","@id":"https:\/\/www.omis.net\/fr-fr\/born-to-lift\/omis-brasile\/","url":"https:\/\/www.omis.net\/fr-fr\/born-to-lift\/omis-brasile\/","name":"OMIS Brasil. Production et distribution en Am\u00e9rique du Sud | OMIS","isPartOf":{"@id":"https:\/\/www.omis.net\/it-it\/#website"},"datePublished":"2024-04-18T06:48:22+00:00","dateModified":"2025-05-13T10:21:20+00:00","description":"OMIS Brasil con\u00e7oit et r\u00e9alise des installations de levage de 125 kg \u00e0 100 tonnes, avec des normes \u00e9lev\u00e9es, pour l'ensemble du continent. Notre filiale \u00e9trang\u00e8re, situ\u00e9e au c\u0153ur de l'Am\u00e9rique du Sud, r\u00e9pond aux demandes locales et vise \u00e0 renforcer notre pr\u00e9sence sur le march\u00e9 sud-am\u00e9ricain en mettant l'accent sur le respect de l'environnement.","breadcrumb":{"@id":"https:\/\/www.omis.net\/fr-fr\/born-to-lift\/omis-brasile\/#breadcrumb"},"inLanguage":"fr-fr","potentialAction":[{"@type":"ReadAction","target":["https:\/\/www.omis.net\/fr-fr\/born-to-lift\/omis-brasile\/"]}]},{"@type":"BreadcrumbList","@id":"https:\/\/www.omis.net\/fr-fr\/born-to-lift\/omis-brasile\/#breadcrumb","itemListElement":[{"@type":"ListItem","position":1,"name":"Home","item":"https:\/\/www.omis.net\/fr-fr\/"},{"@type":"ListItem","position":2,"name":"Born to lift","item":"https:\/\/www.omis.net\/fr-fr\/born-to-lift\/"},{"@type":"ListItem","position":3,"name":"OMIS Brasile"}]},{"@type":"WebSite","@id":"https:\/\/www.omis.net\/it-it\/#website","url":"https:\/\/www.omis.net\/it-it\/","name":"Omis Spa","description":"Movimentazione e sollevamento","publisher":{"@id":"https:\/\/www.omis.net\/it-it\/#organization"},"potentialAction":[{"@type":"SearchAction","target":{"@type":"EntryPoint","urlTemplate":"https:\/\/www.omis.net\/it-it\/?s={search_term_string}"},"query-input":{"@type":"PropertyValueSpecification","valueRequired":true,"valueName":"search_term_string"}}],"inLanguage":"fr-fr"},{"@type":"Organization","@id":"https:\/\/www.omis.net\/it-it\/#organization","name":"Omis Spa","url":"https:\/\/www.omis.net\/it-it\/","logo":{"@type":"ImageObject","inLanguage":"fr-fr","@id":"https:\/\/www.omis.net\/it-it\/#\/schema\/logo\/image\/","url":"https:\/\/media.omis.net\/media\/2024\/08\/logo.jpg","contentUrl":"https:\/\/media.omis.net\/media\/2024\/08\/logo.jpg","width":300,"height":300,"caption":"Omis Spa"},"image":{"@id":"https:\/\/www.omis.net\/it-it\/#\/schema\/logo\/image\/"},"sameAs":["https:\/\/www.facebook.com\/omisgroup","https:\/\/www.linkedin.com\/company\/omis-group","https:\/\/www.youtube.com\/channel\/UCS4L59XDk3kKBI9MnjuxWDw","https:\/\/www.instagram.com\/omisgroup"]}]}},"_links":{"self":[{"href":"https:\/\/www.omis.net\/fr-fr\/wp-json\/wp\/v2\/pages\/6295"}],"collection":[{"href":"https:\/\/www.omis.net\/fr-fr\/wp-json\/wp\/v2\/pages"}],"about":[{"href":"https:\/\/www.omis.net\/fr-fr\/wp-json\/wp\/v2\/types\/page"}],"author":[{"embeddable":true,"href":"https:\/\/www.omis.net\/fr-fr\/wp-json\/wp\/v2\/users\/2"}],"replies":[{"embeddable":true,"href":"https:\/\/www.omis.net\/fr-fr\/wp-json\/wp\/v2\/comments?post=6295"}],"version-history":[{"count":8,"href":"https:\/\/www.omis.net\/fr-fr\/wp-json\/wp\/v2\/pages\/6295\/revisions"}],"predecessor-version":[{"id":17926,"href":"https:\/\/www.omis.net\/fr-fr\/wp-json\/wp\/v2\/pages\/6295\/revisions\/17926"}],"up":[{"embeddable":true,"href":"https:\/\/www.omis.net\/fr-fr\/wp-json\/wp\/v2\/pages\/5827"}],"wp:attachment":[{"href":"https:\/\/www.omis.net\/fr-fr\/wp-json\/wp\/v2\/media?parent=6295"}],"curies":[{"name":"wp","href":"https:\/\/api.w.org\/{rel}","templated":true}]}}

OMIS Brasil. Production et distribution en Amérique du Sud | OMIS

OMIS Brasil conçoit et réalise des installations de levage de 125 kg à 100 tonnes, avec des normes élevées, pour l'ensemble du continent. Notre filiale étrangère, située au cœur de l'Amérique du Sud, répond aux demandes locales et vise à renforcer notre présence sur le marché sud-américain en mettant l'accent sur le respect de l'environnement.

<!-- This site is optimized with the Yoast SEO plugin v23.9 - https://yoast.com/wordpress/plugins/seo/ -->
<title>OMIS Brasil. Production et distribution en Amérique du Sud | OMIS</title>
<meta name="description" content="OMIS Brasil conçoit et réalise des installations de levage de 125 kg à 100 tonnes, avec des normes élevées, pour l&#039;ensemble du continent. Notre filiale étrangère, située au cœur de l&#039;Amérique du Sud, répond aux demandes locales et vise à renforcer notre présence sur le marché sud-américain en mettant l&#039;accent sur le respect de l&#039;environnement." />
<meta name="robots" content="index, follow, max-snippet:-1, max-image-preview:large, max-video-preview:-1" />
<meta property="og:locale" content="fr_FR" />
<meta property="og:type" content="article" />
<meta property="og:title" content="OMIS Brasil. Production et distribution en Amérique du Sud | OMIS" />
<meta property="og:description" content="OMIS Brasil conçoit et réalise des installations de levage de 125 kg à 100 tonnes, avec des normes élevées, pour l&#039;ensemble du continent. Notre filiale étrangère, située au cœur de l&#039;Amérique du Sud, répond aux demandes locales et vise à renforcer notre présence sur le marché sud-américain en mettant l&#039;accent sur le respect de l&#039;environnement." />
<meta property="og:url" content="https://www.omis.net/fr-fr/born-to-lift/omis-brasile/" />
<meta property="og:site_name" content="Omis Spa" />
<meta property="article:publisher" content="https://www.facebook.com/omisgroup" />
<meta property="article:modified_time" content="2025-05-13T10:21:20+00:00" />
<meta name="twitter:card" content="summary_large_image" />
<script type="application/ld+json" class="yoast-schema-graph">{"@context":"https://schema.org","@graph":[{"@type":"WebPage","@id":"https://www.omis.net/fr-fr/born-to-lift/omis-brasile/","url":"https://www.omis.net/fr-fr/born-to-lift/omis-brasile/","name":"OMIS Brasil. Production et distribution en Amérique du Sud | OMIS","isPartOf":{"@id":"https://www.omis.net/it-it/#website"},"datePublished":"2024-04-18T06:48:22+00:00","dateModified":"2025-05-13T10:21:20+00:00","description":"OMIS Brasil conçoit et réalise des installations de levage de 125 kg à 100 tonnes, avec des normes élevées, pour l'ensemble du continent. Notre filiale étrangère, située au cœur de l'Amérique du Sud, répond aux demandes locales et vise à renforcer notre présence sur le marché sud-américain en mettant l'accent sur le respect de l'environnement.","breadcrumb":{"@id":"https://www.omis.net/fr-fr/born-to-lift/omis-brasile/#breadcrumb"},"inLanguage":"fr-fr","potentialAction":[{"@type":"ReadAction","target":["https://www.omis.net/fr-fr/born-to-lift/omis-brasile/"]}]},{"@type":"BreadcrumbList","@id":"https://www.omis.net/fr-fr/born-to-lift/omis-brasile/#breadcrumb","itemListElement":[{"@type":"ListItem","position":1,"name":"Home","item":"https://www.omis.net/fr-fr/"},{"@type":"ListItem","position":2,"name":"Born to lift","item":"https://www.omis.net/fr-fr/born-to-lift/"},{"@type":"ListItem","position":3,"name":"OMIS Brasile"}]},{"@type":"WebSite","@id":"https://www.omis.net/it-it/#website","url":"https://www.omis.net/it-it/","name":"Omis Spa","description":"Movimentazione e sollevamento","publisher":{"@id":"https://www.omis.net/it-it/#organization"},"potentialAction":[{"@type":"SearchAction","target":{"@type":"EntryPoint","urlTemplate":"https://www.omis.net/it-it/?s={search_term_string}"},"query-input":{"@type":"PropertyValueSpecification","valueRequired":true,"valueName":"search_term_string"}}],"inLanguage":"fr-fr"},{"@type":"Organization","@id":"https://www.omis.net/it-it/#organization","name":"Omis Spa","url":"https://www.omis.net/it-it/","logo":{"@type":"ImageObject","inLanguage":"fr-fr","@id":"https://www.omis.net/it-it/#/schema/logo/image/","url":"https://media.omis.net/media/2024/08/logo.jpg","contentUrl":"https://media.omis.net/media/2024/08/logo.jpg","width":300,"height":300,"caption":"Omis Spa"},"image":{"@id":"https://www.omis.net/it-it/#/schema/logo/image/"},"sameAs":["https://www.facebook.com/omisgroup","https://www.linkedin.com/company/omis-group","https://www.youtube.com/channel/UCS4L59XDk3kKBI9MnjuxWDw","https://www.instagram.com/omisgroup"]}]}</script>
<!-- / Yoast SEO plugin. -->
