{"id":4750,"date":"2024-11-04T09:10:24","date_gmt":"2024-11-04T08:10:24","guid":{"rendered":"http:\/\/bedrock.local\/faq\/quelle-est-la-hauteur-de-la-colonne-de-la-potence-omis\/"},"modified":"2024-11-05T08:49:48","modified_gmt":"2024-11-05T07:49:48","slug":"quelle-est-la-hauteur-de-la-colonne-de-la-potence-omis","status":"publish","type":"faq","link":"https:\/\/www.omis.net\/fr-fr\/faq\/quelle-est-la-hauteur-de-la-colonne-de-la-potence-omis\/","title":{"rendered":"Quelle est la hauteur de la colonne de la potence OMIS\u00a0?"},"content":{"rendered":"<p>La hauteur de la colonne correspond \u00e0 la course du crochet requise, plut\u00f4t qu&#8217;\u00e0 la hauteur disponible du hangar ou \u00e0 la hauteur sous portique exig\u00e9e par le client.<\/p>","protected":false},"excerpt":{"rendered":"<p>La hauteur de la colonne correspond \u00e0 la course du crochet requise, plut\u00f4t qu&#8217;\u00e0 la hauteur disponible du hangar ou \u00e0 la hauteur sous portique exig\u00e9e par le client.<\/p>\n","protected":false},"featured_media":0,"parent":0,"template":"","argomento-faq":[580],"class_list":["post-4750","faq","type-faq","status-publish","hentry","argomento-faq-potence"],"acf":{"import_csv_id":"119","seo_title":"Quelle est la hauteur de la colonne de la potence\u00a0? | OMIS","seo_description":"La hauteur de la colonne correspond \u00e0 la course du crochet requise, plut\u00f4t qu'\u00e0 la hauteur disponible du hangar ou \u00e0 la hauteur sous portique exig\u00e9e par le client. En savoir plus"},"yoast_head":"<!-- This site is optimized with the Yoast SEO plugin v23.9 - https:\/\/yoast.com\/wordpress\/plugins\/seo\/ -->\n<title>Quelle est la hauteur de la colonne de la potence\u00a0? | OMIS<\/title>\n<meta name=\"description\" content=\"La hauteur de la colonne correspond \u00e0 la course du crochet requise, plut\u00f4t qu&#039;\u00e0 la hauteur disponible du hangar ou \u00e0 la hauteur sous portique exig\u00e9e par le client. En savoir plus\" \/>\n<meta name=\"robots\" content=\"index, follow, max-snippet:-1, max-image-preview:large, max-video-preview:-1\" \/>\n<meta property=\"og:locale\" content=\"fr_FR\" \/>\n<meta property=\"og:type\" content=\"article\" \/>\n<meta property=\"og:title\" content=\"Quelle est la hauteur de la colonne de la potence\u00a0? | OMIS\" \/>\n<meta property=\"og:description\" content=\"La hauteur de la colonne correspond \u00e0 la course du crochet requise, plut\u00f4t qu&#039;\u00e0 la hauteur disponible du hangar ou \u00e0 la hauteur sous portique exig\u00e9e par le client. En savoir plus\" \/>\n<meta property=\"og:url\" content=\"https:\/\/www.omis.net\/fr-fr\/faq\/quelle-est-la-hauteur-de-la-colonne-de-la-potence-omis\/\" \/>\n<meta property=\"og:site_name\" content=\"Omis Spa\" \/>\n<meta property=\"article:publisher\" content=\"https:\/\/www.facebook.com\/omisgroup\" \/>\n<meta property=\"article:modified_time\" content=\"2024-11-05T07:49:48+00:00\" \/>\n<meta name=\"twitter:card\" content=\"summary_large_image\" \/>\n<script type=\"application\/ld+json\" class=\"yoast-schema-graph\">{\"@context\":\"https:\/\/schema.org\",\"@graph\":[{\"@type\":[\"WebPage\",\"FAQPage\"],\"@id\":\"https:\/\/www.omis.net\/fr-fr\/faq\/quelle-est-la-hauteur-de-la-colonne-de-la-potence-omis\/\",\"url\":\"https:\/\/www.omis.net\/fr-fr\/faq\/quelle-est-la-hauteur-de-la-colonne-de-la-potence-omis\/\",\"name\":\"Quelle est la hauteur de la colonne de la potence\u00a0? | OMIS\",\"isPartOf\":{\"@id\":\"https:\/\/www.omis.net\/it-it\/#website\"},\"datePublished\":\"2024-11-04T08:10:24+00:00\",\"dateModified\":\"2024-11-05T07:49:48+00:00\",\"description\":\"La hauteur de la colonne correspond \u00e0 la course du crochet requise, plut\u00f4t qu'\u00e0 la hauteur disponible du hangar ou \u00e0 la hauteur sous portique exig\u00e9e par le client. En savoir plus\",\"breadcrumb\":{\"@id\":\"https:\/\/www.omis.net\/fr-fr\/faq\/quelle-est-la-hauteur-de-la-colonne-de-la-potence-omis\/#breadcrumb\"},\"inLanguage\":\"fr-fr\",\"potentialAction\":[{\"@type\":\"ReadAction\",\"target\":[\"https:\/\/www.omis.net\/fr-fr\/faq\/quelle-est-la-hauteur-de-la-colonne-de-la-potence-omis\/\"]}]},{\"@type\":\"BreadcrumbList\",\"@id\":\"https:\/\/www.omis.net\/fr-fr\/faq\/quelle-est-la-hauteur-de-la-colonne-de-la-potence-omis\/#breadcrumb\",\"itemListElement\":[{\"@type\":\"ListItem\",\"position\":1,\"name\":\"Home\",\"item\":\"https:\/\/www.omis.net\/fr-fr\/\"},{\"@type\":\"ListItem\",\"position\":2,\"name\":\"Quelle est la hauteur de la colonne de la potence OMIS\u00a0?\"}]},{\"@type\":\"WebSite\",\"@id\":\"https:\/\/www.omis.net\/it-it\/#website\",\"url\":\"https:\/\/www.omis.net\/it-it\/\",\"name\":\"Omis Spa\",\"description\":\"Movimentazione e sollevamento\",\"publisher\":{\"@id\":\"https:\/\/www.omis.net\/it-it\/#organization\"},\"potentialAction\":[{\"@type\":\"SearchAction\",\"target\":{\"@type\":\"EntryPoint\",\"urlTemplate\":\"https:\/\/www.omis.net\/it-it\/?s={search_term_string}\"},\"query-input\":{\"@type\":\"PropertyValueSpecification\",\"valueRequired\":true,\"valueName\":\"search_term_string\"}}],\"inLanguage\":\"fr-fr\"},{\"@type\":\"Organization\",\"@id\":\"https:\/\/www.omis.net\/it-it\/#organization\",\"name\":\"Omis Spa\",\"url\":\"https:\/\/www.omis.net\/it-it\/\",\"logo\":{\"@type\":\"ImageObject\",\"inLanguage\":\"fr-fr\",\"@id\":\"https:\/\/www.omis.net\/it-it\/#\/schema\/logo\/image\/\",\"url\":\"https:\/\/media.omis.net\/media\/2024\/08\/logo.jpg\",\"contentUrl\":\"https:\/\/media.omis.net\/media\/2024\/08\/logo.jpg\",\"width\":300,\"height\":300,\"caption\":\"Omis Spa\"},\"image\":{\"@id\":\"https:\/\/www.omis.net\/it-it\/#\/schema\/logo\/image\/\"},\"sameAs\":[\"https:\/\/www.facebook.com\/omisgroup\",\"https:\/\/www.linkedin.com\/company\/omis-group\",\"https:\/\/www.youtube.com\/channel\/UCS4L59XDk3kKBI9MnjuxWDw\",\"https:\/\/www.instagram.com\/omisgroup\"]}]}<\/script>\n<!-- \/ Yoast SEO plugin. -->","yoast_head_json":{"title":"Quelle est la hauteur de la colonne de la potence\u00a0? | OMIS","description":"La hauteur de la colonne correspond \u00e0 la course du crochet requise, plut\u00f4t qu'\u00e0 la hauteur disponible du hangar ou \u00e0 la hauteur sous portique exig\u00e9e par le client. En savoir plus","robots":{"index":"index","follow":"follow","max-snippet":"max-snippet:-1","max-image-preview":"max-image-preview:large","max-video-preview":"max-video-preview:-1"},"og_locale":"fr_FR","og_type":"article","og_title":"Quelle est la hauteur de la colonne de la potence\u00a0? | OMIS","og_description":"La hauteur de la colonne correspond \u00e0 la course du crochet requise, plut\u00f4t qu'\u00e0 la hauteur disponible du hangar ou \u00e0 la hauteur sous portique exig\u00e9e par le client. En savoir plus","og_url":"https:\/\/www.omis.net\/fr-fr\/faq\/quelle-est-la-hauteur-de-la-colonne-de-la-potence-omis\/","og_site_name":"Omis Spa","article_publisher":"https:\/\/www.facebook.com\/omisgroup","article_modified_time":"2024-11-05T07:49:48+00:00","twitter_card":"summary_large_image","schema":{"@context":"https:\/\/schema.org","@graph":[{"@type":["WebPage","FAQPage"],"@id":"https:\/\/www.omis.net\/fr-fr\/faq\/quelle-est-la-hauteur-de-la-colonne-de-la-potence-omis\/","url":"https:\/\/www.omis.net\/fr-fr\/faq\/quelle-est-la-hauteur-de-la-colonne-de-la-potence-omis\/","name":"Quelle est la hauteur de la colonne de la potence\u00a0? | OMIS","isPartOf":{"@id":"https:\/\/www.omis.net\/it-it\/#website"},"datePublished":"2024-11-04T08:10:24+00:00","dateModified":"2024-11-05T07:49:48+00:00","description":"La hauteur de la colonne correspond \u00e0 la course du crochet requise, plut\u00f4t qu'\u00e0 la hauteur disponible du hangar ou \u00e0 la hauteur sous portique exig\u00e9e par le client. En savoir plus","breadcrumb":{"@id":"https:\/\/www.omis.net\/fr-fr\/faq\/quelle-est-la-hauteur-de-la-colonne-de-la-potence-omis\/#breadcrumb"},"inLanguage":"fr-fr","potentialAction":[{"@type":"ReadAction","target":["https:\/\/www.omis.net\/fr-fr\/faq\/quelle-est-la-hauteur-de-la-colonne-de-la-potence-omis\/"]}]},{"@type":"BreadcrumbList","@id":"https:\/\/www.omis.net\/fr-fr\/faq\/quelle-est-la-hauteur-de-la-colonne-de-la-potence-omis\/#breadcrumb","itemListElement":[{"@type":"ListItem","position":1,"name":"Home","item":"https:\/\/www.omis.net\/fr-fr\/"},{"@type":"ListItem","position":2,"name":"Quelle est la hauteur de la colonne de la potence OMIS\u00a0?"}]},{"@type":"WebSite","@id":"https:\/\/www.omis.net\/it-it\/#website","url":"https:\/\/www.omis.net\/it-it\/","name":"Omis Spa","description":"Movimentazione e sollevamento","publisher":{"@id":"https:\/\/www.omis.net\/it-it\/#organization"},"potentialAction":[{"@type":"SearchAction","target":{"@type":"EntryPoint","urlTemplate":"https:\/\/www.omis.net\/it-it\/?s={search_term_string}"},"query-input":{"@type":"PropertyValueSpecification","valueRequired":true,"valueName":"search_term_string"}}],"inLanguage":"fr-fr"},{"@type":"Organization","@id":"https:\/\/www.omis.net\/it-it\/#organization","name":"Omis Spa","url":"https:\/\/www.omis.net\/it-it\/","logo":{"@type":"ImageObject","inLanguage":"fr-fr","@id":"https:\/\/www.omis.net\/it-it\/#\/schema\/logo\/image\/","url":"https:\/\/media.omis.net\/media\/2024\/08\/logo.jpg","contentUrl":"https:\/\/media.omis.net\/media\/2024\/08\/logo.jpg","width":300,"height":300,"caption":"Omis Spa"},"image":{"@id":"https:\/\/www.omis.net\/it-it\/#\/schema\/logo\/image\/"},"sameAs":["https:\/\/www.facebook.com\/omisgroup","https:\/\/www.linkedin.com\/company\/omis-group","https:\/\/www.youtube.com\/channel\/UCS4L59XDk3kKBI9MnjuxWDw","https:\/\/www.instagram.com\/omisgroup"]}]}},"_links":{"self":[{"href":"https:\/\/www.omis.net\/fr-fr\/wp-json\/wp\/v2\/faq\/4750"}],"collection":[{"href":"https:\/\/www.omis.net\/fr-fr\/wp-json\/wp\/v2\/faq"}],"about":[{"href":"https:\/\/www.omis.net\/fr-fr\/wp-json\/wp\/v2\/types\/faq"}],"wp:attachment":[{"href":"https:\/\/www.omis.net\/fr-fr\/wp-json\/wp\/v2\/media?parent=4750"}],"wp:term":[{"taxonomy":"argomento-faq","embeddable":true,"href":"https:\/\/www.omis.net\/fr-fr\/wp-json\/wp\/v2\/argomento-faq?post=4750"}],"curies":[{"name":"wp","href":"https:\/\/api.w.org\/{rel}","templated":true}]}}

<p>La hauteur de la colonne correspond à la course du crochet requise, plutôt qu&#8217;à la hauteur disponible du hangar ou à la hauteur sous portique exigée par le client.</p>

La hauteur de la colonne correspond à la course du crochet requise, plutôt qu'à la hauteur disponible du hangar ou à la hauteur sous portique exigée par le client. En savoir plus

<!-- This site is optimized with the Yoast SEO plugin v23.9 - https://yoast.com/wordpress/plugins/seo/ -->
<title>Quelle est la hauteur de la colonne de la potence ? | OMIS</title>
<meta name="description" content="La hauteur de la colonne correspond à la course du crochet requise, plutôt qu&#039;à la hauteur disponible du hangar ou à la hauteur sous portique exigée par le client. En savoir plus" />
<meta name="robots" content="index, follow, max-snippet:-1, max-image-preview:large, max-video-preview:-1" />
<meta property="og:locale" content="fr_FR" />
<meta property="og:type" content="article" />
<meta property="og:title" content="Quelle est la hauteur de la colonne de la potence ? | OMIS" />
<meta property="og:description" content="La hauteur de la colonne correspond à la course du crochet requise, plutôt qu&#039;à la hauteur disponible du hangar ou à la hauteur sous portique exigée par le client. En savoir plus" />
<meta property="og:url" content="https://www.omis.net/fr-fr/faq/quelle-est-la-hauteur-de-la-colonne-de-la-potence-omis/" />
<meta property="og:site_name" content="Omis Spa" />
<meta property="article:publisher" content="https://www.facebook.com/omisgroup" />
<meta property="article:modified_time" content="2024-11-05T07:49:48+00:00" />
<meta name="twitter:card" content="summary_large_image" />
<script type="application/ld+json" class="yoast-schema-graph">{"@context":"https://schema.org","@graph":[{"@type":["WebPage","FAQPage"],"@id":"https://www.omis.net/fr-fr/faq/quelle-est-la-hauteur-de-la-colonne-de-la-potence-omis/","url":"https://www.omis.net/fr-fr/faq/quelle-est-la-hauteur-de-la-colonne-de-la-potence-omis/","name":"Quelle est la hauteur de la colonne de la potence ? | OMIS","isPartOf":{"@id":"https://www.omis.net/it-it/#website"},"datePublished":"2024-11-04T08:10:24+00:00","dateModified":"2024-11-05T07:49:48+00:00","description":"La hauteur de la colonne correspond à la course du crochet requise, plutôt qu'à la hauteur disponible du hangar ou à la hauteur sous portique exigée par le client. En savoir plus","breadcrumb":{"@id":"https://www.omis.net/fr-fr/faq/quelle-est-la-hauteur-de-la-colonne-de-la-potence-omis/#breadcrumb"},"inLanguage":"fr-fr","potentialAction":[{"@type":"ReadAction","target":["https://www.omis.net/fr-fr/faq/quelle-est-la-hauteur-de-la-colonne-de-la-potence-omis/"]}]},{"@type":"BreadcrumbList","@id":"https://www.omis.net/fr-fr/faq/quelle-est-la-hauteur-de-la-colonne-de-la-potence-omis/#breadcrumb","itemListElement":[{"@type":"ListItem","position":1,"name":"Home","item":"https://www.omis.net/fr-fr/"},{"@type":"ListItem","position":2,"name":"Quelle est la hauteur de la colonne de la potence OMIS ?"}]},{"@type":"WebSite","@id":"https://www.omis.net/it-it/#website","url":"https://www.omis.net/it-it/","name":"Omis Spa","description":"Movimentazione e sollevamento","publisher":{"@id":"https://www.omis.net/it-it/#organization"},"potentialAction":[{"@type":"SearchAction","target":{"@type":"EntryPoint","urlTemplate":"https://www.omis.net/it-it/?s={search_term_string}"},"query-input":{"@type":"PropertyValueSpecification","valueRequired":true,"valueName":"search_term_string"}}],"inLanguage":"fr-fr"},{"@type":"Organization","@id":"https://www.omis.net/it-it/#organization","name":"Omis Spa","url":"https://www.omis.net/it-it/","logo":{"@type":"ImageObject","inLanguage":"fr-fr","@id":"https://www.omis.net/it-it/#/schema/logo/image/","url":"https://media.omis.net/media/2024/08/logo.jpg","contentUrl":"https://media.omis.net/media/2024/08/logo.jpg","width":300,"height":300,"caption":"Omis Spa"},"image":{"@id":"https://www.omis.net/it-it/#/schema/logo/image/"},"sameAs":["https://www.facebook.com/omisgroup","https://www.linkedin.com/company/omis-group","https://www.youtube.com/channel/UCS4L59XDk3kKBI9MnjuxWDw","https://www.instagram.com/omisgroup"]}]}</script>
<!-- / Yoast SEO plugin. -->
