{"id":4704,"date":"2024-11-04T09:04:31","date_gmt":"2024-11-04T08:04:31","guid":{"rendered":"http:\/\/bedrock.local\/faq\/pourquoi-choisir-un-palan-a-chaine-plutot-quun-palan-a-cable\/"},"modified":"2024-11-05T08:43:21","modified_gmt":"2024-11-05T07:43:21","slug":"pourquoi-choisir-un-palan-a-chaine-plutot-quun-palan-a-cable","status":"publish","type":"faq","link":"https:\/\/www.omis.net\/fr-fr\/faq\/pourquoi-choisir-un-palan-a-chaine-plutot-quun-palan-a-cable\/","title":{"rendered":"Pourquoi choisir un palan \u00e0 cha\u00eene plut\u00f4t qu&#8217;un palan \u00e0 c\u00e2ble\u00a0?"},"content":{"rendered":"<p>Le palan \u00e0 cha\u00eene est id\u00e9al pour soulever des charges l\u00e9g\u00e8res jusqu&#8217;\u00e0 5\u00a0000\u00a0kg, gr\u00e2ce \u00e0 sa structure simple et basique. Avec une gestion de la vitesse de manutention moins polyvalente, il convient aux levages moins exigeants. En revanche, le palan \u00e0 c\u00e2ble est pr\u00e9f\u00e9rable pour les charges plus lourdes, car il offre plus de r\u00e9sistance, de fiabilit\u00e9 et de durabilit\u00e9.<\/p>","protected":false},"excerpt":{"rendered":"<p>Le palan \u00e0 cha\u00eene est id\u00e9al pour soulever des charges l\u00e9g\u00e8res jusqu&#8217;\u00e0 5\u00a0000\u00a0kg, gr\u00e2ce \u00e0 sa structure simple et basique. Avec une gestion de la vitesse de manutention moins polyvalente, il convient aux levages moins exigeants. En revanche, le palan \u00e0 c\u00e2ble est pr\u00e9f\u00e9rable pour les charges plus lourdes, car il offre plus de r\u00e9sistance, [&hellip;]<\/p>\n","protected":false},"featured_media":0,"parent":0,"template":"","argomento-faq":[582],"class_list":["post-4704","faq","type-faq","status-publish","hentry","argomento-faq-unite-de-levage"],"acf":{"import_csv_id":"73","seo_title":"Pourquoi choisir un palan \u00e0 cha\u00eene plut\u00f4t qu'un palan \u00e0 c\u00e2ble\u00a0? | OMIS","seo_description":"Le palan \u00e0 cha\u00eene est id\u00e9al pour soulever des charges l\u00e9g\u00e8res jusqu'\u00e0 5\u00a0000\u00a0kg et convient aux levages moins exigeants. Le palan \u00e0 c\u00e2ble est pr\u00e9f\u00e9rable pour les charges plus lourdes, car il offre plus de r\u00e9sistance, de fiabilit\u00e9 et de durabilit\u00e9. En savoir plus"},"yoast_head":"<!-- This site is optimized with the Yoast SEO plugin v23.9 - https:\/\/yoast.com\/wordpress\/plugins\/seo\/ -->\n<title>Pourquoi choisir un palan \u00e0 cha\u00eene plut\u00f4t qu&#039;un palan \u00e0 c\u00e2ble\u00a0? | OMIS<\/title>\n<meta name=\"description\" content=\"Le palan \u00e0 cha\u00eene est id\u00e9al pour soulever des charges l\u00e9g\u00e8res jusqu&#039;\u00e0 5\u00a0000\u00a0kg et convient aux levages moins exigeants. Le palan \u00e0 c\u00e2ble est pr\u00e9f\u00e9rable pour les charges plus lourdes, car il offre plus de r\u00e9sistance, de fiabilit\u00e9 et de durabilit\u00e9. En savoir plus\" \/>\n<meta name=\"robots\" content=\"index, follow, max-snippet:-1, max-image-preview:large, max-video-preview:-1\" \/>\n<meta property=\"og:locale\" content=\"fr_FR\" \/>\n<meta property=\"og:type\" content=\"article\" \/>\n<meta property=\"og:title\" content=\"Pourquoi choisir un palan \u00e0 cha\u00eene plut\u00f4t qu&#039;un palan \u00e0 c\u00e2ble\u00a0? | OMIS\" \/>\n<meta property=\"og:description\" content=\"Le palan \u00e0 cha\u00eene est id\u00e9al pour soulever des charges l\u00e9g\u00e8res jusqu&#039;\u00e0 5\u00a0000\u00a0kg et convient aux levages moins exigeants. Le palan \u00e0 c\u00e2ble est pr\u00e9f\u00e9rable pour les charges plus lourdes, car il offre plus de r\u00e9sistance, de fiabilit\u00e9 et de durabilit\u00e9. En savoir plus\" \/>\n<meta property=\"og:url\" content=\"https:\/\/www.omis.net\/fr-fr\/faq\/pourquoi-choisir-un-palan-a-chaine-plutot-quun-palan-a-cable\/\" \/>\n<meta property=\"og:site_name\" content=\"Omis Spa\" \/>\n<meta property=\"article:publisher\" content=\"https:\/\/www.facebook.com\/omisgroup\" \/>\n<meta property=\"article:modified_time\" content=\"2024-11-05T07:43:21+00:00\" \/>\n<meta name=\"twitter:card\" content=\"summary_large_image\" \/>\n<script type=\"application\/ld+json\" class=\"yoast-schema-graph\">{\"@context\":\"https:\/\/schema.org\",\"@graph\":[{\"@type\":[\"WebPage\",\"FAQPage\"],\"@id\":\"https:\/\/www.omis.net\/fr-fr\/faq\/pourquoi-choisir-un-palan-a-chaine-plutot-quun-palan-a-cable\/\",\"url\":\"https:\/\/www.omis.net\/fr-fr\/faq\/pourquoi-choisir-un-palan-a-chaine-plutot-quun-palan-a-cable\/\",\"name\":\"Pourquoi choisir un palan \u00e0 cha\u00eene plut\u00f4t qu'un palan \u00e0 c\u00e2ble\u00a0? | OMIS\",\"isPartOf\":{\"@id\":\"https:\/\/www.omis.net\/it-it\/#website\"},\"datePublished\":\"2024-11-04T08:04:31+00:00\",\"dateModified\":\"2024-11-05T07:43:21+00:00\",\"description\":\"Le palan \u00e0 cha\u00eene est id\u00e9al pour soulever des charges l\u00e9g\u00e8res jusqu'\u00e0 5\u00a0000\u00a0kg et convient aux levages moins exigeants. Le palan \u00e0 c\u00e2ble est pr\u00e9f\u00e9rable pour les charges plus lourdes, car il offre plus de r\u00e9sistance, de fiabilit\u00e9 et de durabilit\u00e9. En savoir plus\",\"breadcrumb\":{\"@id\":\"https:\/\/www.omis.net\/fr-fr\/faq\/pourquoi-choisir-un-palan-a-chaine-plutot-quun-palan-a-cable\/#breadcrumb\"},\"inLanguage\":\"fr-fr\",\"potentialAction\":[{\"@type\":\"ReadAction\",\"target\":[\"https:\/\/www.omis.net\/fr-fr\/faq\/pourquoi-choisir-un-palan-a-chaine-plutot-quun-palan-a-cable\/\"]}]},{\"@type\":\"BreadcrumbList\",\"@id\":\"https:\/\/www.omis.net\/fr-fr\/faq\/pourquoi-choisir-un-palan-a-chaine-plutot-quun-palan-a-cable\/#breadcrumb\",\"itemListElement\":[{\"@type\":\"ListItem\",\"position\":1,\"name\":\"Home\",\"item\":\"https:\/\/www.omis.net\/fr-fr\/\"},{\"@type\":\"ListItem\",\"position\":2,\"name\":\"Pourquoi choisir un palan \u00e0 cha\u00eene plut\u00f4t qu&#8217;un palan \u00e0 c\u00e2ble\u00a0?\"}]},{\"@type\":\"WebSite\",\"@id\":\"https:\/\/www.omis.net\/it-it\/#website\",\"url\":\"https:\/\/www.omis.net\/it-it\/\",\"name\":\"Omis Spa\",\"description\":\"Movimentazione e sollevamento\",\"publisher\":{\"@id\":\"https:\/\/www.omis.net\/it-it\/#organization\"},\"potentialAction\":[{\"@type\":\"SearchAction\",\"target\":{\"@type\":\"EntryPoint\",\"urlTemplate\":\"https:\/\/www.omis.net\/it-it\/?s={search_term_string}\"},\"query-input\":{\"@type\":\"PropertyValueSpecification\",\"valueRequired\":true,\"valueName\":\"search_term_string\"}}],\"inLanguage\":\"fr-fr\"},{\"@type\":\"Organization\",\"@id\":\"https:\/\/www.omis.net\/it-it\/#organization\",\"name\":\"Omis Spa\",\"url\":\"https:\/\/www.omis.net\/it-it\/\",\"logo\":{\"@type\":\"ImageObject\",\"inLanguage\":\"fr-fr\",\"@id\":\"https:\/\/www.omis.net\/it-it\/#\/schema\/logo\/image\/\",\"url\":\"https:\/\/media.omis.net\/media\/2024\/08\/logo.jpg\",\"contentUrl\":\"https:\/\/media.omis.net\/media\/2024\/08\/logo.jpg\",\"width\":300,\"height\":300,\"caption\":\"Omis Spa\"},\"image\":{\"@id\":\"https:\/\/www.omis.net\/it-it\/#\/schema\/logo\/image\/\"},\"sameAs\":[\"https:\/\/www.facebook.com\/omisgroup\",\"https:\/\/www.linkedin.com\/company\/omis-group\",\"https:\/\/www.youtube.com\/channel\/UCS4L59XDk3kKBI9MnjuxWDw\",\"https:\/\/www.instagram.com\/omisgroup\"]}]}<\/script>\n<!-- \/ Yoast SEO plugin. -->","yoast_head_json":{"title":"Pourquoi choisir un palan \u00e0 cha\u00eene plut\u00f4t qu'un palan \u00e0 c\u00e2ble\u00a0? | OMIS","description":"Le palan \u00e0 cha\u00eene est id\u00e9al pour soulever des charges l\u00e9g\u00e8res jusqu'\u00e0 5\u00a0000\u00a0kg et convient aux levages moins exigeants. Le palan \u00e0 c\u00e2ble est pr\u00e9f\u00e9rable pour les charges plus lourdes, car il offre plus de r\u00e9sistance, de fiabilit\u00e9 et de durabilit\u00e9. En savoir plus","robots":{"index":"index","follow":"follow","max-snippet":"max-snippet:-1","max-image-preview":"max-image-preview:large","max-video-preview":"max-video-preview:-1"},"og_locale":"fr_FR","og_type":"article","og_title":"Pourquoi choisir un palan \u00e0 cha\u00eene plut\u00f4t qu'un palan \u00e0 c\u00e2ble\u00a0? | OMIS","og_description":"Le palan \u00e0 cha\u00eene est id\u00e9al pour soulever des charges l\u00e9g\u00e8res jusqu'\u00e0 5\u00a0000\u00a0kg et convient aux levages moins exigeants. Le palan \u00e0 c\u00e2ble est pr\u00e9f\u00e9rable pour les charges plus lourdes, car il offre plus de r\u00e9sistance, de fiabilit\u00e9 et de durabilit\u00e9. En savoir plus","og_url":"https:\/\/www.omis.net\/fr-fr\/faq\/pourquoi-choisir-un-palan-a-chaine-plutot-quun-palan-a-cable\/","og_site_name":"Omis Spa","article_publisher":"https:\/\/www.facebook.com\/omisgroup","article_modified_time":"2024-11-05T07:43:21+00:00","twitter_card":"summary_large_image","schema":{"@context":"https:\/\/schema.org","@graph":[{"@type":["WebPage","FAQPage"],"@id":"https:\/\/www.omis.net\/fr-fr\/faq\/pourquoi-choisir-un-palan-a-chaine-plutot-quun-palan-a-cable\/","url":"https:\/\/www.omis.net\/fr-fr\/faq\/pourquoi-choisir-un-palan-a-chaine-plutot-quun-palan-a-cable\/","name":"Pourquoi choisir un palan \u00e0 cha\u00eene plut\u00f4t qu'un palan \u00e0 c\u00e2ble\u00a0? | OMIS","isPartOf":{"@id":"https:\/\/www.omis.net\/it-it\/#website"},"datePublished":"2024-11-04T08:04:31+00:00","dateModified":"2024-11-05T07:43:21+00:00","description":"Le palan \u00e0 cha\u00eene est id\u00e9al pour soulever des charges l\u00e9g\u00e8res jusqu'\u00e0 5\u00a0000\u00a0kg et convient aux levages moins exigeants. Le palan \u00e0 c\u00e2ble est pr\u00e9f\u00e9rable pour les charges plus lourdes, car il offre plus de r\u00e9sistance, de fiabilit\u00e9 et de durabilit\u00e9. En savoir plus","breadcrumb":{"@id":"https:\/\/www.omis.net\/fr-fr\/faq\/pourquoi-choisir-un-palan-a-chaine-plutot-quun-palan-a-cable\/#breadcrumb"},"inLanguage":"fr-fr","potentialAction":[{"@type":"ReadAction","target":["https:\/\/www.omis.net\/fr-fr\/faq\/pourquoi-choisir-un-palan-a-chaine-plutot-quun-palan-a-cable\/"]}]},{"@type":"BreadcrumbList","@id":"https:\/\/www.omis.net\/fr-fr\/faq\/pourquoi-choisir-un-palan-a-chaine-plutot-quun-palan-a-cable\/#breadcrumb","itemListElement":[{"@type":"ListItem","position":1,"name":"Home","item":"https:\/\/www.omis.net\/fr-fr\/"},{"@type":"ListItem","position":2,"name":"Pourquoi choisir un palan \u00e0 cha\u00eene plut\u00f4t qu&#8217;un palan \u00e0 c\u00e2ble\u00a0?"}]},{"@type":"WebSite","@id":"https:\/\/www.omis.net\/it-it\/#website","url":"https:\/\/www.omis.net\/it-it\/","name":"Omis Spa","description":"Movimentazione e sollevamento","publisher":{"@id":"https:\/\/www.omis.net\/it-it\/#organization"},"potentialAction":[{"@type":"SearchAction","target":{"@type":"EntryPoint","urlTemplate":"https:\/\/www.omis.net\/it-it\/?s={search_term_string}"},"query-input":{"@type":"PropertyValueSpecification","valueRequired":true,"valueName":"search_term_string"}}],"inLanguage":"fr-fr"},{"@type":"Organization","@id":"https:\/\/www.omis.net\/it-it\/#organization","name":"Omis Spa","url":"https:\/\/www.omis.net\/it-it\/","logo":{"@type":"ImageObject","inLanguage":"fr-fr","@id":"https:\/\/www.omis.net\/it-it\/#\/schema\/logo\/image\/","url":"https:\/\/media.omis.net\/media\/2024\/08\/logo.jpg","contentUrl":"https:\/\/media.omis.net\/media\/2024\/08\/logo.jpg","width":300,"height":300,"caption":"Omis Spa"},"image":{"@id":"https:\/\/www.omis.net\/it-it\/#\/schema\/logo\/image\/"},"sameAs":["https:\/\/www.facebook.com\/omisgroup","https:\/\/www.linkedin.com\/company\/omis-group","https:\/\/www.youtube.com\/channel\/UCS4L59XDk3kKBI9MnjuxWDw","https:\/\/www.instagram.com\/omisgroup"]}]}},"_links":{"self":[{"href":"https:\/\/www.omis.net\/fr-fr\/wp-json\/wp\/v2\/faq\/4704"}],"collection":[{"href":"https:\/\/www.omis.net\/fr-fr\/wp-json\/wp\/v2\/faq"}],"about":[{"href":"https:\/\/www.omis.net\/fr-fr\/wp-json\/wp\/v2\/types\/faq"}],"wp:attachment":[{"href":"https:\/\/www.omis.net\/fr-fr\/wp-json\/wp\/v2\/media?parent=4704"}],"wp:term":[{"taxonomy":"argomento-faq","embeddable":true,"href":"https:\/\/www.omis.net\/fr-fr\/wp-json\/wp\/v2\/argomento-faq?post=4704"}],"curies":[{"name":"wp","href":"https:\/\/api.w.org\/{rel}","templated":true}]}}

Pourquoi choisir un palan à chaîne plutôt qu&#8217;un palan à câble ?

<p>Le palan à chaîne est idéal pour soulever des charges légères jusqu&#8217;à 5 000 kg, grâce à sa structure simple et basique. Avec une gestion de la vitesse de manutention moins polyvalente, il convient aux levages moins exigeants. En revanche, le palan à câble est préférable pour les charges plus lourdes, car il offre plus de résistance, de fiabilité et de durabilité.</p>

<p>Le palan à chaîne est idéal pour soulever des charges légères jusqu&#8217;à 5 000 kg, grâce à sa structure simple et basique. Avec une gestion de la vitesse de manutention moins polyvalente, il convient aux levages moins exigeants. En revanche, le palan à câble est préférable pour les charges plus lourdes, car il offre plus de résistance, [&hellip;]</p>

Pourquoi choisir un palan à chaîne plutôt qu'un palan à câble ? | OMIS

Le palan à chaîne est idéal pour soulever des charges légères jusqu'à 5 000 kg et convient aux levages moins exigeants. Le palan à câble est préférable pour les charges plus lourdes, car il offre plus de résistance, de fiabilité et de durabilité. En savoir plus

<!-- This site is optimized with the Yoast SEO plugin v23.9 - https://yoast.com/wordpress/plugins/seo/ -->
<title>Pourquoi choisir un palan à chaîne plutôt qu&#039;un palan à câble ? | OMIS</title>
<meta name="description" content="Le palan à chaîne est idéal pour soulever des charges légères jusqu&#039;à 5 000 kg et convient aux levages moins exigeants. Le palan à câble est préférable pour les charges plus lourdes, car il offre plus de résistance, de fiabilité et de durabilité. En savoir plus" />
<meta name="robots" content="index, follow, max-snippet:-1, max-image-preview:large, max-video-preview:-1" />
<meta property="og:locale" content="fr_FR" />
<meta property="og:type" content="article" />
<meta property="og:title" content="Pourquoi choisir un palan à chaîne plutôt qu&#039;un palan à câble ? | OMIS" />
<meta property="og:description" content="Le palan à chaîne est idéal pour soulever des charges légères jusqu&#039;à 5 000 kg et convient aux levages moins exigeants. Le palan à câble est préférable pour les charges plus lourdes, car il offre plus de résistance, de fiabilité et de durabilité. En savoir plus" />
<meta property="og:url" content="https://www.omis.net/fr-fr/faq/pourquoi-choisir-un-palan-a-chaine-plutot-quun-palan-a-cable/" />
<meta property="og:site_name" content="Omis Spa" />
<meta property="article:publisher" content="https://www.facebook.com/omisgroup" />
<meta property="article:modified_time" content="2024-11-05T07:43:21+00:00" />
<meta name="twitter:card" content="summary_large_image" />
<script type="application/ld+json" class="yoast-schema-graph">{"@context":"https://schema.org","@graph":[{"@type":["WebPage","FAQPage"],"@id":"https://www.omis.net/fr-fr/faq/pourquoi-choisir-un-palan-a-chaine-plutot-quun-palan-a-cable/","url":"https://www.omis.net/fr-fr/faq/pourquoi-choisir-un-palan-a-chaine-plutot-quun-palan-a-cable/","name":"Pourquoi choisir un palan à chaîne plutôt qu'un palan à câble ? | OMIS","isPartOf":{"@id":"https://www.omis.net/it-it/#website"},"datePublished":"2024-11-04T08:04:31+00:00","dateModified":"2024-11-05T07:43:21+00:00","description":"Le palan à chaîne est idéal pour soulever des charges légères jusqu'à 5 000 kg et convient aux levages moins exigeants. Le palan à câble est préférable pour les charges plus lourdes, car il offre plus de résistance, de fiabilité et de durabilité. En savoir plus","breadcrumb":{"@id":"https://www.omis.net/fr-fr/faq/pourquoi-choisir-un-palan-a-chaine-plutot-quun-palan-a-cable/#breadcrumb"},"inLanguage":"fr-fr","potentialAction":[{"@type":"ReadAction","target":["https://www.omis.net/fr-fr/faq/pourquoi-choisir-un-palan-a-chaine-plutot-quun-palan-a-cable/"]}]},{"@type":"BreadcrumbList","@id":"https://www.omis.net/fr-fr/faq/pourquoi-choisir-un-palan-a-chaine-plutot-quun-palan-a-cable/#breadcrumb","itemListElement":[{"@type":"ListItem","position":1,"name":"Home","item":"https://www.omis.net/fr-fr/"},{"@type":"ListItem","position":2,"name":"Pourquoi choisir un palan à chaîne plutôt qu&#8217;un palan à câble ?"}]},{"@type":"WebSite","@id":"https://www.omis.net/it-it/#website","url":"https://www.omis.net/it-it/","name":"Omis Spa","description":"Movimentazione e sollevamento","publisher":{"@id":"https://www.omis.net/it-it/#organization"},"potentialAction":[{"@type":"SearchAction","target":{"@type":"EntryPoint","urlTemplate":"https://www.omis.net/it-it/?s={search_term_string}"},"query-input":{"@type":"PropertyValueSpecification","valueRequired":true,"valueName":"search_term_string"}}],"inLanguage":"fr-fr"},{"@type":"Organization","@id":"https://www.omis.net/it-it/#organization","name":"Omis Spa","url":"https://www.omis.net/it-it/","logo":{"@type":"ImageObject","inLanguage":"fr-fr","@id":"https://www.omis.net/it-it/#/schema/logo/image/","url":"https://media.omis.net/media/2024/08/logo.jpg","contentUrl":"https://media.omis.net/media/2024/08/logo.jpg","width":300,"height":300,"caption":"Omis Spa"},"image":{"@id":"https://www.omis.net/it-it/#/schema/logo/image/"},"sameAs":["https://www.facebook.com/omisgroup","https://www.linkedin.com/company/omis-group","https://www.youtube.com/channel/UCS4L59XDk3kKBI9MnjuxWDw","https://www.instagram.com/omisgroup"]}]}</script>
<!-- / Yoast SEO plugin. -->
