{"id":4657,"date":"2024-11-04T08:58:30","date_gmt":"2024-11-04T07:58:30","guid":{"rendered":"http:\/\/bedrock.local\/faq\/qui-doit-demander-et-qui-doit-effectuer-le-controle-decennal-des-appareils-de-levage\/"},"modified":"2024-11-05T08:36:51","modified_gmt":"2024-11-05T07:36:51","slug":"qui-doit-demander-et-qui-doit-effectuer-le-controle-decennal-des-appareils-de-levage","status":"publish","type":"faq","link":"https:\/\/www.omis.net\/fr-fr\/faq\/qui-doit-demander-et-qui-doit-effectuer-le-controle-decennal-des-appareils-de-levage\/","title":{"rendered":"Qui doit demander et qui doit effectuer le contr\u00f4le d\u00e9cennal des appareils de levage\u00a0?"},"content":{"rendered":"<p>L&#8217;entreprise propri\u00e9taire de l&#8217;appareil de levage doit demander un contr\u00f4le d\u00e9cennal, effectu\u00e9 par du personnel exp\u00e9riment\u00e9, afin de d\u00e9tecter d&#8217;\u00e9ventuels d\u00e9fauts ou d\u00e9faillances apr\u00e8s plus de 20\u00a0ans d&#8217;utilisation de l&#8217;appareil. La certification est confi\u00e9e \u00e0 l&#8217;autorit\u00e9 territoriale comp\u00e9tente, l&#8217;ASL en Italie.<\/p>","protected":false},"excerpt":{"rendered":"<p>L&#8217;entreprise propri\u00e9taire de l&#8217;appareil de levage doit demander un contr\u00f4le d\u00e9cennal, effectu\u00e9 par du personnel exp\u00e9riment\u00e9, afin de d\u00e9tecter d&#8217;\u00e9ventuels d\u00e9fauts ou d\u00e9faillances apr\u00e8s plus de 20\u00a0ans d&#8217;utilisation de l&#8217;appareil. La certification est confi\u00e9e \u00e0 l&#8217;autorit\u00e9 territoriale comp\u00e9tente, l&#8217;ASL en Italie.<\/p>\n","protected":false},"featured_media":0,"parent":0,"template":"","argomento-faq":[578],"class_list":["post-4657","faq","type-faq","status-publish","hentry","argomento-faq-maintenance-et-entretien"],"acf":{"import_csv_id":"26","seo_title":"Qui demande et qui effectue le contr\u00f4le d\u00e9cennal des appareils de levage\u00a0? | OMIS","seo_description":"Le contr\u00f4le d\u00e9cennal des appareils de levage est obligatoire pour d\u00e9tecter les d\u00e9fauts potentiels apr\u00e8s 20\u00a0ans. L'entreprise propri\u00e9taire doit la demander \u00e0 l'autorit\u00e9 territoriale comp\u00e9tente, l'ASL en Italie. En savoir plus"},"yoast_head":"<!-- This site is optimized with the Yoast SEO plugin v23.9 - https:\/\/yoast.com\/wordpress\/plugins\/seo\/ -->\n<title>Qui demande et qui effectue le contr\u00f4le d\u00e9cennal des appareils de levage\u00a0? | OMIS<\/title>\n<meta name=\"description\" content=\"Le contr\u00f4le d\u00e9cennal des appareils de levage est obligatoire pour d\u00e9tecter les d\u00e9fauts potentiels apr\u00e8s 20\u00a0ans. L&#039;entreprise propri\u00e9taire doit la demander \u00e0 l&#039;autorit\u00e9 territoriale comp\u00e9tente, l&#039;ASL en Italie. En savoir plus\" \/>\n<meta name=\"robots\" content=\"index, follow, max-snippet:-1, max-image-preview:large, max-video-preview:-1\" \/>\n<meta property=\"og:locale\" content=\"fr_FR\" \/>\n<meta property=\"og:type\" content=\"article\" \/>\n<meta property=\"og:title\" content=\"Qui demande et qui effectue le contr\u00f4le d\u00e9cennal des appareils de levage\u00a0? | OMIS\" \/>\n<meta property=\"og:description\" content=\"Le contr\u00f4le d\u00e9cennal des appareils de levage est obligatoire pour d\u00e9tecter les d\u00e9fauts potentiels apr\u00e8s 20\u00a0ans. L&#039;entreprise propri\u00e9taire doit la demander \u00e0 l&#039;autorit\u00e9 territoriale comp\u00e9tente, l&#039;ASL en Italie. En savoir plus\" \/>\n<meta property=\"og:url\" content=\"https:\/\/www.omis.net\/fr-fr\/faq\/qui-doit-demander-et-qui-doit-effectuer-le-controle-decennal-des-appareils-de-levage\/\" \/>\n<meta property=\"og:site_name\" content=\"Omis Spa\" \/>\n<meta property=\"article:publisher\" content=\"https:\/\/www.facebook.com\/omisgroup\" \/>\n<meta property=\"article:modified_time\" content=\"2024-11-05T07:36:51+00:00\" \/>\n<meta name=\"twitter:card\" content=\"summary_large_image\" \/>\n<script type=\"application\/ld+json\" class=\"yoast-schema-graph\">{\"@context\":\"https:\/\/schema.org\",\"@graph\":[{\"@type\":[\"WebPage\",\"FAQPage\"],\"@id\":\"https:\/\/www.omis.net\/fr-fr\/faq\/qui-doit-demander-et-qui-doit-effectuer-le-controle-decennal-des-appareils-de-levage\/\",\"url\":\"https:\/\/www.omis.net\/fr-fr\/faq\/qui-doit-demander-et-qui-doit-effectuer-le-controle-decennal-des-appareils-de-levage\/\",\"name\":\"Qui demande et qui effectue le contr\u00f4le d\u00e9cennal des appareils de levage\u00a0? | OMIS\",\"isPartOf\":{\"@id\":\"https:\/\/www.omis.net\/it-it\/#website\"},\"datePublished\":\"2024-11-04T07:58:30+00:00\",\"dateModified\":\"2024-11-05T07:36:51+00:00\",\"description\":\"Le contr\u00f4le d\u00e9cennal des appareils de levage est obligatoire pour d\u00e9tecter les d\u00e9fauts potentiels apr\u00e8s 20\u00a0ans. L'entreprise propri\u00e9taire doit la demander \u00e0 l'autorit\u00e9 territoriale comp\u00e9tente, l'ASL en Italie. En savoir plus\",\"breadcrumb\":{\"@id\":\"https:\/\/www.omis.net\/fr-fr\/faq\/qui-doit-demander-et-qui-doit-effectuer-le-controle-decennal-des-appareils-de-levage\/#breadcrumb\"},\"inLanguage\":\"fr-fr\",\"potentialAction\":[{\"@type\":\"ReadAction\",\"target\":[\"https:\/\/www.omis.net\/fr-fr\/faq\/qui-doit-demander-et-qui-doit-effectuer-le-controle-decennal-des-appareils-de-levage\/\"]}]},{\"@type\":\"BreadcrumbList\",\"@id\":\"https:\/\/www.omis.net\/fr-fr\/faq\/qui-doit-demander-et-qui-doit-effectuer-le-controle-decennal-des-appareils-de-levage\/#breadcrumb\",\"itemListElement\":[{\"@type\":\"ListItem\",\"position\":1,\"name\":\"Home\",\"item\":\"https:\/\/www.omis.net\/fr-fr\/\"},{\"@type\":\"ListItem\",\"position\":2,\"name\":\"Qui doit demander et qui doit effectuer le contr\u00f4le d\u00e9cennal des appareils de levage\u00a0?\"}]},{\"@type\":\"WebSite\",\"@id\":\"https:\/\/www.omis.net\/it-it\/#website\",\"url\":\"https:\/\/www.omis.net\/it-it\/\",\"name\":\"Omis Spa\",\"description\":\"Movimentazione e sollevamento\",\"publisher\":{\"@id\":\"https:\/\/www.omis.net\/it-it\/#organization\"},\"potentialAction\":[{\"@type\":\"SearchAction\",\"target\":{\"@type\":\"EntryPoint\",\"urlTemplate\":\"https:\/\/www.omis.net\/it-it\/?s={search_term_string}\"},\"query-input\":{\"@type\":\"PropertyValueSpecification\",\"valueRequired\":true,\"valueName\":\"search_term_string\"}}],\"inLanguage\":\"fr-fr\"},{\"@type\":\"Organization\",\"@id\":\"https:\/\/www.omis.net\/it-it\/#organization\",\"name\":\"Omis Spa\",\"url\":\"https:\/\/www.omis.net\/it-it\/\",\"logo\":{\"@type\":\"ImageObject\",\"inLanguage\":\"fr-fr\",\"@id\":\"https:\/\/www.omis.net\/it-it\/#\/schema\/logo\/image\/\",\"url\":\"https:\/\/media.omis.net\/media\/2024\/08\/logo.jpg\",\"contentUrl\":\"https:\/\/media.omis.net\/media\/2024\/08\/logo.jpg\",\"width\":300,\"height\":300,\"caption\":\"Omis Spa\"},\"image\":{\"@id\":\"https:\/\/www.omis.net\/it-it\/#\/schema\/logo\/image\/\"},\"sameAs\":[\"https:\/\/www.facebook.com\/omisgroup\",\"https:\/\/www.linkedin.com\/company\/omis-group\",\"https:\/\/www.youtube.com\/channel\/UCS4L59XDk3kKBI9MnjuxWDw\",\"https:\/\/www.instagram.com\/omisgroup\"]}]}<\/script>\n<!-- \/ Yoast SEO plugin. -->","yoast_head_json":{"title":"Qui demande et qui effectue le contr\u00f4le d\u00e9cennal des appareils de levage\u00a0? | OMIS","description":"Le contr\u00f4le d\u00e9cennal des appareils de levage est obligatoire pour d\u00e9tecter les d\u00e9fauts potentiels apr\u00e8s 20\u00a0ans. L'entreprise propri\u00e9taire doit la demander \u00e0 l'autorit\u00e9 territoriale comp\u00e9tente, l'ASL en Italie. En savoir plus","robots":{"index":"index","follow":"follow","max-snippet":"max-snippet:-1","max-image-preview":"max-image-preview:large","max-video-preview":"max-video-preview:-1"},"og_locale":"fr_FR","og_type":"article","og_title":"Qui demande et qui effectue le contr\u00f4le d\u00e9cennal des appareils de levage\u00a0? | OMIS","og_description":"Le contr\u00f4le d\u00e9cennal des appareils de levage est obligatoire pour d\u00e9tecter les d\u00e9fauts potentiels apr\u00e8s 20\u00a0ans. L'entreprise propri\u00e9taire doit la demander \u00e0 l'autorit\u00e9 territoriale comp\u00e9tente, l'ASL en Italie. En savoir plus","og_url":"https:\/\/www.omis.net\/fr-fr\/faq\/qui-doit-demander-et-qui-doit-effectuer-le-controle-decennal-des-appareils-de-levage\/","og_site_name":"Omis Spa","article_publisher":"https:\/\/www.facebook.com\/omisgroup","article_modified_time":"2024-11-05T07:36:51+00:00","twitter_card":"summary_large_image","schema":{"@context":"https:\/\/schema.org","@graph":[{"@type":["WebPage","FAQPage"],"@id":"https:\/\/www.omis.net\/fr-fr\/faq\/qui-doit-demander-et-qui-doit-effectuer-le-controle-decennal-des-appareils-de-levage\/","url":"https:\/\/www.omis.net\/fr-fr\/faq\/qui-doit-demander-et-qui-doit-effectuer-le-controle-decennal-des-appareils-de-levage\/","name":"Qui demande et qui effectue le contr\u00f4le d\u00e9cennal des appareils de levage\u00a0? | OMIS","isPartOf":{"@id":"https:\/\/www.omis.net\/it-it\/#website"},"datePublished":"2024-11-04T07:58:30+00:00","dateModified":"2024-11-05T07:36:51+00:00","description":"Le contr\u00f4le d\u00e9cennal des appareils de levage est obligatoire pour d\u00e9tecter les d\u00e9fauts potentiels apr\u00e8s 20\u00a0ans. L'entreprise propri\u00e9taire doit la demander \u00e0 l'autorit\u00e9 territoriale comp\u00e9tente, l'ASL en Italie. En savoir plus","breadcrumb":{"@id":"https:\/\/www.omis.net\/fr-fr\/faq\/qui-doit-demander-et-qui-doit-effectuer-le-controle-decennal-des-appareils-de-levage\/#breadcrumb"},"inLanguage":"fr-fr","potentialAction":[{"@type":"ReadAction","target":["https:\/\/www.omis.net\/fr-fr\/faq\/qui-doit-demander-et-qui-doit-effectuer-le-controle-decennal-des-appareils-de-levage\/"]}]},{"@type":"BreadcrumbList","@id":"https:\/\/www.omis.net\/fr-fr\/faq\/qui-doit-demander-et-qui-doit-effectuer-le-controle-decennal-des-appareils-de-levage\/#breadcrumb","itemListElement":[{"@type":"ListItem","position":1,"name":"Home","item":"https:\/\/www.omis.net\/fr-fr\/"},{"@type":"ListItem","position":2,"name":"Qui doit demander et qui doit effectuer le contr\u00f4le d\u00e9cennal des appareils de levage\u00a0?"}]},{"@type":"WebSite","@id":"https:\/\/www.omis.net\/it-it\/#website","url":"https:\/\/www.omis.net\/it-it\/","name":"Omis Spa","description":"Movimentazione e sollevamento","publisher":{"@id":"https:\/\/www.omis.net\/it-it\/#organization"},"potentialAction":[{"@type":"SearchAction","target":{"@type":"EntryPoint","urlTemplate":"https:\/\/www.omis.net\/it-it\/?s={search_term_string}"},"query-input":{"@type":"PropertyValueSpecification","valueRequired":true,"valueName":"search_term_string"}}],"inLanguage":"fr-fr"},{"@type":"Organization","@id":"https:\/\/www.omis.net\/it-it\/#organization","name":"Omis Spa","url":"https:\/\/www.omis.net\/it-it\/","logo":{"@type":"ImageObject","inLanguage":"fr-fr","@id":"https:\/\/www.omis.net\/it-it\/#\/schema\/logo\/image\/","url":"https:\/\/media.omis.net\/media\/2024\/08\/logo.jpg","contentUrl":"https:\/\/media.omis.net\/media\/2024\/08\/logo.jpg","width":300,"height":300,"caption":"Omis Spa"},"image":{"@id":"https:\/\/www.omis.net\/it-it\/#\/schema\/logo\/image\/"},"sameAs":["https:\/\/www.facebook.com\/omisgroup","https:\/\/www.linkedin.com\/company\/omis-group","https:\/\/www.youtube.com\/channel\/UCS4L59XDk3kKBI9MnjuxWDw","https:\/\/www.instagram.com\/omisgroup"]}]}},"_links":{"self":[{"href":"https:\/\/www.omis.net\/fr-fr\/wp-json\/wp\/v2\/faq\/4657"}],"collection":[{"href":"https:\/\/www.omis.net\/fr-fr\/wp-json\/wp\/v2\/faq"}],"about":[{"href":"https:\/\/www.omis.net\/fr-fr\/wp-json\/wp\/v2\/types\/faq"}],"wp:attachment":[{"href":"https:\/\/www.omis.net\/fr-fr\/wp-json\/wp\/v2\/media?parent=4657"}],"wp:term":[{"taxonomy":"argomento-faq","embeddable":true,"href":"https:\/\/www.omis.net\/fr-fr\/wp-json\/wp\/v2\/argomento-faq?post=4657"}],"curies":[{"name":"wp","href":"https:\/\/api.w.org\/{rel}","templated":true}]}}

Qui doit demander et qui doit effectuer le contrôle décennal des appareils de levage ?

<p>L&#8217;entreprise propriétaire de l&#8217;appareil de levage doit demander un contrôle décennal, effectué par du personnel expérimenté, afin de détecter d&#8217;éventuels défauts ou défaillances après plus de 20 ans d&#8217;utilisation de l&#8217;appareil. La certification est confiée à l&#8217;autorité territoriale compétente, l&#8217;ASL en Italie.</p>

Qui demande et qui effectue le contrôle décennal des appareils de levage ? | OMIS

Le contrôle décennal des appareils de levage est obligatoire pour détecter les défauts potentiels après 20 ans. L'entreprise propriétaire doit la demander à l'autorité territoriale compétente, l'ASL en Italie. En savoir plus

<!-- This site is optimized with the Yoast SEO plugin v23.9 - https://yoast.com/wordpress/plugins/seo/ -->
<title>Qui demande et qui effectue le contrôle décennal des appareils de levage ? | OMIS</title>
<meta name="description" content="Le contrôle décennal des appareils de levage est obligatoire pour détecter les défauts potentiels après 20 ans. L&#039;entreprise propriétaire doit la demander à l&#039;autorité territoriale compétente, l&#039;ASL en Italie. En savoir plus" />
<meta name="robots" content="index, follow, max-snippet:-1, max-image-preview:large, max-video-preview:-1" />
<meta property="og:locale" content="fr_FR" />
<meta property="og:type" content="article" />
<meta property="og:title" content="Qui demande et qui effectue le contrôle décennal des appareils de levage ? | OMIS" />
<meta property="og:description" content="Le contrôle décennal des appareils de levage est obligatoire pour détecter les défauts potentiels après 20 ans. L&#039;entreprise propriétaire doit la demander à l&#039;autorité territoriale compétente, l&#039;ASL en Italie. En savoir plus" />
<meta property="og:url" content="https://www.omis.net/fr-fr/faq/qui-doit-demander-et-qui-doit-effectuer-le-controle-decennal-des-appareils-de-levage/" />
<meta property="og:site_name" content="Omis Spa" />
<meta property="article:publisher" content="https://www.facebook.com/omisgroup" />
<meta property="article:modified_time" content="2024-11-05T07:36:51+00:00" />
<meta name="twitter:card" content="summary_large_image" />
<script type="application/ld+json" class="yoast-schema-graph">{"@context":"https://schema.org","@graph":[{"@type":["WebPage","FAQPage"],"@id":"https://www.omis.net/fr-fr/faq/qui-doit-demander-et-qui-doit-effectuer-le-controle-decennal-des-appareils-de-levage/","url":"https://www.omis.net/fr-fr/faq/qui-doit-demander-et-qui-doit-effectuer-le-controle-decennal-des-appareils-de-levage/","name":"Qui demande et qui effectue le contrôle décennal des appareils de levage ? | OMIS","isPartOf":{"@id":"https://www.omis.net/it-it/#website"},"datePublished":"2024-11-04T07:58:30+00:00","dateModified":"2024-11-05T07:36:51+00:00","description":"Le contrôle décennal des appareils de levage est obligatoire pour détecter les défauts potentiels après 20 ans. L'entreprise propriétaire doit la demander à l'autorité territoriale compétente, l'ASL en Italie. En savoir plus","breadcrumb":{"@id":"https://www.omis.net/fr-fr/faq/qui-doit-demander-et-qui-doit-effectuer-le-controle-decennal-des-appareils-de-levage/#breadcrumb"},"inLanguage":"fr-fr","potentialAction":[{"@type":"ReadAction","target":["https://www.omis.net/fr-fr/faq/qui-doit-demander-et-qui-doit-effectuer-le-controle-decennal-des-appareils-de-levage/"]}]},{"@type":"BreadcrumbList","@id":"https://www.omis.net/fr-fr/faq/qui-doit-demander-et-qui-doit-effectuer-le-controle-decennal-des-appareils-de-levage/#breadcrumb","itemListElement":[{"@type":"ListItem","position":1,"name":"Home","item":"https://www.omis.net/fr-fr/"},{"@type":"ListItem","position":2,"name":"Qui doit demander et qui doit effectuer le contrôle décennal des appareils de levage ?"}]},{"@type":"WebSite","@id":"https://www.omis.net/it-it/#website","url":"https://www.omis.net/it-it/","name":"Omis Spa","description":"Movimentazione e sollevamento","publisher":{"@id":"https://www.omis.net/it-it/#organization"},"potentialAction":[{"@type":"SearchAction","target":{"@type":"EntryPoint","urlTemplate":"https://www.omis.net/it-it/?s={search_term_string}"},"query-input":{"@type":"PropertyValueSpecification","valueRequired":true,"valueName":"search_term_string"}}],"inLanguage":"fr-fr"},{"@type":"Organization","@id":"https://www.omis.net/it-it/#organization","name":"Omis Spa","url":"https://www.omis.net/it-it/","logo":{"@type":"ImageObject","inLanguage":"fr-fr","@id":"https://www.omis.net/it-it/#/schema/logo/image/","url":"https://media.omis.net/media/2024/08/logo.jpg","contentUrl":"https://media.omis.net/media/2024/08/logo.jpg","width":300,"height":300,"caption":"Omis Spa"},"image":{"@id":"https://www.omis.net/it-it/#/schema/logo/image/"},"sameAs":["https://www.facebook.com/omisgroup","https://www.linkedin.com/company/omis-group","https://www.youtube.com/channel/UCS4L59XDk3kKBI9MnjuxWDw","https://www.instagram.com/omisgroup"]}]}</script>
<!-- / Yoast SEO plugin. -->
