{"id":4648,"date":"2024-11-04T08:57:25","date_gmt":"2024-11-04T07:57:25","guid":{"rendered":"http:\/\/bedrock.local\/faq\/comment-planifier-efficacement-la-manutention-des-charges-aux-lieux-de-travail\/"},"modified":"2024-11-05T08:35:40","modified_gmt":"2024-11-05T07:35:40","slug":"comment-planifier-efficacement-la-manutention-des-charges-aux-lieux-de-travail","status":"publish","type":"faq","link":"https:\/\/www.omis.net\/fr-fr\/faq\/comment-planifier-efficacement-la-manutention-des-charges-aux-lieux-de-travail\/","title":{"rendered":"Comment planifier efficacement la manutention des charges aux lieux de travail\u00a0?"},"content":{"rendered":"<p>Pour une planification efficace, il est n\u00e9cessaire d&#8217;identifier les lieux de travail et de d\u00e9finir la trajectoire des d\u00e9placements pour relier strat\u00e9giquement les services, en utilisant des syst\u00e8mes de manutention d\u00e9di\u00e9s et toujours pr\u00eats \u00e0 l&#8217;emploi. En outre, il est important de prendre en compte les extensions possibles et les besoins futurs, en optant pour des syst\u00e8mes flexibles qui peuvent \u00e9voluer avec l&#8217;entreprise.<\/p>","protected":false},"excerpt":{"rendered":"<p>Pour une planification efficace, il est n\u00e9cessaire d&#8217;identifier les lieux de travail et de d\u00e9finir la trajectoire des d\u00e9placements pour relier strat\u00e9giquement les services, en utilisant des syst\u00e8mes de manutention d\u00e9di\u00e9s et toujours pr\u00eats \u00e0 l&#8217;emploi. En outre, il est important de prendre en compte les extensions possibles et les besoins futurs, en optant pour [&hellip;]<\/p>\n","protected":false},"featured_media":0,"parent":0,"template":"","argomento-faq":[577],"class_list":["post-4648","faq","type-faq","status-publish","hentry","argomento-faq-curiosite"],"acf":{"import_csv_id":"17","seo_title":"Comment planifier la manutention des charges aux lieux de travail\u00a0? | OMIS","seo_description":"Pour une planification efficace, il faut d\u00e9finir les lieux de travail et la trajectoire des d\u00e9placements, en utilisant des syst\u00e8mes de manutention toujours pr\u00eats \u00e0 l'emploi et en tenant compte des extensions possibles et des besoins futurs. En savoir plus"},"yoast_head":"<!-- This site is optimized with the Yoast SEO plugin v23.9 - https:\/\/yoast.com\/wordpress\/plugins\/seo\/ -->\n<title>Comment planifier la manutention des charges aux lieux de travail\u00a0? | OMIS<\/title>\n<meta name=\"description\" content=\"Pour une planification efficace, il faut d\u00e9finir les lieux de travail et la trajectoire des d\u00e9placements, en utilisant des syst\u00e8mes de manutention toujours pr\u00eats \u00e0 l&#039;emploi et en tenant compte des extensions possibles et des besoins futurs. En savoir plus\" \/>\n<meta name=\"robots\" content=\"index, follow, max-snippet:-1, max-image-preview:large, max-video-preview:-1\" \/>\n<meta property=\"og:locale\" content=\"fr_FR\" \/>\n<meta property=\"og:type\" content=\"article\" \/>\n<meta property=\"og:title\" content=\"Comment planifier la manutention des charges aux lieux de travail\u00a0? | OMIS\" \/>\n<meta property=\"og:description\" content=\"Pour une planification efficace, il faut d\u00e9finir les lieux de travail et la trajectoire des d\u00e9placements, en utilisant des syst\u00e8mes de manutention toujours pr\u00eats \u00e0 l&#039;emploi et en tenant compte des extensions possibles et des besoins futurs. En savoir plus\" \/>\n<meta property=\"og:url\" content=\"https:\/\/www.omis.net\/fr-fr\/faq\/comment-planifier-efficacement-la-manutention-des-charges-aux-lieux-de-travail\/\" \/>\n<meta property=\"og:site_name\" content=\"Omis Spa\" \/>\n<meta property=\"article:publisher\" content=\"https:\/\/www.facebook.com\/omisgroup\" \/>\n<meta property=\"article:modified_time\" content=\"2024-11-05T07:35:40+00:00\" \/>\n<meta name=\"twitter:card\" content=\"summary_large_image\" \/>\n<script type=\"application\/ld+json\" class=\"yoast-schema-graph\">{\"@context\":\"https:\/\/schema.org\",\"@graph\":[{\"@type\":[\"WebPage\",\"FAQPage\"],\"@id\":\"https:\/\/www.omis.net\/fr-fr\/faq\/comment-planifier-efficacement-la-manutention-des-charges-aux-lieux-de-travail\/\",\"url\":\"https:\/\/www.omis.net\/fr-fr\/faq\/comment-planifier-efficacement-la-manutention-des-charges-aux-lieux-de-travail\/\",\"name\":\"Comment planifier la manutention des charges aux lieux de travail\u00a0? | OMIS\",\"isPartOf\":{\"@id\":\"https:\/\/www.omis.net\/it-it\/#website\"},\"datePublished\":\"2024-11-04T07:57:25+00:00\",\"dateModified\":\"2024-11-05T07:35:40+00:00\",\"description\":\"Pour une planification efficace, il faut d\u00e9finir les lieux de travail et la trajectoire des d\u00e9placements, en utilisant des syst\u00e8mes de manutention toujours pr\u00eats \u00e0 l'emploi et en tenant compte des extensions possibles et des besoins futurs. En savoir plus\",\"breadcrumb\":{\"@id\":\"https:\/\/www.omis.net\/fr-fr\/faq\/comment-planifier-efficacement-la-manutention-des-charges-aux-lieux-de-travail\/#breadcrumb\"},\"inLanguage\":\"fr-fr\",\"potentialAction\":[{\"@type\":\"ReadAction\",\"target\":[\"https:\/\/www.omis.net\/fr-fr\/faq\/comment-planifier-efficacement-la-manutention-des-charges-aux-lieux-de-travail\/\"]}]},{\"@type\":\"BreadcrumbList\",\"@id\":\"https:\/\/www.omis.net\/fr-fr\/faq\/comment-planifier-efficacement-la-manutention-des-charges-aux-lieux-de-travail\/#breadcrumb\",\"itemListElement\":[{\"@type\":\"ListItem\",\"position\":1,\"name\":\"Home\",\"item\":\"https:\/\/www.omis.net\/fr-fr\/\"},{\"@type\":\"ListItem\",\"position\":2,\"name\":\"Comment planifier efficacement la manutention des charges aux lieux de travail\u00a0?\"}]},{\"@type\":\"WebSite\",\"@id\":\"https:\/\/www.omis.net\/it-it\/#website\",\"url\":\"https:\/\/www.omis.net\/it-it\/\",\"name\":\"Omis Spa\",\"description\":\"Movimentazione e sollevamento\",\"publisher\":{\"@id\":\"https:\/\/www.omis.net\/it-it\/#organization\"},\"potentialAction\":[{\"@type\":\"SearchAction\",\"target\":{\"@type\":\"EntryPoint\",\"urlTemplate\":\"https:\/\/www.omis.net\/it-it\/?s={search_term_string}\"},\"query-input\":{\"@type\":\"PropertyValueSpecification\",\"valueRequired\":true,\"valueName\":\"search_term_string\"}}],\"inLanguage\":\"fr-fr\"},{\"@type\":\"Organization\",\"@id\":\"https:\/\/www.omis.net\/it-it\/#organization\",\"name\":\"Omis Spa\",\"url\":\"https:\/\/www.omis.net\/it-it\/\",\"logo\":{\"@type\":\"ImageObject\",\"inLanguage\":\"fr-fr\",\"@id\":\"https:\/\/www.omis.net\/it-it\/#\/schema\/logo\/image\/\",\"url\":\"https:\/\/media.omis.net\/media\/2024\/08\/logo.jpg\",\"contentUrl\":\"https:\/\/media.omis.net\/media\/2024\/08\/logo.jpg\",\"width\":300,\"height\":300,\"caption\":\"Omis Spa\"},\"image\":{\"@id\":\"https:\/\/www.omis.net\/it-it\/#\/schema\/logo\/image\/\"},\"sameAs\":[\"https:\/\/www.facebook.com\/omisgroup\",\"https:\/\/www.linkedin.com\/company\/omis-group\",\"https:\/\/www.youtube.com\/channel\/UCS4L59XDk3kKBI9MnjuxWDw\",\"https:\/\/www.instagram.com\/omisgroup\"]}]}<\/script>\n<!-- \/ Yoast SEO plugin. -->","yoast_head_json":{"title":"Comment planifier la manutention des charges aux lieux de travail\u00a0? | OMIS","description":"Pour une planification efficace, il faut d\u00e9finir les lieux de travail et la trajectoire des d\u00e9placements, en utilisant des syst\u00e8mes de manutention toujours pr\u00eats \u00e0 l'emploi et en tenant compte des extensions possibles et des besoins futurs. En savoir plus","robots":{"index":"index","follow":"follow","max-snippet":"max-snippet:-1","max-image-preview":"max-image-preview:large","max-video-preview":"max-video-preview:-1"},"og_locale":"fr_FR","og_type":"article","og_title":"Comment planifier la manutention des charges aux lieux de travail\u00a0? | OMIS","og_description":"Pour une planification efficace, il faut d\u00e9finir les lieux de travail et la trajectoire des d\u00e9placements, en utilisant des syst\u00e8mes de manutention toujours pr\u00eats \u00e0 l'emploi et en tenant compte des extensions possibles et des besoins futurs. En savoir plus","og_url":"https:\/\/www.omis.net\/fr-fr\/faq\/comment-planifier-efficacement-la-manutention-des-charges-aux-lieux-de-travail\/","og_site_name":"Omis Spa","article_publisher":"https:\/\/www.facebook.com\/omisgroup","article_modified_time":"2024-11-05T07:35:40+00:00","twitter_card":"summary_large_image","schema":{"@context":"https:\/\/schema.org","@graph":[{"@type":["WebPage","FAQPage"],"@id":"https:\/\/www.omis.net\/fr-fr\/faq\/comment-planifier-efficacement-la-manutention-des-charges-aux-lieux-de-travail\/","url":"https:\/\/www.omis.net\/fr-fr\/faq\/comment-planifier-efficacement-la-manutention-des-charges-aux-lieux-de-travail\/","name":"Comment planifier la manutention des charges aux lieux de travail\u00a0? | OMIS","isPartOf":{"@id":"https:\/\/www.omis.net\/it-it\/#website"},"datePublished":"2024-11-04T07:57:25+00:00","dateModified":"2024-11-05T07:35:40+00:00","description":"Pour une planification efficace, il faut d\u00e9finir les lieux de travail et la trajectoire des d\u00e9placements, en utilisant des syst\u00e8mes de manutention toujours pr\u00eats \u00e0 l'emploi et en tenant compte des extensions possibles et des besoins futurs. En savoir plus","breadcrumb":{"@id":"https:\/\/www.omis.net\/fr-fr\/faq\/comment-planifier-efficacement-la-manutention-des-charges-aux-lieux-de-travail\/#breadcrumb"},"inLanguage":"fr-fr","potentialAction":[{"@type":"ReadAction","target":["https:\/\/www.omis.net\/fr-fr\/faq\/comment-planifier-efficacement-la-manutention-des-charges-aux-lieux-de-travail\/"]}]},{"@type":"BreadcrumbList","@id":"https:\/\/www.omis.net\/fr-fr\/faq\/comment-planifier-efficacement-la-manutention-des-charges-aux-lieux-de-travail\/#breadcrumb","itemListElement":[{"@type":"ListItem","position":1,"name":"Home","item":"https:\/\/www.omis.net\/fr-fr\/"},{"@type":"ListItem","position":2,"name":"Comment planifier efficacement la manutention des charges aux lieux de travail\u00a0?"}]},{"@type":"WebSite","@id":"https:\/\/www.omis.net\/it-it\/#website","url":"https:\/\/www.omis.net\/it-it\/","name":"Omis Spa","description":"Movimentazione e sollevamento","publisher":{"@id":"https:\/\/www.omis.net\/it-it\/#organization"},"potentialAction":[{"@type":"SearchAction","target":{"@type":"EntryPoint","urlTemplate":"https:\/\/www.omis.net\/it-it\/?s={search_term_string}"},"query-input":{"@type":"PropertyValueSpecification","valueRequired":true,"valueName":"search_term_string"}}],"inLanguage":"fr-fr"},{"@type":"Organization","@id":"https:\/\/www.omis.net\/it-it\/#organization","name":"Omis Spa","url":"https:\/\/www.omis.net\/it-it\/","logo":{"@type":"ImageObject","inLanguage":"fr-fr","@id":"https:\/\/www.omis.net\/it-it\/#\/schema\/logo\/image\/","url":"https:\/\/media.omis.net\/media\/2024\/08\/logo.jpg","contentUrl":"https:\/\/media.omis.net\/media\/2024\/08\/logo.jpg","width":300,"height":300,"caption":"Omis Spa"},"image":{"@id":"https:\/\/www.omis.net\/it-it\/#\/schema\/logo\/image\/"},"sameAs":["https:\/\/www.facebook.com\/omisgroup","https:\/\/www.linkedin.com\/company\/omis-group","https:\/\/www.youtube.com\/channel\/UCS4L59XDk3kKBI9MnjuxWDw","https:\/\/www.instagram.com\/omisgroup"]}]}},"_links":{"self":[{"href":"https:\/\/www.omis.net\/fr-fr\/wp-json\/wp\/v2\/faq\/4648"}],"collection":[{"href":"https:\/\/www.omis.net\/fr-fr\/wp-json\/wp\/v2\/faq"}],"about":[{"href":"https:\/\/www.omis.net\/fr-fr\/wp-json\/wp\/v2\/types\/faq"}],"wp:attachment":[{"href":"https:\/\/www.omis.net\/fr-fr\/wp-json\/wp\/v2\/media?parent=4648"}],"wp:term":[{"taxonomy":"argomento-faq","embeddable":true,"href":"https:\/\/www.omis.net\/fr-fr\/wp-json\/wp\/v2\/argomento-faq?post=4648"}],"curies":[{"name":"wp","href":"https:\/\/api.w.org\/{rel}","templated":true}]}}

<p>Pour une planification efficace, il est nécessaire d&#8217;identifier les lieux de travail et de définir la trajectoire des déplacements pour relier stratégiquement les services, en utilisant des systèmes de manutention dédiés et toujours prêts à l&#8217;emploi. En outre, il est important de prendre en compte les extensions possibles et les besoins futurs, en optant pour des systèmes flexibles qui peuvent évoluer avec l&#8217;entreprise.</p>

<p>Pour une planification efficace, il est nécessaire d&#8217;identifier les lieux de travail et de définir la trajectoire des déplacements pour relier stratégiquement les services, en utilisant des systèmes de manutention dédiés et toujours prêts à l&#8217;emploi. En outre, il est important de prendre en compte les extensions possibles et les besoins futurs, en optant pour [&hellip;]</p>

Pour une planification efficace, il faut définir les lieux de travail et la trajectoire des déplacements, en utilisant des systèmes de manutention toujours prêts à l'emploi et en tenant compte des extensions possibles et des besoins futurs. En savoir plus

<!-- This site is optimized with the Yoast SEO plugin v23.9 - https://yoast.com/wordpress/plugins/seo/ -->
<title>Comment planifier la manutention des charges aux lieux de travail ? | OMIS</title>
<meta name="description" content="Pour une planification efficace, il faut définir les lieux de travail et la trajectoire des déplacements, en utilisant des systèmes de manutention toujours prêts à l&#039;emploi et en tenant compte des extensions possibles et des besoins futurs. En savoir plus" />
<meta name="robots" content="index, follow, max-snippet:-1, max-image-preview:large, max-video-preview:-1" />
<meta property="og:locale" content="fr_FR" />
<meta property="og:type" content="article" />
<meta property="og:title" content="Comment planifier la manutention des charges aux lieux de travail ? | OMIS" />
<meta property="og:description" content="Pour une planification efficace, il faut définir les lieux de travail et la trajectoire des déplacements, en utilisant des systèmes de manutention toujours prêts à l&#039;emploi et en tenant compte des extensions possibles et des besoins futurs. En savoir plus" />
<meta property="og:url" content="https://www.omis.net/fr-fr/faq/comment-planifier-efficacement-la-manutention-des-charges-aux-lieux-de-travail/" />
<meta property="og:site_name" content="Omis Spa" />
<meta property="article:publisher" content="https://www.facebook.com/omisgroup" />
<meta property="article:modified_time" content="2024-11-05T07:35:40+00:00" />
<meta name="twitter:card" content="summary_large_image" />
<script type="application/ld+json" class="yoast-schema-graph">{"@context":"https://schema.org","@graph":[{"@type":["WebPage","FAQPage"],"@id":"https://www.omis.net/fr-fr/faq/comment-planifier-efficacement-la-manutention-des-charges-aux-lieux-de-travail/","url":"https://www.omis.net/fr-fr/faq/comment-planifier-efficacement-la-manutention-des-charges-aux-lieux-de-travail/","name":"Comment planifier la manutention des charges aux lieux de travail ? | OMIS","isPartOf":{"@id":"https://www.omis.net/it-it/#website"},"datePublished":"2024-11-04T07:57:25+00:00","dateModified":"2024-11-05T07:35:40+00:00","description":"Pour une planification efficace, il faut définir les lieux de travail et la trajectoire des déplacements, en utilisant des systèmes de manutention toujours prêts à l'emploi et en tenant compte des extensions possibles et des besoins futurs. En savoir plus","breadcrumb":{"@id":"https://www.omis.net/fr-fr/faq/comment-planifier-efficacement-la-manutention-des-charges-aux-lieux-de-travail/#breadcrumb"},"inLanguage":"fr-fr","potentialAction":[{"@type":"ReadAction","target":["https://www.omis.net/fr-fr/faq/comment-planifier-efficacement-la-manutention-des-charges-aux-lieux-de-travail/"]}]},{"@type":"BreadcrumbList","@id":"https://www.omis.net/fr-fr/faq/comment-planifier-efficacement-la-manutention-des-charges-aux-lieux-de-travail/#breadcrumb","itemListElement":[{"@type":"ListItem","position":1,"name":"Home","item":"https://www.omis.net/fr-fr/"},{"@type":"ListItem","position":2,"name":"Comment planifier efficacement la manutention des charges aux lieux de travail ?"}]},{"@type":"WebSite","@id":"https://www.omis.net/it-it/#website","url":"https://www.omis.net/it-it/","name":"Omis Spa","description":"Movimentazione e sollevamento","publisher":{"@id":"https://www.omis.net/it-it/#organization"},"potentialAction":[{"@type":"SearchAction","target":{"@type":"EntryPoint","urlTemplate":"https://www.omis.net/it-it/?s={search_term_string}"},"query-input":{"@type":"PropertyValueSpecification","valueRequired":true,"valueName":"search_term_string"}}],"inLanguage":"fr-fr"},{"@type":"Organization","@id":"https://www.omis.net/it-it/#organization","name":"Omis Spa","url":"https://www.omis.net/it-it/","logo":{"@type":"ImageObject","inLanguage":"fr-fr","@id":"https://www.omis.net/it-it/#/schema/logo/image/","url":"https://media.omis.net/media/2024/08/logo.jpg","contentUrl":"https://media.omis.net/media/2024/08/logo.jpg","width":300,"height":300,"caption":"Omis Spa"},"image":{"@id":"https://www.omis.net/it-it/#/schema/logo/image/"},"sameAs":["https://www.facebook.com/omisgroup","https://www.linkedin.com/company/omis-group","https://www.youtube.com/channel/UCS4L59XDk3kKBI9MnjuxWDw","https://www.instagram.com/omisgroup"]}]}</script>
<!-- / Yoast SEO plugin. -->
