{"id":6308,"date":"2024-04-03T12:38:13","date_gmt":"2024-04-03T10:38:13","guid":{"rendered":"http:\/\/bedrock.local\/born-to-lift\/nachhaltigkeit\/"},"modified":"2025-02-03T18:15:03","modified_gmt":"2025-02-03T17:15:03","slug":"nachhaltigkeit","status":"publish","type":"page","link":"https:\/\/www.omis.net\/de-de\/born-to-lift\/nachhaltigkeit\/","title":{"rendered":"Nachhaltigkeit"},"content":{"rendered":"","protected":false},"excerpt":{"rendered":"","protected":false},"author":2,"featured_media":0,"parent":5894,"menu_order":0,"comment_status":"closed","ping_status":"closed","template":"templates\/template-sostenibilita.php","meta":{"_acf_changed":false,"footnotes":""},"class_list":["post-6308","page","type-page","status-publish","hentry"],"acf":{"seo_title":"Nachhaltigkeit: Ressourcen, Ideen und Energien f\u00fcr eine bessere Zukunft. | OMIS ","seo_description":"OMIS engagiert sich f\u00fcr Nachhaltigkeit und Sicherheit und setzt sich f\u00fcr die Umwelt und das Wohlbefinden der Menschen ein. Unsere Kultur f\u00f6rdert Ethik, Vielfalt und Inklusion, macht das Handling schwerer Materialien sicherer und nachhaltiger und reduziert die \u00f6kologischen Auswirkungen unserer Aktivit\u00e4ten. "},"yoast_head":"<!-- This site is optimized with the Yoast SEO plugin v23.9 - https:\/\/yoast.com\/wordpress\/plugins\/seo\/ -->\n<title>Nachhaltigkeit: Ressourcen, Ideen und Energien f\u00fcr eine bessere Zukunft. | OMIS<\/title>\n<meta name=\"description\" content=\"OMIS engagiert sich f\u00fcr Nachhaltigkeit und Sicherheit und setzt sich f\u00fcr die Umwelt und das Wohlbefinden der Menschen ein. Unsere Kultur f\u00f6rdert Ethik, Vielfalt und Inklusion, macht das Handling schwerer Materialien sicherer und nachhaltiger und reduziert die \u00f6kologischen Auswirkungen unserer Aktivit\u00e4ten.\" \/>\n<meta name=\"robots\" content=\"index, follow, max-snippet:-1, max-image-preview:large, max-video-preview:-1\" \/>\n<meta property=\"og:locale\" content=\"de_DE\" \/>\n<meta property=\"og:type\" content=\"article\" \/>\n<meta property=\"og:title\" content=\"Nachhaltigkeit: Ressourcen, Ideen und Energien f\u00fcr eine bessere Zukunft. | OMIS\" \/>\n<meta property=\"og:description\" content=\"OMIS engagiert sich f\u00fcr Nachhaltigkeit und Sicherheit und setzt sich f\u00fcr die Umwelt und das Wohlbefinden der Menschen ein. Unsere Kultur f\u00f6rdert Ethik, Vielfalt und Inklusion, macht das Handling schwerer Materialien sicherer und nachhaltiger und reduziert die \u00f6kologischen Auswirkungen unserer Aktivit\u00e4ten.\" \/>\n<meta property=\"og:url\" content=\"https:\/\/www.omis.net\/de-de\/born-to-lift\/nachhaltigkeit\/\" \/>\n<meta property=\"og:site_name\" content=\"Omis Spa\" \/>\n<meta property=\"article:publisher\" content=\"https:\/\/www.facebook.com\/omisgroup\" \/>\n<meta property=\"article:modified_time\" content=\"2025-02-03T17:15:03+00:00\" \/>\n<meta name=\"twitter:card\" content=\"summary_large_image\" \/>\n<script type=\"application\/ld+json\" class=\"yoast-schema-graph\">{\"@context\":\"https:\/\/schema.org\",\"@graph\":[{\"@type\":\"WebPage\",\"@id\":\"https:\/\/www.omis.net\/de-de\/born-to-lift\/nachhaltigkeit\/\",\"url\":\"https:\/\/www.omis.net\/de-de\/born-to-lift\/nachhaltigkeit\/\",\"name\":\"Nachhaltigkeit: Ressourcen, Ideen und Energien f\u00fcr eine bessere Zukunft. | OMIS\",\"isPartOf\":{\"@id\":\"https:\/\/www.omis.net\/it-it\/#website\"},\"datePublished\":\"2024-04-03T10:38:13+00:00\",\"dateModified\":\"2025-02-03T17:15:03+00:00\",\"description\":\"OMIS engagiert sich f\u00fcr Nachhaltigkeit und Sicherheit und setzt sich f\u00fcr die Umwelt und das Wohlbefinden der Menschen ein. Unsere Kultur f\u00f6rdert Ethik, Vielfalt und Inklusion, macht das Handling schwerer Materialien sicherer und nachhaltiger und reduziert die \u00f6kologischen Auswirkungen unserer Aktivit\u00e4ten.\",\"breadcrumb\":{\"@id\":\"https:\/\/www.omis.net\/de-de\/born-to-lift\/nachhaltigkeit\/#breadcrumb\"},\"inLanguage\":\"de-de\",\"potentialAction\":[{\"@type\":\"ReadAction\",\"target\":[\"https:\/\/www.omis.net\/de-de\/born-to-lift\/nachhaltigkeit\/\"]}]},{\"@type\":\"BreadcrumbList\",\"@id\":\"https:\/\/www.omis.net\/de-de\/born-to-lift\/nachhaltigkeit\/#breadcrumb\",\"itemListElement\":[{\"@type\":\"ListItem\",\"position\":1,\"name\":\"Home\",\"item\":\"https:\/\/www.omis.net\/de-de\/homepage\/\"},{\"@type\":\"ListItem\",\"position\":2,\"name\":\"Born to lift\",\"item\":\"https:\/\/www.omis.net\/de-de\/born-to-lift\/\"},{\"@type\":\"ListItem\",\"position\":3,\"name\":\"Nachhaltigkeit\"}]},{\"@type\":\"WebSite\",\"@id\":\"https:\/\/www.omis.net\/it-it\/#website\",\"url\":\"https:\/\/www.omis.net\/it-it\/\",\"name\":\"Omis Spa\",\"description\":\"Movimentazione e sollevamento\",\"publisher\":{\"@id\":\"https:\/\/www.omis.net\/it-it\/#organization\"},\"potentialAction\":[{\"@type\":\"SearchAction\",\"target\":{\"@type\":\"EntryPoint\",\"urlTemplate\":\"https:\/\/www.omis.net\/it-it\/?s={search_term_string}\"},\"query-input\":{\"@type\":\"PropertyValueSpecification\",\"valueRequired\":true,\"valueName\":\"search_term_string\"}}],\"inLanguage\":\"de-de\"},{\"@type\":\"Organization\",\"@id\":\"https:\/\/www.omis.net\/it-it\/#organization\",\"name\":\"Omis Spa\",\"url\":\"https:\/\/www.omis.net\/it-it\/\",\"logo\":{\"@type\":\"ImageObject\",\"inLanguage\":\"de-de\",\"@id\":\"https:\/\/www.omis.net\/it-it\/#\/schema\/logo\/image\/\",\"url\":\"https:\/\/media.omis.net\/media\/2024\/08\/logo.jpg\",\"contentUrl\":\"https:\/\/media.omis.net\/media\/2024\/08\/logo.jpg\",\"width\":300,\"height\":300,\"caption\":\"Omis Spa\"},\"image\":{\"@id\":\"https:\/\/www.omis.net\/it-it\/#\/schema\/logo\/image\/\"},\"sameAs\":[\"https:\/\/www.facebook.com\/omisgroup\",\"https:\/\/www.linkedin.com\/company\/omis-group\",\"https:\/\/www.youtube.com\/channel\/UCS4L59XDk3kKBI9MnjuxWDw\",\"https:\/\/www.instagram.com\/omisgroup\"]}]}<\/script>\n<!-- \/ Yoast SEO plugin. -->","yoast_head_json":{"title":"Nachhaltigkeit: Ressourcen, Ideen und Energien f\u00fcr eine bessere Zukunft. | OMIS","description":"OMIS engagiert sich f\u00fcr Nachhaltigkeit und Sicherheit und setzt sich f\u00fcr die Umwelt und das Wohlbefinden der Menschen ein. Unsere Kultur f\u00f6rdert Ethik, Vielfalt und Inklusion, macht das Handling schwerer Materialien sicherer und nachhaltiger und reduziert die \u00f6kologischen Auswirkungen unserer Aktivit\u00e4ten.","robots":{"index":"index","follow":"follow","max-snippet":"max-snippet:-1","max-image-preview":"max-image-preview:large","max-video-preview":"max-video-preview:-1"},"og_locale":"de_DE","og_type":"article","og_title":"Nachhaltigkeit: Ressourcen, Ideen und Energien f\u00fcr eine bessere Zukunft. | OMIS","og_description":"OMIS engagiert sich f\u00fcr Nachhaltigkeit und Sicherheit und setzt sich f\u00fcr die Umwelt und das Wohlbefinden der Menschen ein. Unsere Kultur f\u00f6rdert Ethik, Vielfalt und Inklusion, macht das Handling schwerer Materialien sicherer und nachhaltiger und reduziert die \u00f6kologischen Auswirkungen unserer Aktivit\u00e4ten.","og_url":"https:\/\/www.omis.net\/de-de\/born-to-lift\/nachhaltigkeit\/","og_site_name":"Omis Spa","article_publisher":"https:\/\/www.facebook.com\/omisgroup","article_modified_time":"2025-02-03T17:15:03+00:00","twitter_card":"summary_large_image","schema":{"@context":"https:\/\/schema.org","@graph":[{"@type":"WebPage","@id":"https:\/\/www.omis.net\/de-de\/born-to-lift\/nachhaltigkeit\/","url":"https:\/\/www.omis.net\/de-de\/born-to-lift\/nachhaltigkeit\/","name":"Nachhaltigkeit: Ressourcen, Ideen und Energien f\u00fcr eine bessere Zukunft. | OMIS","isPartOf":{"@id":"https:\/\/www.omis.net\/it-it\/#website"},"datePublished":"2024-04-03T10:38:13+00:00","dateModified":"2025-02-03T17:15:03+00:00","description":"OMIS engagiert sich f\u00fcr Nachhaltigkeit und Sicherheit und setzt sich f\u00fcr die Umwelt und das Wohlbefinden der Menschen ein. Unsere Kultur f\u00f6rdert Ethik, Vielfalt und Inklusion, macht das Handling schwerer Materialien sicherer und nachhaltiger und reduziert die \u00f6kologischen Auswirkungen unserer Aktivit\u00e4ten.","breadcrumb":{"@id":"https:\/\/www.omis.net\/de-de\/born-to-lift\/nachhaltigkeit\/#breadcrumb"},"inLanguage":"de-de","potentialAction":[{"@type":"ReadAction","target":["https:\/\/www.omis.net\/de-de\/born-to-lift\/nachhaltigkeit\/"]}]},{"@type":"BreadcrumbList","@id":"https:\/\/www.omis.net\/de-de\/born-to-lift\/nachhaltigkeit\/#breadcrumb","itemListElement":[{"@type":"ListItem","position":1,"name":"Home","item":"https:\/\/www.omis.net\/de-de\/homepage\/"},{"@type":"ListItem","position":2,"name":"Born to lift","item":"https:\/\/www.omis.net\/de-de\/born-to-lift\/"},{"@type":"ListItem","position":3,"name":"Nachhaltigkeit"}]},{"@type":"WebSite","@id":"https:\/\/www.omis.net\/it-it\/#website","url":"https:\/\/www.omis.net\/it-it\/","name":"Omis Spa","description":"Movimentazione e sollevamento","publisher":{"@id":"https:\/\/www.omis.net\/it-it\/#organization"},"potentialAction":[{"@type":"SearchAction","target":{"@type":"EntryPoint","urlTemplate":"https:\/\/www.omis.net\/it-it\/?s={search_term_string}"},"query-input":{"@type":"PropertyValueSpecification","valueRequired":true,"valueName":"search_term_string"}}],"inLanguage":"de-de"},{"@type":"Organization","@id":"https:\/\/www.omis.net\/it-it\/#organization","name":"Omis Spa","url":"https:\/\/www.omis.net\/it-it\/","logo":{"@type":"ImageObject","inLanguage":"de-de","@id":"https:\/\/www.omis.net\/it-it\/#\/schema\/logo\/image\/","url":"https:\/\/media.omis.net\/media\/2024\/08\/logo.jpg","contentUrl":"https:\/\/media.omis.net\/media\/2024\/08\/logo.jpg","width":300,"height":300,"caption":"Omis Spa"},"image":{"@id":"https:\/\/www.omis.net\/it-it\/#\/schema\/logo\/image\/"},"sameAs":["https:\/\/www.facebook.com\/omisgroup","https:\/\/www.linkedin.com\/company\/omis-group","https:\/\/www.youtube.com\/channel\/UCS4L59XDk3kKBI9MnjuxWDw","https:\/\/www.instagram.com\/omisgroup"]}]}},"_links":{"self":[{"href":"https:\/\/www.omis.net\/de-de\/wp-json\/wp\/v2\/pages\/6308"}],"collection":[{"href":"https:\/\/www.omis.net\/de-de\/wp-json\/wp\/v2\/pages"}],"about":[{"href":"https:\/\/www.omis.net\/de-de\/wp-json\/wp\/v2\/types\/page"}],"author":[{"embeddable":true,"href":"https:\/\/www.omis.net\/de-de\/wp-json\/wp\/v2\/users\/2"}],"replies":[{"embeddable":true,"href":"https:\/\/www.omis.net\/de-de\/wp-json\/wp\/v2\/comments?post=6308"}],"version-history":[{"count":15,"href":"https:\/\/www.omis.net\/de-de\/wp-json\/wp\/v2\/pages\/6308\/revisions"}],"predecessor-version":[{"id":17172,"href":"https:\/\/www.omis.net\/de-de\/wp-json\/wp\/v2\/pages\/6308\/revisions\/17172"}],"up":[{"embeddable":true,"href":"https:\/\/www.omis.net\/de-de\/wp-json\/wp\/v2\/pages\/5894"}],"wp:attachment":[{"href":"https:\/\/www.omis.net\/de-de\/wp-json\/wp\/v2\/media?parent=6308"}],"curies":[{"name":"wp","href":"https:\/\/api.w.org\/{rel}","templated":true}]}}

Nachhaltigkeit: Ressourcen, Ideen und Energien für eine bessere Zukunft. | OMIS

OMIS engagiert sich für Nachhaltigkeit und Sicherheit und setzt sich für die Umwelt und das Wohlbefinden der Menschen ein. Unsere Kultur fördert Ethik, Vielfalt und Inklusion, macht das Handling schwerer Materialien sicherer und nachhaltiger und reduziert die ökologischen Auswirkungen unserer Aktivitäten.

<!-- This site is optimized with the Yoast SEO plugin v23.9 - https://yoast.com/wordpress/plugins/seo/ -->
<title>Nachhaltigkeit: Ressourcen, Ideen und Energien für eine bessere Zukunft. | OMIS</title>
<meta name="description" content="OMIS engagiert sich für Nachhaltigkeit und Sicherheit und setzt sich für die Umwelt und das Wohlbefinden der Menschen ein. Unsere Kultur fördert Ethik, Vielfalt und Inklusion, macht das Handling schwerer Materialien sicherer und nachhaltiger und reduziert die ökologischen Auswirkungen unserer Aktivitäten." />
<meta name="robots" content="index, follow, max-snippet:-1, max-image-preview:large, max-video-preview:-1" />
<meta property="og:locale" content="de_DE" />
<meta property="og:type" content="article" />
<meta property="og:title" content="Nachhaltigkeit: Ressourcen, Ideen und Energien für eine bessere Zukunft. | OMIS" />
<meta property="og:description" content="OMIS engagiert sich für Nachhaltigkeit und Sicherheit und setzt sich für die Umwelt und das Wohlbefinden der Menschen ein. Unsere Kultur fördert Ethik, Vielfalt und Inklusion, macht das Handling schwerer Materialien sicherer und nachhaltiger und reduziert die ökologischen Auswirkungen unserer Aktivitäten." />
<meta property="og:url" content="https://www.omis.net/de-de/born-to-lift/nachhaltigkeit/" />
<meta property="og:site_name" content="Omis Spa" />
<meta property="article:publisher" content="https://www.facebook.com/omisgroup" />
<meta property="article:modified_time" content="2025-02-03T17:15:03+00:00" />
<meta name="twitter:card" content="summary_large_image" />
<script type="application/ld+json" class="yoast-schema-graph">{"@context":"https://schema.org","@graph":[{"@type":"WebPage","@id":"https://www.omis.net/de-de/born-to-lift/nachhaltigkeit/","url":"https://www.omis.net/de-de/born-to-lift/nachhaltigkeit/","name":"Nachhaltigkeit: Ressourcen, Ideen und Energien für eine bessere Zukunft. | OMIS","isPartOf":{"@id":"https://www.omis.net/it-it/#website"},"datePublished":"2024-04-03T10:38:13+00:00","dateModified":"2025-02-03T17:15:03+00:00","description":"OMIS engagiert sich für Nachhaltigkeit und Sicherheit und setzt sich für die Umwelt und das Wohlbefinden der Menschen ein. Unsere Kultur fördert Ethik, Vielfalt und Inklusion, macht das Handling schwerer Materialien sicherer und nachhaltiger und reduziert die ökologischen Auswirkungen unserer Aktivitäten.","breadcrumb":{"@id":"https://www.omis.net/de-de/born-to-lift/nachhaltigkeit/#breadcrumb"},"inLanguage":"de-de","potentialAction":[{"@type":"ReadAction","target":["https://www.omis.net/de-de/born-to-lift/nachhaltigkeit/"]}]},{"@type":"BreadcrumbList","@id":"https://www.omis.net/de-de/born-to-lift/nachhaltigkeit/#breadcrumb","itemListElement":[{"@type":"ListItem","position":1,"name":"Home","item":"https://www.omis.net/de-de/homepage/"},{"@type":"ListItem","position":2,"name":"Born to lift","item":"https://www.omis.net/de-de/born-to-lift/"},{"@type":"ListItem","position":3,"name":"Nachhaltigkeit"}]},{"@type":"WebSite","@id":"https://www.omis.net/it-it/#website","url":"https://www.omis.net/it-it/","name":"Omis Spa","description":"Movimentazione e sollevamento","publisher":{"@id":"https://www.omis.net/it-it/#organization"},"potentialAction":[{"@type":"SearchAction","target":{"@type":"EntryPoint","urlTemplate":"https://www.omis.net/it-it/?s={search_term_string}"},"query-input":{"@type":"PropertyValueSpecification","valueRequired":true,"valueName":"search_term_string"}}],"inLanguage":"de-de"},{"@type":"Organization","@id":"https://www.omis.net/it-it/#organization","name":"Omis Spa","url":"https://www.omis.net/it-it/","logo":{"@type":"ImageObject","inLanguage":"de-de","@id":"https://www.omis.net/it-it/#/schema/logo/image/","url":"https://media.omis.net/media/2024/08/logo.jpg","contentUrl":"https://media.omis.net/media/2024/08/logo.jpg","width":300,"height":300,"caption":"Omis Spa"},"image":{"@id":"https://www.omis.net/it-it/#/schema/logo/image/"},"sameAs":["https://www.facebook.com/omisgroup","https://www.linkedin.com/company/omis-group","https://www.youtube.com/channel/UCS4L59XDk3kKBI9MnjuxWDw","https://www.instagram.com/omisgroup"]}]}</script>
<!-- / Yoast SEO plugin. -->
