{"id":4819,"date":"2024-11-04T08:58:44","date_gmt":"2024-11-04T07:58:44","guid":{"rendered":"http:\/\/bedrock.local\/faq\/wer-muss-die-vierteljahrliche-uberprufung-der-seileund-ketten-der-hebemittel-ausfuhren\/"},"modified":"2024-11-04T10:51:23","modified_gmt":"2024-11-04T09:51:23","slug":"wer-muss-die-vierteljahrliche-uberprufung-der-seileund-ketten-der-hebemittel-ausfuhren","status":"publish","type":"faq","link":"https:\/\/www.omis.net\/de-de\/faq\/wer-muss-die-vierteljahrliche-uberprufung-der-seileund-ketten-der-hebemittel-ausfuhren\/","title":{"rendered":"Wer muss die viertelj\u00e4hrliche \u00dcberpr\u00fcfung der Seile.und Ketten der Hebemittel ausf\u00fchren?"},"content":{"rendered":"<p>Die viertelj\u00e4hrliche \u00dcberpr\u00fcfung der Hebemittel ist vorgeschrieben und muss vom Eigent\u00fcmer ausgef\u00fchrt werden. Wenn das eigene Personal die notwendige Qualifizierung f\u00fcr diese \u00dcberpr\u00fcfung besitzt, bleibt die Verantwortung beim Unternehmen. Wird die Aufgabe an ein externes Unternehmen wie OMIS \u00fcbertragen, tr\u00e4gt letzteres die Verantwortung f\u00fcr die korrekte Ausf\u00fchrung und stellt auch eine entsprechende Erkl\u00e4rung aus.<\/p>","protected":false},"excerpt":{"rendered":"<p>Die viertelj\u00e4hrliche \u00dcberpr\u00fcfung der Hebemittel ist vorgeschrieben und muss vom Eigent\u00fcmer ausgef\u00fchrt werden. Wenn das eigene Personal die notwendige Qualifizierung f\u00fcr diese \u00dcberpr\u00fcfung besitzt, bleibt die Verantwortung beim Unternehmen. Wird die Aufgabe an ein externes Unternehmen wie OMIS \u00fcbertragen, tr\u00e4gt letzteres die Verantwortung f\u00fcr die korrekte Ausf\u00fchrung und stellt auch eine entsprechende Erkl\u00e4rung aus.<\/p>\n","protected":false},"featured_media":0,"parent":0,"template":"","argomento-faq":[589],"class_list":["post-4819","faq","type-faq","status-publish","hentry","argomento-faq-wartung-und-service"],"acf":{"import_csv_id":"28","seo_title":"Wer f\u00fchrt die viertelj\u00e4hrliche \u00dcberpr\u00fcfung der Seile und Ketten aus? | OMIS","seo_description":"Wenn das betriebseigene Personal die notwendige Qualifizierung f\u00fcr diese \u00dcberpr\u00fcfung besitzt, bleibt die Verantwortung beim Unternehmen. Wird die Aufgabe an ein externes Unternehmen wie OMIS \u00fcbertragen, tr\u00e4gt letzteres die Verantwortung f\u00fcr die korrekte Ausf\u00fchrung und stellt auch eine entsprechende Erkl\u00e4rung aus. Mehr erfahren."},"yoast_head":"<!-- This site is optimized with the Yoast SEO plugin v23.9 - https:\/\/yoast.com\/wordpress\/plugins\/seo\/ -->\n<title>Wer f\u00fchrt die viertelj\u00e4hrliche \u00dcberpr\u00fcfung der Seile und Ketten aus? | OMIS<\/title>\n<meta name=\"description\" content=\"Wenn das betriebseigene Personal die notwendige Qualifizierung f\u00fcr diese \u00dcberpr\u00fcfung besitzt, bleibt die Verantwortung beim Unternehmen. Wird die Aufgabe an ein externes Unternehmen wie OMIS \u00fcbertragen, tr\u00e4gt letzteres die Verantwortung f\u00fcr die korrekte Ausf\u00fchrung und stellt auch eine entsprechende Erkl\u00e4rung aus. Mehr erfahren.\" \/>\n<meta name=\"robots\" content=\"index, follow, max-snippet:-1, max-image-preview:large, max-video-preview:-1\" \/>\n<meta property=\"og:locale\" content=\"de_DE\" \/>\n<meta property=\"og:type\" content=\"article\" \/>\n<meta property=\"og:title\" content=\"Wer f\u00fchrt die viertelj\u00e4hrliche \u00dcberpr\u00fcfung der Seile und Ketten aus? | OMIS\" \/>\n<meta property=\"og:description\" content=\"Wenn das betriebseigene Personal die notwendige Qualifizierung f\u00fcr diese \u00dcberpr\u00fcfung besitzt, bleibt die Verantwortung beim Unternehmen. Wird die Aufgabe an ein externes Unternehmen wie OMIS \u00fcbertragen, tr\u00e4gt letzteres die Verantwortung f\u00fcr die korrekte Ausf\u00fchrung und stellt auch eine entsprechende Erkl\u00e4rung aus. Mehr erfahren.\" \/>\n<meta property=\"og:url\" content=\"https:\/\/www.omis.net\/de-de\/faq\/wer-muss-die-vierteljahrliche-uberprufung-der-seileund-ketten-der-hebemittel-ausfuhren\/\" \/>\n<meta property=\"og:site_name\" content=\"Omis Spa\" \/>\n<meta property=\"article:publisher\" content=\"https:\/\/www.facebook.com\/omisgroup\" \/>\n<meta property=\"article:modified_time\" content=\"2024-11-04T09:51:23+00:00\" \/>\n<meta name=\"twitter:card\" content=\"summary_large_image\" \/>\n<script type=\"application\/ld+json\" class=\"yoast-schema-graph\">{\"@context\":\"https:\/\/schema.org\",\"@graph\":[{\"@type\":[\"WebPage\",\"FAQPage\"],\"@id\":\"https:\/\/www.omis.net\/de-de\/faq\/wer-muss-die-vierteljahrliche-uberprufung-der-seileund-ketten-der-hebemittel-ausfuhren\/\",\"url\":\"https:\/\/www.omis.net\/de-de\/faq\/wer-muss-die-vierteljahrliche-uberprufung-der-seileund-ketten-der-hebemittel-ausfuhren\/\",\"name\":\"Wer f\u00fchrt die viertelj\u00e4hrliche \u00dcberpr\u00fcfung der Seile und Ketten aus? | OMIS\",\"isPartOf\":{\"@id\":\"https:\/\/www.omis.net\/it-it\/#website\"},\"datePublished\":\"2024-11-04T07:58:44+00:00\",\"dateModified\":\"2024-11-04T09:51:23+00:00\",\"description\":\"Wenn das betriebseigene Personal die notwendige Qualifizierung f\u00fcr diese \u00dcberpr\u00fcfung besitzt, bleibt die Verantwortung beim Unternehmen. Wird die Aufgabe an ein externes Unternehmen wie OMIS \u00fcbertragen, tr\u00e4gt letzteres die Verantwortung f\u00fcr die korrekte Ausf\u00fchrung und stellt auch eine entsprechende Erkl\u00e4rung aus. Mehr erfahren.\",\"breadcrumb\":{\"@id\":\"https:\/\/www.omis.net\/de-de\/faq\/wer-muss-die-vierteljahrliche-uberprufung-der-seileund-ketten-der-hebemittel-ausfuhren\/#breadcrumb\"},\"inLanguage\":\"de-de\",\"potentialAction\":[{\"@type\":\"ReadAction\",\"target\":[\"https:\/\/www.omis.net\/de-de\/faq\/wer-muss-die-vierteljahrliche-uberprufung-der-seileund-ketten-der-hebemittel-ausfuhren\/\"]}]},{\"@type\":\"BreadcrumbList\",\"@id\":\"https:\/\/www.omis.net\/de-de\/faq\/wer-muss-die-vierteljahrliche-uberprufung-der-seileund-ketten-der-hebemittel-ausfuhren\/#breadcrumb\",\"itemListElement\":[{\"@type\":\"ListItem\",\"position\":1,\"name\":\"Home\",\"item\":\"https:\/\/www.omis.net\/de-de\/homepage\/\"},{\"@type\":\"ListItem\",\"position\":2,\"name\":\"Wer muss die viertelj\u00e4hrliche \u00dcberpr\u00fcfung der Seile.und Ketten der Hebemittel ausf\u00fchren?\"}]},{\"@type\":\"WebSite\",\"@id\":\"https:\/\/www.omis.net\/it-it\/#website\",\"url\":\"https:\/\/www.omis.net\/it-it\/\",\"name\":\"Omis Spa\",\"description\":\"Movimentazione e sollevamento\",\"publisher\":{\"@id\":\"https:\/\/www.omis.net\/it-it\/#organization\"},\"potentialAction\":[{\"@type\":\"SearchAction\",\"target\":{\"@type\":\"EntryPoint\",\"urlTemplate\":\"https:\/\/www.omis.net\/it-it\/?s={search_term_string}\"},\"query-input\":{\"@type\":\"PropertyValueSpecification\",\"valueRequired\":true,\"valueName\":\"search_term_string\"}}],\"inLanguage\":\"de-de\"},{\"@type\":\"Organization\",\"@id\":\"https:\/\/www.omis.net\/it-it\/#organization\",\"name\":\"Omis Spa\",\"url\":\"https:\/\/www.omis.net\/it-it\/\",\"logo\":{\"@type\":\"ImageObject\",\"inLanguage\":\"de-de\",\"@id\":\"https:\/\/www.omis.net\/it-it\/#\/schema\/logo\/image\/\",\"url\":\"https:\/\/media.omis.net\/media\/2024\/08\/logo.jpg\",\"contentUrl\":\"https:\/\/media.omis.net\/media\/2024\/08\/logo.jpg\",\"width\":300,\"height\":300,\"caption\":\"Omis Spa\"},\"image\":{\"@id\":\"https:\/\/www.omis.net\/it-it\/#\/schema\/logo\/image\/\"},\"sameAs\":[\"https:\/\/www.facebook.com\/omisgroup\",\"https:\/\/www.linkedin.com\/company\/omis-group\",\"https:\/\/www.youtube.com\/channel\/UCS4L59XDk3kKBI9MnjuxWDw\",\"https:\/\/www.instagram.com\/omisgroup\"]}]}<\/script>\n<!-- \/ Yoast SEO plugin. -->","yoast_head_json":{"title":"Wer f\u00fchrt die viertelj\u00e4hrliche \u00dcberpr\u00fcfung der Seile und Ketten aus? | OMIS","description":"Wenn das betriebseigene Personal die notwendige Qualifizierung f\u00fcr diese \u00dcberpr\u00fcfung besitzt, bleibt die Verantwortung beim Unternehmen. Wird die Aufgabe an ein externes Unternehmen wie OMIS \u00fcbertragen, tr\u00e4gt letzteres die Verantwortung f\u00fcr die korrekte Ausf\u00fchrung und stellt auch eine entsprechende Erkl\u00e4rung aus. Mehr erfahren.","robots":{"index":"index","follow":"follow","max-snippet":"max-snippet:-1","max-image-preview":"max-image-preview:large","max-video-preview":"max-video-preview:-1"},"og_locale":"de_DE","og_type":"article","og_title":"Wer f\u00fchrt die viertelj\u00e4hrliche \u00dcberpr\u00fcfung der Seile und Ketten aus? | OMIS","og_description":"Wenn das betriebseigene Personal die notwendige Qualifizierung f\u00fcr diese \u00dcberpr\u00fcfung besitzt, bleibt die Verantwortung beim Unternehmen. Wird die Aufgabe an ein externes Unternehmen wie OMIS \u00fcbertragen, tr\u00e4gt letzteres die Verantwortung f\u00fcr die korrekte Ausf\u00fchrung und stellt auch eine entsprechende Erkl\u00e4rung aus. Mehr erfahren.","og_url":"https:\/\/www.omis.net\/de-de\/faq\/wer-muss-die-vierteljahrliche-uberprufung-der-seileund-ketten-der-hebemittel-ausfuhren\/","og_site_name":"Omis Spa","article_publisher":"https:\/\/www.facebook.com\/omisgroup","article_modified_time":"2024-11-04T09:51:23+00:00","twitter_card":"summary_large_image","schema":{"@context":"https:\/\/schema.org","@graph":[{"@type":["WebPage","FAQPage"],"@id":"https:\/\/www.omis.net\/de-de\/faq\/wer-muss-die-vierteljahrliche-uberprufung-der-seileund-ketten-der-hebemittel-ausfuhren\/","url":"https:\/\/www.omis.net\/de-de\/faq\/wer-muss-die-vierteljahrliche-uberprufung-der-seileund-ketten-der-hebemittel-ausfuhren\/","name":"Wer f\u00fchrt die viertelj\u00e4hrliche \u00dcberpr\u00fcfung der Seile und Ketten aus? | OMIS","isPartOf":{"@id":"https:\/\/www.omis.net\/it-it\/#website"},"datePublished":"2024-11-04T07:58:44+00:00","dateModified":"2024-11-04T09:51:23+00:00","description":"Wenn das betriebseigene Personal die notwendige Qualifizierung f\u00fcr diese \u00dcberpr\u00fcfung besitzt, bleibt die Verantwortung beim Unternehmen. Wird die Aufgabe an ein externes Unternehmen wie OMIS \u00fcbertragen, tr\u00e4gt letzteres die Verantwortung f\u00fcr die korrekte Ausf\u00fchrung und stellt auch eine entsprechende Erkl\u00e4rung aus. Mehr erfahren.","breadcrumb":{"@id":"https:\/\/www.omis.net\/de-de\/faq\/wer-muss-die-vierteljahrliche-uberprufung-der-seileund-ketten-der-hebemittel-ausfuhren\/#breadcrumb"},"inLanguage":"de-de","potentialAction":[{"@type":"ReadAction","target":["https:\/\/www.omis.net\/de-de\/faq\/wer-muss-die-vierteljahrliche-uberprufung-der-seileund-ketten-der-hebemittel-ausfuhren\/"]}]},{"@type":"BreadcrumbList","@id":"https:\/\/www.omis.net\/de-de\/faq\/wer-muss-die-vierteljahrliche-uberprufung-der-seileund-ketten-der-hebemittel-ausfuhren\/#breadcrumb","itemListElement":[{"@type":"ListItem","position":1,"name":"Home","item":"https:\/\/www.omis.net\/de-de\/homepage\/"},{"@type":"ListItem","position":2,"name":"Wer muss die viertelj\u00e4hrliche \u00dcberpr\u00fcfung der Seile.und Ketten der Hebemittel ausf\u00fchren?"}]},{"@type":"WebSite","@id":"https:\/\/www.omis.net\/it-it\/#website","url":"https:\/\/www.omis.net\/it-it\/","name":"Omis Spa","description":"Movimentazione e sollevamento","publisher":{"@id":"https:\/\/www.omis.net\/it-it\/#organization"},"potentialAction":[{"@type":"SearchAction","target":{"@type":"EntryPoint","urlTemplate":"https:\/\/www.omis.net\/it-it\/?s={search_term_string}"},"query-input":{"@type":"PropertyValueSpecification","valueRequired":true,"valueName":"search_term_string"}}],"inLanguage":"de-de"},{"@type":"Organization","@id":"https:\/\/www.omis.net\/it-it\/#organization","name":"Omis Spa","url":"https:\/\/www.omis.net\/it-it\/","logo":{"@type":"ImageObject","inLanguage":"de-de","@id":"https:\/\/www.omis.net\/it-it\/#\/schema\/logo\/image\/","url":"https:\/\/media.omis.net\/media\/2024\/08\/logo.jpg","contentUrl":"https:\/\/media.omis.net\/media\/2024\/08\/logo.jpg","width":300,"height":300,"caption":"Omis Spa"},"image":{"@id":"https:\/\/www.omis.net\/it-it\/#\/schema\/logo\/image\/"},"sameAs":["https:\/\/www.facebook.com\/omisgroup","https:\/\/www.linkedin.com\/company\/omis-group","https:\/\/www.youtube.com\/channel\/UCS4L59XDk3kKBI9MnjuxWDw","https:\/\/www.instagram.com\/omisgroup"]}]}},"_links":{"self":[{"href":"https:\/\/www.omis.net\/de-de\/wp-json\/wp\/v2\/faq\/4819"}],"collection":[{"href":"https:\/\/www.omis.net\/de-de\/wp-json\/wp\/v2\/faq"}],"about":[{"href":"https:\/\/www.omis.net\/de-de\/wp-json\/wp\/v2\/types\/faq"}],"wp:attachment":[{"href":"https:\/\/www.omis.net\/de-de\/wp-json\/wp\/v2\/media?parent=4819"}],"wp:term":[{"taxonomy":"argomento-faq","embeddable":true,"href":"https:\/\/www.omis.net\/de-de\/wp-json\/wp\/v2\/argomento-faq?post=4819"}],"curies":[{"name":"wp","href":"https:\/\/api.w.org\/{rel}","templated":true}]}}

Wer muss die vierteljährliche Überprüfung der Seile.und Ketten der Hebemittel ausführen?

<p>Die vierteljährliche Überprüfung der Hebemittel ist vorgeschrieben und muss vom Eigentümer ausgeführt werden. Wenn das eigene Personal die notwendige Qualifizierung für diese Überprüfung besitzt, bleibt die Verantwortung beim Unternehmen. Wird die Aufgabe an ein externes Unternehmen wie OMIS übertragen, trägt letzteres die Verantwortung für die korrekte Ausführung und stellt auch eine entsprechende Erklärung aus.</p>

Wer führt die vierteljährliche Überprüfung der Seile und Ketten aus? | OMIS

Wenn das betriebseigene Personal die notwendige Qualifizierung für diese Überprüfung besitzt, bleibt die Verantwortung beim Unternehmen. Wird die Aufgabe an ein externes Unternehmen wie OMIS übertragen, trägt letzteres die Verantwortung für die korrekte Ausführung und stellt auch eine entsprechende Erklärung aus. Mehr erfahren.

<!-- This site is optimized with the Yoast SEO plugin v23.9 - https://yoast.com/wordpress/plugins/seo/ -->
<title>Wer führt die vierteljährliche Überprüfung der Seile und Ketten aus? | OMIS</title>
<meta name="description" content="Wenn das betriebseigene Personal die notwendige Qualifizierung für diese Überprüfung besitzt, bleibt die Verantwortung beim Unternehmen. Wird die Aufgabe an ein externes Unternehmen wie OMIS übertragen, trägt letzteres die Verantwortung für die korrekte Ausführung und stellt auch eine entsprechende Erklärung aus. Mehr erfahren." />
<meta name="robots" content="index, follow, max-snippet:-1, max-image-preview:large, max-video-preview:-1" />
<meta property="og:locale" content="de_DE" />
<meta property="og:type" content="article" />
<meta property="og:title" content="Wer führt die vierteljährliche Überprüfung der Seile und Ketten aus? | OMIS" />
<meta property="og:description" content="Wenn das betriebseigene Personal die notwendige Qualifizierung für diese Überprüfung besitzt, bleibt die Verantwortung beim Unternehmen. Wird die Aufgabe an ein externes Unternehmen wie OMIS übertragen, trägt letzteres die Verantwortung für die korrekte Ausführung und stellt auch eine entsprechende Erklärung aus. Mehr erfahren." />
<meta property="og:url" content="https://www.omis.net/de-de/faq/wer-muss-die-vierteljahrliche-uberprufung-der-seileund-ketten-der-hebemittel-ausfuhren/" />
<meta property="og:site_name" content="Omis Spa" />
<meta property="article:publisher" content="https://www.facebook.com/omisgroup" />
<meta property="article:modified_time" content="2024-11-04T09:51:23+00:00" />
<meta name="twitter:card" content="summary_large_image" />
<script type="application/ld+json" class="yoast-schema-graph">{"@context":"https://schema.org","@graph":[{"@type":["WebPage","FAQPage"],"@id":"https://www.omis.net/de-de/faq/wer-muss-die-vierteljahrliche-uberprufung-der-seileund-ketten-der-hebemittel-ausfuhren/","url":"https://www.omis.net/de-de/faq/wer-muss-die-vierteljahrliche-uberprufung-der-seileund-ketten-der-hebemittel-ausfuhren/","name":"Wer führt die vierteljährliche Überprüfung der Seile und Ketten aus? | OMIS","isPartOf":{"@id":"https://www.omis.net/it-it/#website"},"datePublished":"2024-11-04T07:58:44+00:00","dateModified":"2024-11-04T09:51:23+00:00","description":"Wenn das betriebseigene Personal die notwendige Qualifizierung für diese Überprüfung besitzt, bleibt die Verantwortung beim Unternehmen. Wird die Aufgabe an ein externes Unternehmen wie OMIS übertragen, trägt letzteres die Verantwortung für die korrekte Ausführung und stellt auch eine entsprechende Erklärung aus. Mehr erfahren.","breadcrumb":{"@id":"https://www.omis.net/de-de/faq/wer-muss-die-vierteljahrliche-uberprufung-der-seileund-ketten-der-hebemittel-ausfuhren/#breadcrumb"},"inLanguage":"de-de","potentialAction":[{"@type":"ReadAction","target":["https://www.omis.net/de-de/faq/wer-muss-die-vierteljahrliche-uberprufung-der-seileund-ketten-der-hebemittel-ausfuhren/"]}]},{"@type":"BreadcrumbList","@id":"https://www.omis.net/de-de/faq/wer-muss-die-vierteljahrliche-uberprufung-der-seileund-ketten-der-hebemittel-ausfuhren/#breadcrumb","itemListElement":[{"@type":"ListItem","position":1,"name":"Home","item":"https://www.omis.net/de-de/homepage/"},{"@type":"ListItem","position":2,"name":"Wer muss die vierteljährliche Überprüfung der Seile.und Ketten der Hebemittel ausführen?"}]},{"@type":"WebSite","@id":"https://www.omis.net/it-it/#website","url":"https://www.omis.net/it-it/","name":"Omis Spa","description":"Movimentazione e sollevamento","publisher":{"@id":"https://www.omis.net/it-it/#organization"},"potentialAction":[{"@type":"SearchAction","target":{"@type":"EntryPoint","urlTemplate":"https://www.omis.net/it-it/?s={search_term_string}"},"query-input":{"@type":"PropertyValueSpecification","valueRequired":true,"valueName":"search_term_string"}}],"inLanguage":"de-de"},{"@type":"Organization","@id":"https://www.omis.net/it-it/#organization","name":"Omis Spa","url":"https://www.omis.net/it-it/","logo":{"@type":"ImageObject","inLanguage":"de-de","@id":"https://www.omis.net/it-it/#/schema/logo/image/","url":"https://media.omis.net/media/2024/08/logo.jpg","contentUrl":"https://media.omis.net/media/2024/08/logo.jpg","width":300,"height":300,"caption":"Omis Spa"},"image":{"@id":"https://www.omis.net/it-it/#/schema/logo/image/"},"sameAs":["https://www.facebook.com/omisgroup","https://www.linkedin.com/company/omis-group","https://www.youtube.com/channel/UCS4L59XDk3kKBI9MnjuxWDw","https://www.instagram.com/omisgroup"]}]}</script>
<!-- / Yoast SEO plugin. -->
