{"id":4798,"date":"2024-11-04T08:55:58","date_gmt":"2024-11-04T07:55:58","guid":{"rendered":"http:\/\/bedrock.local\/faq\/aus-welchem-grund-ist-es-nicht-moglich-gleichzeitig-sowohl-die-steuerflasche-als-auch-die-funkfernsteuerung-zu-benutzen\/"},"modified":"2024-11-04T10:48:55","modified_gmt":"2024-11-04T09:48:55","slug":"aus-welchem-grund-ist-es-nicht-moglich-gleichzeitig-sowohl-die-steuerflasche-als-auch-die-funkfernsteuerung-zu-benutzen","status":"publish","type":"faq","link":"https:\/\/www.omis.net\/de-de\/faq\/aus-welchem-grund-ist-es-nicht-moglich-gleichzeitig-sowohl-die-steuerflasche-als-auch-die-funkfernsteuerung-zu-benutzen\/","title":{"rendered":"Aus welchem Grund ist es nicht m\u00f6glich, gleichzeitig sowohl die Steuerflasche als auch die Funkfernsteuerung zu benutzen?"},"content":{"rendered":"<p>Der Gebrauch eines der Ger\u00e4te schlie\u00dft das andere automatisch aus, um sichere und konfliktfreie Bedienungen zu gew\u00e4hrleisten. Diese Beschr\u00e4nkung hat sicherheitsrelevante Gr\u00fcnde, sie vermeidet Konflikte, die den Betrieb der Krananlage beeintr\u00e4chtigen k\u00f6nnten.<\/p>","protected":false},"excerpt":{"rendered":"<p>Der Gebrauch eines der Ger\u00e4te schlie\u00dft das andere automatisch aus, um sichere und konfliktfreie Bedienungen zu gew\u00e4hrleisten. Diese Beschr\u00e4nkung hat sicherheitsrelevante Gr\u00fcnde, sie vermeidet Konflikte, die den Betrieb der Krananlage beeintr\u00e4chtigen k\u00f6nnten.<\/p>\n","protected":false},"featured_media":0,"parent":0,"template":"","argomento-faq":[590],"class_list":["post-4798","faq","type-faq","status-publish","hentry","argomento-faq-brueckenkran"],"acf":{"import_csv_id":"7","seo_title":"Warum ist es nicht m\u00f6glich, gleichzeitig die Steuerflasche und die Funkfernsteuerung zu benutzen? | OMIS","seo_description":"Der Gebrauch eines der Ger\u00e4te schlie\u00dft das andere automatisch aus. OMIS verwendet exklusive Sicherheitsvorrichtungen, um Konflikte bei den Hebevorg\u00e4ngen zu vermeiden und stets ein H\u00f6chstma\u00df an Sicherheit zu gew\u00e4hrleisten. Mehr erfahren."},"yoast_head":"<!-- This site is optimized with the Yoast SEO plugin v23.9 - https:\/\/yoast.com\/wordpress\/plugins\/seo\/ -->\n<title>Warum ist es nicht m\u00f6glich, gleichzeitig die Steuerflasche und die Funkfernsteuerung zu benutzen? | OMIS<\/title>\n<meta name=\"description\" content=\"Der Gebrauch eines der Ger\u00e4te schlie\u00dft das andere automatisch aus. OMIS verwendet exklusive Sicherheitsvorrichtungen, um Konflikte bei den Hebevorg\u00e4ngen zu vermeiden und stets ein H\u00f6chstma\u00df an Sicherheit zu gew\u00e4hrleisten. Mehr erfahren.\" \/>\n<meta name=\"robots\" content=\"index, follow, max-snippet:-1, max-image-preview:large, max-video-preview:-1\" \/>\n<meta property=\"og:locale\" content=\"de_DE\" \/>\n<meta property=\"og:type\" content=\"article\" \/>\n<meta property=\"og:title\" content=\"Warum ist es nicht m\u00f6glich, gleichzeitig die Steuerflasche und die Funkfernsteuerung zu benutzen? | OMIS\" \/>\n<meta property=\"og:description\" content=\"Der Gebrauch eines der Ger\u00e4te schlie\u00dft das andere automatisch aus. OMIS verwendet exklusive Sicherheitsvorrichtungen, um Konflikte bei den Hebevorg\u00e4ngen zu vermeiden und stets ein H\u00f6chstma\u00df an Sicherheit zu gew\u00e4hrleisten. Mehr erfahren.\" \/>\n<meta property=\"og:url\" content=\"https:\/\/www.omis.net\/de-de\/faq\/aus-welchem-grund-ist-es-nicht-moglich-gleichzeitig-sowohl-die-steuerflasche-als-auch-die-funkfernsteuerung-zu-benutzen\/\" \/>\n<meta property=\"og:site_name\" content=\"Omis Spa\" \/>\n<meta property=\"article:publisher\" content=\"https:\/\/www.facebook.com\/omisgroup\" \/>\n<meta property=\"article:modified_time\" content=\"2024-11-04T09:48:55+00:00\" \/>\n<meta name=\"twitter:card\" content=\"summary_large_image\" \/>\n<script type=\"application\/ld+json\" class=\"yoast-schema-graph\">{\"@context\":\"https:\/\/schema.org\",\"@graph\":[{\"@type\":[\"WebPage\",\"FAQPage\"],\"@id\":\"https:\/\/www.omis.net\/de-de\/faq\/aus-welchem-grund-ist-es-nicht-moglich-gleichzeitig-sowohl-die-steuerflasche-als-auch-die-funkfernsteuerung-zu-benutzen\/\",\"url\":\"https:\/\/www.omis.net\/de-de\/faq\/aus-welchem-grund-ist-es-nicht-moglich-gleichzeitig-sowohl-die-steuerflasche-als-auch-die-funkfernsteuerung-zu-benutzen\/\",\"name\":\"Warum ist es nicht m\u00f6glich, gleichzeitig die Steuerflasche und die Funkfernsteuerung zu benutzen? | OMIS\",\"isPartOf\":{\"@id\":\"https:\/\/www.omis.net\/it-it\/#website\"},\"datePublished\":\"2024-11-04T07:55:58+00:00\",\"dateModified\":\"2024-11-04T09:48:55+00:00\",\"description\":\"Der Gebrauch eines der Ger\u00e4te schlie\u00dft das andere automatisch aus. OMIS verwendet exklusive Sicherheitsvorrichtungen, um Konflikte bei den Hebevorg\u00e4ngen zu vermeiden und stets ein H\u00f6chstma\u00df an Sicherheit zu gew\u00e4hrleisten. Mehr erfahren.\",\"breadcrumb\":{\"@id\":\"https:\/\/www.omis.net\/de-de\/faq\/aus-welchem-grund-ist-es-nicht-moglich-gleichzeitig-sowohl-die-steuerflasche-als-auch-die-funkfernsteuerung-zu-benutzen\/#breadcrumb\"},\"inLanguage\":\"de-de\",\"potentialAction\":[{\"@type\":\"ReadAction\",\"target\":[\"https:\/\/www.omis.net\/de-de\/faq\/aus-welchem-grund-ist-es-nicht-moglich-gleichzeitig-sowohl-die-steuerflasche-als-auch-die-funkfernsteuerung-zu-benutzen\/\"]}]},{\"@type\":\"BreadcrumbList\",\"@id\":\"https:\/\/www.omis.net\/de-de\/faq\/aus-welchem-grund-ist-es-nicht-moglich-gleichzeitig-sowohl-die-steuerflasche-als-auch-die-funkfernsteuerung-zu-benutzen\/#breadcrumb\",\"itemListElement\":[{\"@type\":\"ListItem\",\"position\":1,\"name\":\"Home\",\"item\":\"https:\/\/www.omis.net\/de-de\/homepage\/\"},{\"@type\":\"ListItem\",\"position\":2,\"name\":\"Aus welchem Grund ist es nicht m\u00f6glich, gleichzeitig sowohl die Steuerflasche als auch die Funkfernsteuerung zu benutzen?\"}]},{\"@type\":\"WebSite\",\"@id\":\"https:\/\/www.omis.net\/it-it\/#website\",\"url\":\"https:\/\/www.omis.net\/it-it\/\",\"name\":\"Omis Spa\",\"description\":\"Movimentazione e sollevamento\",\"publisher\":{\"@id\":\"https:\/\/www.omis.net\/it-it\/#organization\"},\"potentialAction\":[{\"@type\":\"SearchAction\",\"target\":{\"@type\":\"EntryPoint\",\"urlTemplate\":\"https:\/\/www.omis.net\/it-it\/?s={search_term_string}\"},\"query-input\":{\"@type\":\"PropertyValueSpecification\",\"valueRequired\":true,\"valueName\":\"search_term_string\"}}],\"inLanguage\":\"de-de\"},{\"@type\":\"Organization\",\"@id\":\"https:\/\/www.omis.net\/it-it\/#organization\",\"name\":\"Omis Spa\",\"url\":\"https:\/\/www.omis.net\/it-it\/\",\"logo\":{\"@type\":\"ImageObject\",\"inLanguage\":\"de-de\",\"@id\":\"https:\/\/www.omis.net\/it-it\/#\/schema\/logo\/image\/\",\"url\":\"https:\/\/media.omis.net\/media\/2024\/08\/logo.jpg\",\"contentUrl\":\"https:\/\/media.omis.net\/media\/2024\/08\/logo.jpg\",\"width\":300,\"height\":300,\"caption\":\"Omis Spa\"},\"image\":{\"@id\":\"https:\/\/www.omis.net\/it-it\/#\/schema\/logo\/image\/\"},\"sameAs\":[\"https:\/\/www.facebook.com\/omisgroup\",\"https:\/\/www.linkedin.com\/company\/omis-group\",\"https:\/\/www.youtube.com\/channel\/UCS4L59XDk3kKBI9MnjuxWDw\",\"https:\/\/www.instagram.com\/omisgroup\"]}]}<\/script>\n<!-- \/ Yoast SEO plugin. -->","yoast_head_json":{"title":"Warum ist es nicht m\u00f6glich, gleichzeitig die Steuerflasche und die Funkfernsteuerung zu benutzen? | OMIS","description":"Der Gebrauch eines der Ger\u00e4te schlie\u00dft das andere automatisch aus. OMIS verwendet exklusive Sicherheitsvorrichtungen, um Konflikte bei den Hebevorg\u00e4ngen zu vermeiden und stets ein H\u00f6chstma\u00df an Sicherheit zu gew\u00e4hrleisten. Mehr erfahren.","robots":{"index":"index","follow":"follow","max-snippet":"max-snippet:-1","max-image-preview":"max-image-preview:large","max-video-preview":"max-video-preview:-1"},"og_locale":"de_DE","og_type":"article","og_title":"Warum ist es nicht m\u00f6glich, gleichzeitig die Steuerflasche und die Funkfernsteuerung zu benutzen? | OMIS","og_description":"Der Gebrauch eines der Ger\u00e4te schlie\u00dft das andere automatisch aus. OMIS verwendet exklusive Sicherheitsvorrichtungen, um Konflikte bei den Hebevorg\u00e4ngen zu vermeiden und stets ein H\u00f6chstma\u00df an Sicherheit zu gew\u00e4hrleisten. Mehr erfahren.","og_url":"https:\/\/www.omis.net\/de-de\/faq\/aus-welchem-grund-ist-es-nicht-moglich-gleichzeitig-sowohl-die-steuerflasche-als-auch-die-funkfernsteuerung-zu-benutzen\/","og_site_name":"Omis Spa","article_publisher":"https:\/\/www.facebook.com\/omisgroup","article_modified_time":"2024-11-04T09:48:55+00:00","twitter_card":"summary_large_image","schema":{"@context":"https:\/\/schema.org","@graph":[{"@type":["WebPage","FAQPage"],"@id":"https:\/\/www.omis.net\/de-de\/faq\/aus-welchem-grund-ist-es-nicht-moglich-gleichzeitig-sowohl-die-steuerflasche-als-auch-die-funkfernsteuerung-zu-benutzen\/","url":"https:\/\/www.omis.net\/de-de\/faq\/aus-welchem-grund-ist-es-nicht-moglich-gleichzeitig-sowohl-die-steuerflasche-als-auch-die-funkfernsteuerung-zu-benutzen\/","name":"Warum ist es nicht m\u00f6glich, gleichzeitig die Steuerflasche und die Funkfernsteuerung zu benutzen? | OMIS","isPartOf":{"@id":"https:\/\/www.omis.net\/it-it\/#website"},"datePublished":"2024-11-04T07:55:58+00:00","dateModified":"2024-11-04T09:48:55+00:00","description":"Der Gebrauch eines der Ger\u00e4te schlie\u00dft das andere automatisch aus. OMIS verwendet exklusive Sicherheitsvorrichtungen, um Konflikte bei den Hebevorg\u00e4ngen zu vermeiden und stets ein H\u00f6chstma\u00df an Sicherheit zu gew\u00e4hrleisten. Mehr erfahren.","breadcrumb":{"@id":"https:\/\/www.omis.net\/de-de\/faq\/aus-welchem-grund-ist-es-nicht-moglich-gleichzeitig-sowohl-die-steuerflasche-als-auch-die-funkfernsteuerung-zu-benutzen\/#breadcrumb"},"inLanguage":"de-de","potentialAction":[{"@type":"ReadAction","target":["https:\/\/www.omis.net\/de-de\/faq\/aus-welchem-grund-ist-es-nicht-moglich-gleichzeitig-sowohl-die-steuerflasche-als-auch-die-funkfernsteuerung-zu-benutzen\/"]}]},{"@type":"BreadcrumbList","@id":"https:\/\/www.omis.net\/de-de\/faq\/aus-welchem-grund-ist-es-nicht-moglich-gleichzeitig-sowohl-die-steuerflasche-als-auch-die-funkfernsteuerung-zu-benutzen\/#breadcrumb","itemListElement":[{"@type":"ListItem","position":1,"name":"Home","item":"https:\/\/www.omis.net\/de-de\/homepage\/"},{"@type":"ListItem","position":2,"name":"Aus welchem Grund ist es nicht m\u00f6glich, gleichzeitig sowohl die Steuerflasche als auch die Funkfernsteuerung zu benutzen?"}]},{"@type":"WebSite","@id":"https:\/\/www.omis.net\/it-it\/#website","url":"https:\/\/www.omis.net\/it-it\/","name":"Omis Spa","description":"Movimentazione e sollevamento","publisher":{"@id":"https:\/\/www.omis.net\/it-it\/#organization"},"potentialAction":[{"@type":"SearchAction","target":{"@type":"EntryPoint","urlTemplate":"https:\/\/www.omis.net\/it-it\/?s={search_term_string}"},"query-input":{"@type":"PropertyValueSpecification","valueRequired":true,"valueName":"search_term_string"}}],"inLanguage":"de-de"},{"@type":"Organization","@id":"https:\/\/www.omis.net\/it-it\/#organization","name":"Omis Spa","url":"https:\/\/www.omis.net\/it-it\/","logo":{"@type":"ImageObject","inLanguage":"de-de","@id":"https:\/\/www.omis.net\/it-it\/#\/schema\/logo\/image\/","url":"https:\/\/media.omis.net\/media\/2024\/08\/logo.jpg","contentUrl":"https:\/\/media.omis.net\/media\/2024\/08\/logo.jpg","width":300,"height":300,"caption":"Omis Spa"},"image":{"@id":"https:\/\/www.omis.net\/it-it\/#\/schema\/logo\/image\/"},"sameAs":["https:\/\/www.facebook.com\/omisgroup","https:\/\/www.linkedin.com\/company\/omis-group","https:\/\/www.youtube.com\/channel\/UCS4L59XDk3kKBI9MnjuxWDw","https:\/\/www.instagram.com\/omisgroup"]}]}},"_links":{"self":[{"href":"https:\/\/www.omis.net\/de-de\/wp-json\/wp\/v2\/faq\/4798"}],"collection":[{"href":"https:\/\/www.omis.net\/de-de\/wp-json\/wp\/v2\/faq"}],"about":[{"href":"https:\/\/www.omis.net\/de-de\/wp-json\/wp\/v2\/types\/faq"}],"wp:attachment":[{"href":"https:\/\/www.omis.net\/de-de\/wp-json\/wp\/v2\/media?parent=4798"}],"wp:term":[{"taxonomy":"argomento-faq","embeddable":true,"href":"https:\/\/www.omis.net\/de-de\/wp-json\/wp\/v2\/argomento-faq?post=4798"}],"curies":[{"name":"wp","href":"https:\/\/api.w.org\/{rel}","templated":true}]}}

Aus welchem Grund ist es nicht möglich, gleichzeitig sowohl die Steuerflasche als auch die Funkfernsteuerung zu benutzen?

<p>Der Gebrauch eines der Geräte schließt das andere automatisch aus, um sichere und konfliktfreie Bedienungen zu gewährleisten. Diese Beschränkung hat sicherheitsrelevante Gründe, sie vermeidet Konflikte, die den Betrieb der Krananlage beeinträchtigen könnten.</p>

Warum ist es nicht möglich, gleichzeitig die Steuerflasche und die Funkfernsteuerung zu benutzen? | OMIS

Der Gebrauch eines der Geräte schließt das andere automatisch aus. OMIS verwendet exklusive Sicherheitsvorrichtungen, um Konflikte bei den Hebevorgängen zu vermeiden und stets ein Höchstmaß an Sicherheit zu gewährleisten. Mehr erfahren.

<!-- This site is optimized with the Yoast SEO plugin v23.9 - https://yoast.com/wordpress/plugins/seo/ -->
<title>Warum ist es nicht möglich, gleichzeitig die Steuerflasche und die Funkfernsteuerung zu benutzen? | OMIS</title>
<meta name="description" content="Der Gebrauch eines der Geräte schließt das andere automatisch aus. OMIS verwendet exklusive Sicherheitsvorrichtungen, um Konflikte bei den Hebevorgängen zu vermeiden und stets ein Höchstmaß an Sicherheit zu gewährleisten. Mehr erfahren." />
<meta name="robots" content="index, follow, max-snippet:-1, max-image-preview:large, max-video-preview:-1" />
<meta property="og:locale" content="de_DE" />
<meta property="og:type" content="article" />
<meta property="og:title" content="Warum ist es nicht möglich, gleichzeitig die Steuerflasche und die Funkfernsteuerung zu benutzen? | OMIS" />
<meta property="og:description" content="Der Gebrauch eines der Geräte schließt das andere automatisch aus. OMIS verwendet exklusive Sicherheitsvorrichtungen, um Konflikte bei den Hebevorgängen zu vermeiden und stets ein Höchstmaß an Sicherheit zu gewährleisten. Mehr erfahren." />
<meta property="og:url" content="https://www.omis.net/de-de/faq/aus-welchem-grund-ist-es-nicht-moglich-gleichzeitig-sowohl-die-steuerflasche-als-auch-die-funkfernsteuerung-zu-benutzen/" />
<meta property="og:site_name" content="Omis Spa" />
<meta property="article:publisher" content="https://www.facebook.com/omisgroup" />
<meta property="article:modified_time" content="2024-11-04T09:48:55+00:00" />
<meta name="twitter:card" content="summary_large_image" />
<script type="application/ld+json" class="yoast-schema-graph">{"@context":"https://schema.org","@graph":[{"@type":["WebPage","FAQPage"],"@id":"https://www.omis.net/de-de/faq/aus-welchem-grund-ist-es-nicht-moglich-gleichzeitig-sowohl-die-steuerflasche-als-auch-die-funkfernsteuerung-zu-benutzen/","url":"https://www.omis.net/de-de/faq/aus-welchem-grund-ist-es-nicht-moglich-gleichzeitig-sowohl-die-steuerflasche-als-auch-die-funkfernsteuerung-zu-benutzen/","name":"Warum ist es nicht möglich, gleichzeitig die Steuerflasche und die Funkfernsteuerung zu benutzen? | OMIS","isPartOf":{"@id":"https://www.omis.net/it-it/#website"},"datePublished":"2024-11-04T07:55:58+00:00","dateModified":"2024-11-04T09:48:55+00:00","description":"Der Gebrauch eines der Geräte schließt das andere automatisch aus. OMIS verwendet exklusive Sicherheitsvorrichtungen, um Konflikte bei den Hebevorgängen zu vermeiden und stets ein Höchstmaß an Sicherheit zu gewährleisten. Mehr erfahren.","breadcrumb":{"@id":"https://www.omis.net/de-de/faq/aus-welchem-grund-ist-es-nicht-moglich-gleichzeitig-sowohl-die-steuerflasche-als-auch-die-funkfernsteuerung-zu-benutzen/#breadcrumb"},"inLanguage":"de-de","potentialAction":[{"@type":"ReadAction","target":["https://www.omis.net/de-de/faq/aus-welchem-grund-ist-es-nicht-moglich-gleichzeitig-sowohl-die-steuerflasche-als-auch-die-funkfernsteuerung-zu-benutzen/"]}]},{"@type":"BreadcrumbList","@id":"https://www.omis.net/de-de/faq/aus-welchem-grund-ist-es-nicht-moglich-gleichzeitig-sowohl-die-steuerflasche-als-auch-die-funkfernsteuerung-zu-benutzen/#breadcrumb","itemListElement":[{"@type":"ListItem","position":1,"name":"Home","item":"https://www.omis.net/de-de/homepage/"},{"@type":"ListItem","position":2,"name":"Aus welchem Grund ist es nicht möglich, gleichzeitig sowohl die Steuerflasche als auch die Funkfernsteuerung zu benutzen?"}]},{"@type":"WebSite","@id":"https://www.omis.net/it-it/#website","url":"https://www.omis.net/it-it/","name":"Omis Spa","description":"Movimentazione e sollevamento","publisher":{"@id":"https://www.omis.net/it-it/#organization"},"potentialAction":[{"@type":"SearchAction","target":{"@type":"EntryPoint","urlTemplate":"https://www.omis.net/it-it/?s={search_term_string}"},"query-input":{"@type":"PropertyValueSpecification","valueRequired":true,"valueName":"search_term_string"}}],"inLanguage":"de-de"},{"@type":"Organization","@id":"https://www.omis.net/it-it/#organization","name":"Omis Spa","url":"https://www.omis.net/it-it/","logo":{"@type":"ImageObject","inLanguage":"de-de","@id":"https://www.omis.net/it-it/#/schema/logo/image/","url":"https://media.omis.net/media/2024/08/logo.jpg","contentUrl":"https://media.omis.net/media/2024/08/logo.jpg","width":300,"height":300,"caption":"Omis Spa"},"image":{"@id":"https://www.omis.net/it-it/#/schema/logo/image/"},"sameAs":["https://www.facebook.com/omisgroup","https://www.linkedin.com/company/omis-group","https://www.youtube.com/channel/UCS4L59XDk3kKBI9MnjuxWDw","https://www.instagram.com/omisgroup"]}]}</script>
<!-- / Yoast SEO plugin. -->
